{"id":12662,"date":"2022-07-05T15:47:18","date_gmt":"2022-07-05T14:47:18","guid":{"rendered":"https:\/\/www.meettheredbaron.com\/event\/condolence-letter-to-gerhard-bohme-brother-of-erwin-bohme\/"},"modified":"2025-06-22T12:49:49","modified_gmt":"2025-06-22T11:49:49","slug":"condolence-letter-to-gerhard-bohme-brother-of-erwin-bohme","status":"publish","type":"event","link":"https:\/\/www.meettheredbaron.com\/nl\/event\/condolence-letter-to-gerhard-bohme-brother-of-erwin-bohme\/","title":{"rendered":"Condoleancebrief aan Gerhard B\u00f6hme, broer van Erwin B\u00f6hme"},"content":{"rendered":"\n<p>&#8220;Ik heb zojuist het pijnlijke nieuws ontvangen van het overlijden van uw broer. In oorlog wordt men hard en standvastig, maar deze klap raakt mij recht in het hart. U weet zelf hoe hecht de vriendschap tussen uw broer en mij was.<\/p>\n\n\n\n<p>Op de laatste middag voor zijn dood bezocht hij mij hier in Avesnes le Sec, mijn nieuwe vliegveld \u2013 vol vreugde over de ontwikkeling van onze geliefde oude Jagdstaffel B\u00f6lcke, die dankzij hem weer tot zijn oude hoogten was teruggekeerd.<\/p>\n\n\n\n<p>Nu zijn beiden verenigd in Walhalla: uw voortreffelijke broer en zijn grote meester, aan wie hij van ons allen het dichtst stond.<\/p>\n\n\n\n<p>Kom me snel bezoeken, beste Herr B\u00f6hme, zodat we samen kunnen nadenken over de verloren broer en vriend.&#8221;<\/p>\n","protected":false},"comment_status":"open","ping_status":"closed","template":"","event-type":[237],"source-language":[227],"source-id-tax":[280],"class_list":["post-12662","event","type-event","status-publish","hentry","event-type-mvr-correspondance-nl","source-language-engels","source-id-tax-richthofen-beyond-the-legend-of-the-red-baron-peter-kilduff-arms-and-armour-1993-nl","entry","no-media"],"yoast_head":"<!-- This site is optimized with the Yoast SEO plugin v26.7 - https:\/\/yoast.com\/wordpress\/plugins\/seo\/ -->\n<title>Condoleancebrief aan Gerhard B\u00f6hme, broer van Erwin B\u00f6hme - Meet The Red Baron<\/title>\n<meta name=\"description\" content=\"Condolence letter to Gerhard B\u00f6hme, brother of Erwin B\u00f6hme. I have just received the painful news of the death of your brother.\" \/>\n<meta name=\"robots\" content=\"index, follow, max-snippet:-1, max-image-preview:large, max-video-preview:-1\" \/>\n<link rel=\"canonical\" href=\"https:\/\/www.meettheredbaron.com\/nl\/event\/condolence-letter-to-gerhard-bohme-brother-of-erwin-bohme\/\" \/>\n<meta property=\"og:locale\" content=\"nl_NL\" \/>\n<meta property=\"og:type\" content=\"article\" \/>\n<meta property=\"og:title\" content=\"Condoleancebrief aan Gerhard B\u00f6hme, broer van Erwin B\u00f6hme - Meet The Red Baron\" \/>\n<meta property=\"og:description\" content=\"Condolence letter to Gerhard B\u00f6hme, brother of Erwin B\u00f6hme. I have just received the painful news of the death of your brother.\" \/>\n<meta property=\"og:url\" content=\"https:\/\/www.meettheredbaron.com\/nl\/event\/condolence-letter-to-gerhard-bohme-brother-of-erwin-bohme\/\" \/>\n<meta property=\"og:site_name\" content=\"Meet The Red Baron\" \/>\n<meta property=\"article:modified_time\" content=\"2025-06-22T11:49:49+00:00\" \/>\n<script type=\"application\/ld+json\" class=\"yoast-schema-graph\">{\"@context\":\"https:\/\/schema.org\",\"@graph\":[{\"@type\":\"WebPage\",\"@id\":\"https:\/\/www.meettheredbaron.com\/nl\/event\/condolence-letter-to-gerhard-bohme-brother-of-erwin-bohme\/\",\"url\":\"https:\/\/www.meettheredbaron.com\/nl\/event\/condolence-letter-to-gerhard-bohme-brother-of-erwin-bohme\/\",\"name\":\"Condoleancebrief aan Gerhard B\u00f6hme, broer van Erwin B\u00f6hme - Meet The Red Baron\",\"isPartOf\":{\"@id\":\"https:\/\/www.meettheredbaron.com\/nl\/#website\"},\"datePublished\":\"2022-07-05T14:47:18+00:00\",\"dateModified\":\"2025-06-22T11:49:49+00:00\",\"description\":\"Condolence letter to Gerhard B\u00f6hme, brother of Erwin B\u00f6hme. I have just received the painful news of the death of your brother.\",\"breadcrumb\":{\"@id\":\"https:\/\/www.meettheredbaron.com\/nl\/event\/condolence-letter-to-gerhard-bohme-brother-of-erwin-bohme\/#breadcrumb\"},\"inLanguage\":\"nl-NL\",\"potentialAction\":[{\"@type\":\"ReadAction\",\"target\":[\"https:\/\/www.meettheredbaron.com\/nl\/event\/condolence-letter-to-gerhard-bohme-brother-of-erwin-bohme\/\"]}]},{\"@type\":\"BreadcrumbList\",\"@id\":\"https:\/\/www.meettheredbaron.com\/nl\/event\/condolence-letter-to-gerhard-bohme-brother-of-erwin-bohme\/#breadcrumb\",\"itemListElement\":[{\"@type\":\"ListItem\",\"position\":1,\"name\":\"Home\",\"item\":\"https:\/\/www.meettheredbaron.com\/nl\/\"},{\"@type\":\"ListItem\",\"position\":2,\"name\":\"Events\",\"item\":\"https:\/\/www.meettheredbaron.com\/nl\/event\/\"},{\"@type\":\"ListItem\",\"position\":3,\"name\":\"Condoleancebrief aan Gerhard B\u00f6hme, broer van Erwin B\u00f6hme\"}]},{\"@type\":\"WebSite\",\"@id\":\"https:\/\/www.meettheredbaron.com\/nl\/#website\",\"url\":\"https:\/\/www.meettheredbaron.com\/nl\/\",\"name\":\"Meet The Red Baron\",\"description\":\"The life and death of Manfred von Richthofen.\",\"publisher\":{\"@id\":\"https:\/\/www.meettheredbaron.com\/nl\/#\/schema\/person\/fd320c77882d0d84e4b88ef15120767f\"},\"potentialAction\":[{\"@type\":\"SearchAction\",\"target\":{\"@type\":\"EntryPoint\",\"urlTemplate\":\"https:\/\/www.meettheredbaron.com\/nl\/?s={search_term_string}\"},\"query-input\":{\"@type\":\"PropertyValueSpecification\",\"valueRequired\":true,\"valueName\":\"search_term_string\"}}],\"inLanguage\":\"nl-NL\"},{\"@type\":[\"Person\",\"Organization\"],\"@id\":\"https:\/\/www.meettheredbaron.com\/nl\/#\/schema\/person\/fd320c77882d0d84e4b88ef15120767f\",\"name\":\"heinpoblome\",\"image\":{\"@type\":\"ImageObject\",\"inLanguage\":\"nl-NL\",\"@id\":\"https:\/\/www.meettheredbaron.com\/nl\/#\/schema\/person\/image\/\",\"url\":\"https:\/\/www.meettheredbaron.com\/wp-content\/uploads\/2021\/12\/266-scaled.jpg\",\"contentUrl\":\"https:\/\/www.meettheredbaron.com\/wp-content\/uploads\/2021\/12\/266-scaled.jpg\",\"width\":1850,\"height\":2560,\"caption\":\"heinpoblome\"},\"logo\":{\"@id\":\"https:\/\/www.meettheredbaron.com\/nl\/#\/schema\/person\/image\/\"},\"sameAs\":[\"http:\/\/www.meettheredbaron.com\"]}]}<\/script>\n<!-- \/ Yoast SEO plugin. -->","yoast_head_json":{"title":"Condoleancebrief aan Gerhard B\u00f6hme, broer van Erwin B\u00f6hme - Meet The Red Baron","description":"Condolence letter to Gerhard B\u00f6hme, brother of Erwin B\u00f6hme. I have just received the painful news of the death of your brother.","robots":{"index":"index","follow":"follow","max-snippet":"max-snippet:-1","max-image-preview":"max-image-preview:large","max-video-preview":"max-video-preview:-1"},"canonical":"https:\/\/www.meettheredbaron.com\/nl\/event\/condolence-letter-to-gerhard-bohme-brother-of-erwin-bohme\/","og_locale":"nl_NL","og_type":"article","og_title":"Condoleancebrief aan Gerhard B\u00f6hme, broer van Erwin B\u00f6hme - Meet The Red Baron","og_description":"Condolence letter to Gerhard B\u00f6hme, brother of Erwin B\u00f6hme. I have just received the painful news of the death of your brother.","og_url":"https:\/\/www.meettheredbaron.com\/nl\/event\/condolence-letter-to-gerhard-bohme-brother-of-erwin-bohme\/","og_site_name":"Meet The Red Baron","article_modified_time":"2025-06-22T11:49:49+00:00","schema":{"@context":"https:\/\/schema.org","@graph":[{"@type":"WebPage","@id":"https:\/\/www.meettheredbaron.com\/nl\/event\/condolence-letter-to-gerhard-bohme-brother-of-erwin-bohme\/","url":"https:\/\/www.meettheredbaron.com\/nl\/event\/condolence-letter-to-gerhard-bohme-brother-of-erwin-bohme\/","name":"Condoleancebrief aan Gerhard B\u00f6hme, broer van Erwin B\u00f6hme - Meet The Red Baron","isPartOf":{"@id":"https:\/\/www.meettheredbaron.com\/nl\/#website"},"datePublished":"2022-07-05T14:47:18+00:00","dateModified":"2025-06-22T11:49:49+00:00","description":"Condolence letter to Gerhard B\u00f6hme, brother of Erwin B\u00f6hme. I have just received the painful news of the death of your brother.","breadcrumb":{"@id":"https:\/\/www.meettheredbaron.com\/nl\/event\/condolence-letter-to-gerhard-bohme-brother-of-erwin-bohme\/#breadcrumb"},"inLanguage":"nl-NL","potentialAction":[{"@type":"ReadAction","target":["https:\/\/www.meettheredbaron.com\/nl\/event\/condolence-letter-to-gerhard-bohme-brother-of-erwin-bohme\/"]}]},{"@type":"BreadcrumbList","@id":"https:\/\/www.meettheredbaron.com\/nl\/event\/condolence-letter-to-gerhard-bohme-brother-of-erwin-bohme\/#breadcrumb","itemListElement":[{"@type":"ListItem","position":1,"name":"Home","item":"https:\/\/www.meettheredbaron.com\/nl\/"},{"@type":"ListItem","position":2,"name":"Events","item":"https:\/\/www.meettheredbaron.com\/nl\/event\/"},{"@type":"ListItem","position":3,"name":"Condoleancebrief aan Gerhard B\u00f6hme, broer van Erwin B\u00f6hme"}]},{"@type":"WebSite","@id":"https:\/\/www.meettheredbaron.com\/nl\/#website","url":"https:\/\/www.meettheredbaron.com\/nl\/","name":"Meet The Red Baron","description":"The life and death of Manfred von Richthofen.","publisher":{"@id":"https:\/\/www.meettheredbaron.com\/nl\/#\/schema\/person\/fd320c77882d0d84e4b88ef15120767f"},"potentialAction":[{"@type":"SearchAction","target":{"@type":"EntryPoint","urlTemplate":"https:\/\/www.meettheredbaron.com\/nl\/?s={search_term_string}"},"query-input":{"@type":"PropertyValueSpecification","valueRequired":true,"valueName":"search_term_string"}}],"inLanguage":"nl-NL"},{"@type":["Person","Organization"],"@id":"https:\/\/www.meettheredbaron.com\/nl\/#\/schema\/person\/fd320c77882d0d84e4b88ef15120767f","name":"heinpoblome","image":{"@type":"ImageObject","inLanguage":"nl-NL","@id":"https:\/\/www.meettheredbaron.com\/nl\/#\/schema\/person\/image\/","url":"https:\/\/www.meettheredbaron.com\/wp-content\/uploads\/2021\/12\/266-scaled.jpg","contentUrl":"https:\/\/www.meettheredbaron.com\/wp-content\/uploads\/2021\/12\/266-scaled.jpg","width":1850,"height":2560,"caption":"heinpoblome"},"logo":{"@id":"https:\/\/www.meettheredbaron.com\/nl\/#\/schema\/person\/image\/"},"sameAs":["http:\/\/www.meettheredbaron.com"]}]}},"toolset-meta":{"field-group-for-events-2":[],"field-group-for-events":{"date":{"type":"date","raw":"-1643673600","formatted":"12\/01\/1917 00:00"},"date-as-a-string":{"type":"textfield","raw":"12\/01\/1917"},"date-description":{"type":"textfield","raw":""},"geolocation":{"type":"google_address","raw":"50.25304237994465, 3.3653950382567883"},"location-description":{"type":"textfield","raw":""},"town-name":{"type":"textfield","raw":"Avesnes-le-Sec"},"historical-town-name":{"type":"textfield","raw":""},"event-id":{"type":"numeric","raw":"572"},"event-short":{"type":"textfield","raw":"Condoleancebrief aan Gerhard B\u00f6hme, broer van Erwin B\u00f6hme"},"event-description":{"type":"wysiwyg","raw":"\"Ik heb zojuist het pijnlijke nieuws ontvangen van het overlijden van uw broer. In oorlog wordt men hard en standvastig, maar deze klap raakt mij recht in het hart. U weet zelf hoe hecht de vriendschap tussen uw broer en mij was.\r\n\r\nOp de laatste middag voor zijn dood bezocht hij mij hier in Avesnes le Sec, mijn nieuwe vliegveld \u2013 vol vreugde over de ontwikkeling van onze geliefde oude Jagdstaffel B\u00f6lcke, die dankzij hem weer tot zijn oude hoogten was teruggekeerd.\r\n\r\nNu zijn beiden verenigd in Walhalla: uw voortreffelijke broer en zijn grote meester, aan wie hij van ons allen het dichtst stond.\r\n\r\nKom me snel bezoeken, beste Herr B\u00f6hme, zodat we samen kunnen nadenken over de verloren broer en vriend.\""},"event-type-id":{"type":"numeric","raw":"7"},"source-id":{"type":"numeric","raw":"33"},"source-long-in-event":{"type":"textfield","raw":"Richthofen, Beyond the legend of the Red Baron, Peter Kilduff, Arms and Armour, 1993"},"pagenumber":{"type":"textfield","raw":"166"},"airplane-id":{"type":"textfield","raw":"0"},"combat-id":{"type":"textfield","raw":"0"},"event-type":{"type":"select","raw":"7"},"source-language":{"type":"select","raw":"1"},"picture":{"type":"image","raw":[""],"repeatable":[{"raw":""}]}}},"_links":{"self":[{"href":"https:\/\/www.meettheredbaron.com\/nl\/wp-json\/wp\/v2\/event\/12662","targetHints":{"allow":["GET"]}}],"collection":[{"href":"https:\/\/www.meettheredbaron.com\/nl\/wp-json\/wp\/v2\/event"}],"about":[{"href":"https:\/\/www.meettheredbaron.com\/nl\/wp-json\/wp\/v2\/types\/event"}],"replies":[{"embeddable":true,"href":"https:\/\/www.meettheredbaron.com\/nl\/wp-json\/wp\/v2\/comments?post=12662"}],"wp:attachment":[{"href":"https:\/\/www.meettheredbaron.com\/nl\/wp-json\/wp\/v2\/media?parent=12662"}],"wp:term":[{"taxonomy":"event-type","embeddable":true,"href":"https:\/\/www.meettheredbaron.com\/nl\/wp-json\/wp\/v2\/event-type?post=12662"},{"taxonomy":"source-language","embeddable":true,"href":"https:\/\/www.meettheredbaron.com\/nl\/wp-json\/wp\/v2\/source-language?post=12662"},{"taxonomy":"source-id-tax","embeddable":true,"href":"https:\/\/www.meettheredbaron.com\/nl\/wp-json\/wp\/v2\/source-id-tax?post=12662"}],"curies":[{"name":"wp","href":"https:\/\/api.w.org\/{rel}","templated":true}]}}

Condoleancebrief aan Gerhard Böhme, broer van Erwin Böhme

<p>&#8220;Ik heb zojuist het pijnlijke nieuws ontvangen van het overlijden van uw broer. In oorlog wordt men hard en standvastig, maar deze klap raakt mij recht in het hart. U weet zelf hoe hecht de vriendschap tussen uw broer en mij was.</p>



<p>Op de laatste middag voor zijn dood bezocht hij mij hier in Avesnes le Sec, mijn nieuwe vliegveld – vol vreugde over de ontwikkeling van onze geliefde oude Jagdstaffel Bölcke, die dankzij hem weer tot zijn oude hoogten was teruggekeerd.</p>



<p>Nu zijn beiden verenigd in Walhalla: uw voortreffelijke broer en zijn grote meester, aan wie hij van ons allen het dichtst stond.</p>



<p>Kom me snel bezoeken, beste Herr Böhme, zodat we samen kunnen nadenken over de verloren broer en vriend.&#8221;</p>

<!-- This site is optimized with the Yoast SEO plugin v26.7 - https://yoast.com/wordpress/plugins/seo/ -->
<title>Condoleancebrief aan Gerhard Böhme, broer van Erwin Böhme - Meet The Red Baron</title>
<meta name="description" content="Condolence letter to Gerhard Böhme, brother of Erwin Böhme. I have just received the painful news of the death of your brother." />
<meta name="robots" content="index, follow, max-snippet:-1, max-image-preview:large, max-video-preview:-1" />
<link rel="canonical" href="https://www.meettheredbaron.com/nl/event/condolence-letter-to-gerhard-bohme-brother-of-erwin-bohme/" />
<meta property="og:locale" content="nl_NL" />
<meta property="og:type" content="article" />
<meta property="og:title" content="Condoleancebrief aan Gerhard Böhme, broer van Erwin Böhme - Meet The Red Baron" />
<meta property="og:description" content="Condolence letter to Gerhard Böhme, brother of Erwin Böhme. I have just received the painful news of the death of your brother." />
<meta property="og:url" content="https://www.meettheredbaron.com/nl/event/condolence-letter-to-gerhard-bohme-brother-of-erwin-bohme/" />
<meta property="og:site_name" content="Meet The Red Baron" />
<meta property="article:modified_time" content="2025-06-22T11:49:49+00:00" />
<script type="application/ld+json" class="yoast-schema-graph">{"@context":"https://schema.org","@graph":[{"@type":"WebPage","@id":"https://www.meettheredbaron.com/nl/event/condolence-letter-to-gerhard-bohme-brother-of-erwin-bohme/","url":"https://www.meettheredbaron.com/nl/event/condolence-letter-to-gerhard-bohme-brother-of-erwin-bohme/","name":"Condoleancebrief aan Gerhard Böhme, broer van Erwin Böhme - Meet The Red Baron","isPartOf":{"@id":"https://www.meettheredbaron.com/nl/#website"},"datePublished":"2022-07-05T14:47:18+00:00","dateModified":"2025-06-22T11:49:49+00:00","description":"Condolence letter to Gerhard Böhme, brother of Erwin Böhme. I have just received the painful news of the death of your brother.","breadcrumb":{"@id":"https://www.meettheredbaron.com/nl/event/condolence-letter-to-gerhard-bohme-brother-of-erwin-bohme/#breadcrumb"},"inLanguage":"nl-NL","potentialAction":[{"@type":"ReadAction","target":["https://www.meettheredbaron.com/nl/event/condolence-letter-to-gerhard-bohme-brother-of-erwin-bohme/"]}]},{"@type":"BreadcrumbList","@id":"https://www.meettheredbaron.com/nl/event/condolence-letter-to-gerhard-bohme-brother-of-erwin-bohme/#breadcrumb","itemListElement":[{"@type":"ListItem","position":1,"name":"Home","item":"https://www.meettheredbaron.com/nl/"},{"@type":"ListItem","position":2,"name":"Events","item":"https://www.meettheredbaron.com/nl/event/"},{"@type":"ListItem","position":3,"name":"Condoleancebrief aan Gerhard Böhme, broer van Erwin Böhme"}]},{"@type":"WebSite","@id":"https://www.meettheredbaron.com/nl/#website","url":"https://www.meettheredbaron.com/nl/","name":"Meet The Red Baron","description":"The life and death of Manfred von Richthofen.","publisher":{"@id":"https://www.meettheredbaron.com/nl/#/schema/person/fd320c77882d0d84e4b88ef15120767f"},"potentialAction":[{"@type":"SearchAction","target":{"@type":"EntryPoint","urlTemplate":"https://www.meettheredbaron.com/nl/?s={search_term_string}"},"query-input":{"@type":"PropertyValueSpecification","valueRequired":true,"valueName":"search_term_string"}}],"inLanguage":"nl-NL"},{"@type":["Person","Organization"],"@id":"https://www.meettheredbaron.com/nl/#/schema/person/fd320c77882d0d84e4b88ef15120767f","name":"heinpoblome","image":{"@type":"ImageObject","inLanguage":"nl-NL","@id":"https://www.meettheredbaron.com/nl/#/schema/person/image/","url":"https://www.meettheredbaron.com/wp-content/uploads/2021/12/266-scaled.jpg","contentUrl":"https://www.meettheredbaron.com/wp-content/uploads/2021/12/266-scaled.jpg","width":1850,"height":2560,"caption":"heinpoblome"},"logo":{"@id":"https://www.meettheredbaron.com/nl/#/schema/person/image/"},"sameAs":["http://www.meettheredbaron.com"]}]}</script>
<!-- / Yoast SEO plugin. -->

Condoleancebrief aan Gerhard Böhme, broer van Erwin Böhme - Meet The Red Baron

Condolence letter to Gerhard Böhme, brother of Erwin Böhme. I have just received the painful news of the death of your brother.

"Ik heb zojuist het pijnlijke nieuws ontvangen van het overlijden van uw broer. In oorlog wordt men hard en standvastig, maar deze klap raakt mij recht in het hart. U weet zelf hoe hecht de vriendschap tussen uw broer en mij was.

Op de laatste middag voor zijn dood bezocht hij mij hier in Avesnes le Sec, mijn nieuwe vliegveld – vol vreugde over de ontwikkeling van onze geliefde oude Jagdstaffel Bölcke, die dankzij hem weer tot zijn oude hoogten was teruggekeerd.

Nu zijn beiden verenigd in Walhalla: uw voortreffelijke broer en zijn grote meester, aan wie hij van ons allen het dichtst stond.

Kom me snel bezoeken, beste Herr Böhme, zodat we samen kunnen nadenken over de verloren broer en vriend."
