{"id":12602,"date":"2022-07-24T09:40:42","date_gmt":"2022-07-24T08:40:42","guid":{"rendered":"https:\/\/www.meettheredbaron.com\/event\/von-schonebeck-arrives-at-jasta-11\/"},"modified":"2025-06-25T11:17:16","modified_gmt":"2025-06-25T10:17:16","slug":"von-schonebeck-arrives-at-jasta-11","status":"publish","type":"event","link":"https:\/\/www.meettheredbaron.com\/nl\/event\/von-schonebeck-arrives-at-jasta-11\/","title":{"rendered":"Von Sch\u00f6nebeck arriveert op Jasta 11"},"content":{"rendered":"\n<p>Von Sch\u00f6nebeck, die bij zijn aankomst bij Jasta 11 persoonlijk door Richthofen werd ge\u00efnstrueerd in het besturen van de Fokker tripe, beschreef de baron als volgt: &#8220;Hij was van gemiddelde lengte, gedrongen, donkerblond met blauwe ogen. Hij had een gemiddelde stem, sprak kortaf, duidelijk en beknopt. Hij had een nobele manier van spreken en vloekte nooit of gebruikte geen grof taalgebruik. Na een vlucht was er altijd een bespreking en tijdens deze besprekingen was hij kalm en beheerst en sprak hij met veel humor, hoe gevaarlijk de actie ook was geweest. Men kon niet anders dan dagelijks geraakt worden door zijn buitengewone energie en wilskracht. Hij straalde kalmte uit op de meest kritieke momenten, wat natuurlijk een zeer heilzame invloed op ons allemaal had.&#8221;<\/p>\n","protected":false},"comment_status":"open","ping_status":"closed","template":"","event-type":[239],"source-language":[227],"source-id-tax":[403],"class_list":["post-12602","event","type-event","status-publish","hentry","event-type-testimonial-nl","source-language-engels","source-id-tax-who-killed-the-red-baron-nl","entry","no-media"],"yoast_head":"<!-- This site is optimized with the Yoast SEO plugin v26.7 - https:\/\/yoast.com\/wordpress\/plugins\/seo\/ -->\n<title>Von Sch\u00f6nebeck arriveert op Jasta 11 - Meet The Red Baron<\/title>\n<meta name=\"description\" content=\"von Sch\u00f6nebeck arrives at Jasta 11. Von Sch\u00f6nebeck, who was personally instructed on how to fly the Fokker tripe by Richthofen...\" \/>\n<meta name=\"robots\" content=\"index, follow, max-snippet:-1, max-image-preview:large, max-video-preview:-1\" \/>\n<link rel=\"canonical\" href=\"https:\/\/www.meettheredbaron.com\/nl\/event\/von-schonebeck-arrives-at-jasta-11\/\" \/>\n<meta property=\"og:locale\" content=\"nl_NL\" \/>\n<meta property=\"og:type\" content=\"article\" \/>\n<meta property=\"og:title\" content=\"Von Sch\u00f6nebeck arriveert op Jasta 11 - Meet The Red Baron\" \/>\n<meta property=\"og:description\" content=\"von Sch\u00f6nebeck arrives at Jasta 11. Von Sch\u00f6nebeck, who was personally instructed on how to fly the Fokker tripe by Richthofen...\" \/>\n<meta property=\"og:url\" content=\"https:\/\/www.meettheredbaron.com\/nl\/event\/von-schonebeck-arrives-at-jasta-11\/\" \/>\n<meta property=\"og:site_name\" content=\"Meet The Red Baron\" \/>\n<meta property=\"article:modified_time\" content=\"2025-06-25T10:17:16+00:00\" \/>\n<script type=\"application\/ld+json\" class=\"yoast-schema-graph\">{\"@context\":\"https:\/\/schema.org\",\"@graph\":[{\"@type\":\"WebPage\",\"@id\":\"https:\/\/www.meettheredbaron.com\/nl\/event\/von-schonebeck-arrives-at-jasta-11\/\",\"url\":\"https:\/\/www.meettheredbaron.com\/nl\/event\/von-schonebeck-arrives-at-jasta-11\/\",\"name\":\"Von Sch\u00f6nebeck arriveert op Jasta 11 - Meet The Red Baron\",\"isPartOf\":{\"@id\":\"https:\/\/www.meettheredbaron.com\/nl\/#website\"},\"datePublished\":\"2022-07-24T08:40:42+00:00\",\"dateModified\":\"2025-06-25T10:17:16+00:00\",\"description\":\"von Sch\u00f6nebeck arrives at Jasta 11. Von Sch\u00f6nebeck, who was personally instructed on how to fly the Fokker tripe by Richthofen...\",\"breadcrumb\":{\"@id\":\"https:\/\/www.meettheredbaron.com\/nl\/event\/von-schonebeck-arrives-at-jasta-11\/#breadcrumb\"},\"inLanguage\":\"nl-NL\",\"potentialAction\":[{\"@type\":\"ReadAction\",\"target\":[\"https:\/\/www.meettheredbaron.com\/nl\/event\/von-schonebeck-arrives-at-jasta-11\/\"]}]},{\"@type\":\"BreadcrumbList\",\"@id\":\"https:\/\/www.meettheredbaron.com\/nl\/event\/von-schonebeck-arrives-at-jasta-11\/#breadcrumb\",\"itemListElement\":[{\"@type\":\"ListItem\",\"position\":1,\"name\":\"Home\",\"item\":\"https:\/\/www.meettheredbaron.com\/nl\/\"},{\"@type\":\"ListItem\",\"position\":2,\"name\":\"Events\",\"item\":\"https:\/\/www.meettheredbaron.com\/nl\/event\/\"},{\"@type\":\"ListItem\",\"position\":3,\"name\":\"Von Sch\u00f6nebeck arriveert op Jasta 11\"}]},{\"@type\":\"WebSite\",\"@id\":\"https:\/\/www.meettheredbaron.com\/nl\/#website\",\"url\":\"https:\/\/www.meettheredbaron.com\/nl\/\",\"name\":\"Meet The Red Baron\",\"description\":\"The life and death of Manfred von Richthofen.\",\"publisher\":{\"@id\":\"https:\/\/www.meettheredbaron.com\/nl\/#\/schema\/person\/fd320c77882d0d84e4b88ef15120767f\"},\"potentialAction\":[{\"@type\":\"SearchAction\",\"target\":{\"@type\":\"EntryPoint\",\"urlTemplate\":\"https:\/\/www.meettheredbaron.com\/nl\/?s={search_term_string}\"},\"query-input\":{\"@type\":\"PropertyValueSpecification\",\"valueRequired\":true,\"valueName\":\"search_term_string\"}}],\"inLanguage\":\"nl-NL\"},{\"@type\":[\"Person\",\"Organization\"],\"@id\":\"https:\/\/www.meettheredbaron.com\/nl\/#\/schema\/person\/fd320c77882d0d84e4b88ef15120767f\",\"name\":\"heinpoblome\",\"image\":{\"@type\":\"ImageObject\",\"inLanguage\":\"nl-NL\",\"@id\":\"https:\/\/www.meettheredbaron.com\/nl\/#\/schema\/person\/image\/\",\"url\":\"https:\/\/www.meettheredbaron.com\/wp-content\/uploads\/2021\/12\/266-scaled.jpg\",\"contentUrl\":\"https:\/\/www.meettheredbaron.com\/wp-content\/uploads\/2021\/12\/266-scaled.jpg\",\"width\":1850,\"height\":2560,\"caption\":\"heinpoblome\"},\"logo\":{\"@id\":\"https:\/\/www.meettheredbaron.com\/nl\/#\/schema\/person\/image\/\"},\"sameAs\":[\"http:\/\/www.meettheredbaron.com\"]}]}<\/script>\n<!-- \/ Yoast SEO plugin. -->","yoast_head_json":{"title":"Von Sch\u00f6nebeck arriveert op Jasta 11 - Meet The Red Baron","description":"von Sch\u00f6nebeck arrives at Jasta 11. Von Sch\u00f6nebeck, who was personally instructed on how to fly the Fokker tripe by Richthofen...","robots":{"index":"index","follow":"follow","max-snippet":"max-snippet:-1","max-image-preview":"max-image-preview:large","max-video-preview":"max-video-preview:-1"},"canonical":"https:\/\/www.meettheredbaron.com\/nl\/event\/von-schonebeck-arrives-at-jasta-11\/","og_locale":"nl_NL","og_type":"article","og_title":"Von Sch\u00f6nebeck arriveert op Jasta 11 - Meet The Red Baron","og_description":"von Sch\u00f6nebeck arrives at Jasta 11. Von Sch\u00f6nebeck, who was personally instructed on how to fly the Fokker tripe by Richthofen...","og_url":"https:\/\/www.meettheredbaron.com\/nl\/event\/von-schonebeck-arrives-at-jasta-11\/","og_site_name":"Meet The Red Baron","article_modified_time":"2025-06-25T10:17:16+00:00","schema":{"@context":"https:\/\/schema.org","@graph":[{"@type":"WebPage","@id":"https:\/\/www.meettheredbaron.com\/nl\/event\/von-schonebeck-arrives-at-jasta-11\/","url":"https:\/\/www.meettheredbaron.com\/nl\/event\/von-schonebeck-arrives-at-jasta-11\/","name":"Von Sch\u00f6nebeck arriveert op Jasta 11 - Meet The Red Baron","isPartOf":{"@id":"https:\/\/www.meettheredbaron.com\/nl\/#website"},"datePublished":"2022-07-24T08:40:42+00:00","dateModified":"2025-06-25T10:17:16+00:00","description":"von Sch\u00f6nebeck arrives at Jasta 11. Von Sch\u00f6nebeck, who was personally instructed on how to fly the Fokker tripe by Richthofen...","breadcrumb":{"@id":"https:\/\/www.meettheredbaron.com\/nl\/event\/von-schonebeck-arrives-at-jasta-11\/#breadcrumb"},"inLanguage":"nl-NL","potentialAction":[{"@type":"ReadAction","target":["https:\/\/www.meettheredbaron.com\/nl\/event\/von-schonebeck-arrives-at-jasta-11\/"]}]},{"@type":"BreadcrumbList","@id":"https:\/\/www.meettheredbaron.com\/nl\/event\/von-schonebeck-arrives-at-jasta-11\/#breadcrumb","itemListElement":[{"@type":"ListItem","position":1,"name":"Home","item":"https:\/\/www.meettheredbaron.com\/nl\/"},{"@type":"ListItem","position":2,"name":"Events","item":"https:\/\/www.meettheredbaron.com\/nl\/event\/"},{"@type":"ListItem","position":3,"name":"Von Sch\u00f6nebeck arriveert op Jasta 11"}]},{"@type":"WebSite","@id":"https:\/\/www.meettheredbaron.com\/nl\/#website","url":"https:\/\/www.meettheredbaron.com\/nl\/","name":"Meet The Red Baron","description":"The life and death of Manfred von Richthofen.","publisher":{"@id":"https:\/\/www.meettheredbaron.com\/nl\/#\/schema\/person\/fd320c77882d0d84e4b88ef15120767f"},"potentialAction":[{"@type":"SearchAction","target":{"@type":"EntryPoint","urlTemplate":"https:\/\/www.meettheredbaron.com\/nl\/?s={search_term_string}"},"query-input":{"@type":"PropertyValueSpecification","valueRequired":true,"valueName":"search_term_string"}}],"inLanguage":"nl-NL"},{"@type":["Person","Organization"],"@id":"https:\/\/www.meettheredbaron.com\/nl\/#\/schema\/person\/fd320c77882d0d84e4b88ef15120767f","name":"heinpoblome","image":{"@type":"ImageObject","inLanguage":"nl-NL","@id":"https:\/\/www.meettheredbaron.com\/nl\/#\/schema\/person\/image\/","url":"https:\/\/www.meettheredbaron.com\/wp-content\/uploads\/2021\/12\/266-scaled.jpg","contentUrl":"https:\/\/www.meettheredbaron.com\/wp-content\/uploads\/2021\/12\/266-scaled.jpg","width":1850,"height":2560,"caption":"heinpoblome"},"logo":{"@id":"https:\/\/www.meettheredbaron.com\/nl\/#\/schema\/person\/image\/"},"sameAs":["http:\/\/www.meettheredbaron.com"]}]}},"toolset-meta":{"field-group-for-events-2":[],"field-group-for-events":{"date":{"type":"date","raw":"-1656374400","formatted":"07\/07\/1917 00:00"},"date-as-a-string":{"type":"textfield","raw":"07\/07\/1917"},"date-description":{"type":"textfield","raw":""},"geolocation":{"type":"google_address","raw":"50.816141687498735, 3.2403333562695864"},"location-description":{"type":"textfield","raw":"Markebeke"},"town-name":{"type":"textfield","raw":"Marke"},"historical-town-name":{"type":"textfield","raw":""},"event-id":{"type":"numeric","raw":"592"},"event-short":{"type":"textfield","raw":"Von Sch\u00f6nebeck arriveert op Jasta 11"},"event-description":{"type":"wysiwyg","raw":"Von Sch\u00f6nebeck, die bij zijn aankomst bij Jasta 11 persoonlijk door Richthofen werd ge\u00efnstrueerd in het besturen van de Fokker tripe, beschreef de baron als volgt: \"Hij was van gemiddelde lengte, gedrongen, donkerblond met blauwe ogen. Hij had een gemiddelde stem, sprak kortaf, duidelijk en beknopt. Hij had een nobele manier van spreken en vloekte nooit of gebruikte geen grof taalgebruik. Na een vlucht was er altijd een bespreking en tijdens deze besprekingen was hij kalm en beheerst en sprak hij met veel humor, hoe gevaarlijk de actie ook was geweest. Men kon niet anders dan dagelijks geraakt worden door zijn buitengewone energie en wilskracht. Hij straalde kalmte uit op de meest kritieke momenten, wat natuurlijk een zeer heilzame invloed op ons allemaal had.\""},"event-type-id":{"type":"numeric","raw":"6"},"source-id":{"type":"numeric","raw":"44"},"source-long-in-event":{"type":"textfield","raw":"Who killed the Red Baron? - PJ Carisella & James W Ryan, 1969, Purnell Book Services"},"pagenumber":{"type":"textfield","raw":"56"},"airplane-id":{"type":"textfield","raw":"0"},"combat-id":{"type":"textfield","raw":"0"},"event-type":{"type":"select","raw":"6"},"source-language":{"type":"select","raw":"1"},"picture":{"type":"image","raw":[""],"repeatable":[{"raw":""}]}}},"_links":{"self":[{"href":"https:\/\/www.meettheredbaron.com\/nl\/wp-json\/wp\/v2\/event\/12602","targetHints":{"allow":["GET"]}}],"collection":[{"href":"https:\/\/www.meettheredbaron.com\/nl\/wp-json\/wp\/v2\/event"}],"about":[{"href":"https:\/\/www.meettheredbaron.com\/nl\/wp-json\/wp\/v2\/types\/event"}],"replies":[{"embeddable":true,"href":"https:\/\/www.meettheredbaron.com\/nl\/wp-json\/wp\/v2\/comments?post=12602"}],"wp:attachment":[{"href":"https:\/\/www.meettheredbaron.com\/nl\/wp-json\/wp\/v2\/media?parent=12602"}],"wp:term":[{"taxonomy":"event-type","embeddable":true,"href":"https:\/\/www.meettheredbaron.com\/nl\/wp-json\/wp\/v2\/event-type?post=12602"},{"taxonomy":"source-language","embeddable":true,"href":"https:\/\/www.meettheredbaron.com\/nl\/wp-json\/wp\/v2\/source-language?post=12602"},{"taxonomy":"source-id-tax","embeddable":true,"href":"https:\/\/www.meettheredbaron.com\/nl\/wp-json\/wp\/v2\/source-id-tax?post=12602"}],"curies":[{"name":"wp","href":"https:\/\/api.w.org\/{rel}","templated":true}]}}

Von Schönebeck arriveert op Jasta 11

<p>Von Schönebeck, die bij zijn aankomst bij Jasta 11 persoonlijk door Richthofen werd geïnstrueerd in het besturen van de Fokker tripe, beschreef de baron als volgt: &#8220;Hij was van gemiddelde lengte, gedrongen, donkerblond met blauwe ogen. Hij had een gemiddelde stem, sprak kortaf, duidelijk en beknopt. Hij had een nobele manier van spreken en vloekte nooit of gebruikte geen grof taalgebruik. Na een vlucht was er altijd een bespreking en tijdens deze besprekingen was hij kalm en beheerst en sprak hij met veel humor, hoe gevaarlijk de actie ook was geweest. Men kon niet anders dan dagelijks geraakt worden door zijn buitengewone energie en wilskracht. Hij straalde kalmte uit op de meest kritieke momenten, wat natuurlijk een zeer heilzame invloed op ons allemaal had.&#8221;</p>

<!-- This site is optimized with the Yoast SEO plugin v26.7 - https://yoast.com/wordpress/plugins/seo/ -->
<title>Von Schönebeck arriveert op Jasta 11 - Meet The Red Baron</title>
<meta name="description" content="von Schönebeck arrives at Jasta 11. Von Schönebeck, who was personally instructed on how to fly the Fokker tripe by Richthofen..." />
<meta name="robots" content="index, follow, max-snippet:-1, max-image-preview:large, max-video-preview:-1" />
<link rel="canonical" href="https://www.meettheredbaron.com/nl/event/von-schonebeck-arrives-at-jasta-11/" />
<meta property="og:locale" content="nl_NL" />
<meta property="og:type" content="article" />
<meta property="og:title" content="Von Schönebeck arriveert op Jasta 11 - Meet The Red Baron" />
<meta property="og:description" content="von Schönebeck arrives at Jasta 11. Von Schönebeck, who was personally instructed on how to fly the Fokker tripe by Richthofen..." />
<meta property="og:url" content="https://www.meettheredbaron.com/nl/event/von-schonebeck-arrives-at-jasta-11/" />
<meta property="og:site_name" content="Meet The Red Baron" />
<meta property="article:modified_time" content="2025-06-25T10:17:16+00:00" />
<script type="application/ld+json" class="yoast-schema-graph">{"@context":"https://schema.org","@graph":[{"@type":"WebPage","@id":"https://www.meettheredbaron.com/nl/event/von-schonebeck-arrives-at-jasta-11/","url":"https://www.meettheredbaron.com/nl/event/von-schonebeck-arrives-at-jasta-11/","name":"Von Schönebeck arriveert op Jasta 11 - Meet The Red Baron","isPartOf":{"@id":"https://www.meettheredbaron.com/nl/#website"},"datePublished":"2022-07-24T08:40:42+00:00","dateModified":"2025-06-25T10:17:16+00:00","description":"von Schönebeck arrives at Jasta 11. Von Schönebeck, who was personally instructed on how to fly the Fokker tripe by Richthofen...","breadcrumb":{"@id":"https://www.meettheredbaron.com/nl/event/von-schonebeck-arrives-at-jasta-11/#breadcrumb"},"inLanguage":"nl-NL","potentialAction":[{"@type":"ReadAction","target":["https://www.meettheredbaron.com/nl/event/von-schonebeck-arrives-at-jasta-11/"]}]},{"@type":"BreadcrumbList","@id":"https://www.meettheredbaron.com/nl/event/von-schonebeck-arrives-at-jasta-11/#breadcrumb","itemListElement":[{"@type":"ListItem","position":1,"name":"Home","item":"https://www.meettheredbaron.com/nl/"},{"@type":"ListItem","position":2,"name":"Events","item":"https://www.meettheredbaron.com/nl/event/"},{"@type":"ListItem","position":3,"name":"Von Schönebeck arriveert op Jasta 11"}]},{"@type":"WebSite","@id":"https://www.meettheredbaron.com/nl/#website","url":"https://www.meettheredbaron.com/nl/","name":"Meet The Red Baron","description":"The life and death of Manfred von Richthofen.","publisher":{"@id":"https://www.meettheredbaron.com/nl/#/schema/person/fd320c77882d0d84e4b88ef15120767f"},"potentialAction":[{"@type":"SearchAction","target":{"@type":"EntryPoint","urlTemplate":"https://www.meettheredbaron.com/nl/?s={search_term_string}"},"query-input":{"@type":"PropertyValueSpecification","valueRequired":true,"valueName":"search_term_string"}}],"inLanguage":"nl-NL"},{"@type":["Person","Organization"],"@id":"https://www.meettheredbaron.com/nl/#/schema/person/fd320c77882d0d84e4b88ef15120767f","name":"heinpoblome","image":{"@type":"ImageObject","inLanguage":"nl-NL","@id":"https://www.meettheredbaron.com/nl/#/schema/person/image/","url":"https://www.meettheredbaron.com/wp-content/uploads/2021/12/266-scaled.jpg","contentUrl":"https://www.meettheredbaron.com/wp-content/uploads/2021/12/266-scaled.jpg","width":1850,"height":2560,"caption":"heinpoblome"},"logo":{"@id":"https://www.meettheredbaron.com/nl/#/schema/person/image/"},"sameAs":["http://www.meettheredbaron.com"]}]}</script>
<!-- / Yoast SEO plugin. -->

Von Schönebeck arriveert op Jasta 11 - Meet The Red Baron

von Schönebeck arrives at Jasta 11. Von Schönebeck, who was personally instructed on how to fly the Fokker tripe by Richthofen...

Von Schönebeck, die bij zijn aankomst bij Jasta 11 persoonlijk door Richthofen werd geïnstrueerd in het besturen van de Fokker tripe, beschreef de baron als volgt: "Hij was van gemiddelde lengte, gedrongen, donkerblond met blauwe ogen. Hij had een gemiddelde stem, sprak kortaf, duidelijk en beknopt. Hij had een nobele manier van spreken en vloekte nooit of gebruikte geen grof taalgebruik. Na een vlucht was er altijd een bespreking en tijdens deze besprekingen was hij kalm en beheerst en sprak hij met veel humor, hoe gevaarlijk de actie ook was geweest. Men kon niet anders dan dagelijks geraakt worden door zijn buitengewone energie en wilskracht. Hij straalde kalmte uit op de meest kritieke momenten, wat natuurlijk een zeer heilzame invloed op ons allemaal had."
