{"id":12572,"date":"2022-08-18T13:17:20","date_gmt":"2022-08-18T12:17:20","guid":{"rendered":"https:\/\/www.meettheredbaron.com\/event\/mvr-salutes-hocks-grave\/"},"modified":"2025-06-25T11:37:28","modified_gmt":"2025-06-25T10:37:28","slug":"mvr-salutes-hocks-grave","status":"publish","type":"event","link":"https:\/\/www.meettheredbaron.com\/nl\/event\/mvr-salutes-hocks-grave\/","title":{"rendered":"Holck&#8217;s begrafenis"},"content":{"rendered":"\n<p>&#8220;Lieve mama!<\/p>\n\n\n\n<p>Hartelijk dank voor je felicitaties voor mijn verjaardag, die ik hier heel gezellig heb doorgebracht. &#8217;s Ochtends had ik drie zeer spannende luchtgevechten en &#8217;s avonds zat ik met Zeumer, mijn eerste piloot, tot \u00e9\u00e9n uur &#8217;s nachts onder een bloeiende appelboom te genieten van een maibowle. Ik voel me erg op mijn gemak in mijn nieuwe baan als gevechtspiloot; ik denk dat geen enkele andere functie in de oorlog me zo zou kunnen aanspreken als deze. Ik vlieg met een Fokker, het vliegtuig waarmee Boelcke en Immelmann hun enorme successen hebben behaald. Ik vind het erg jammer dat Holck is omgekomen. Drie dagen voordat hij sneuvelde, had ik hem nog bezocht en we hadden het zo gezellig samen. Hij vertelde me over zijn gevangenneming in Montenegro. Je kunt je niet voorstellen dat deze man, die zo vol gezondheid en kracht zat, er nu niet meer is. Ik was ooggetuige van zijn laatste luchtgevecht. Eerst schoot hij een Fransman in een eskader neer, had blijkbaar een storing en wilde terugvliegen naar onze linie. Toen hing er een hele zwerm Fransen aan hem. Met een schot in het hoofd stortte hij zich vanaf drieduizend meter naar beneden. \u2013 Een mooie dood. \u2013 Holck met een arm of een been zou ondenkbaar zijn. Vandaag vlieg ik naar zijn begrafenis.&#8221;<\/p>\n","protected":false},"comment_status":"open","ping_status":"closed","template":"","event-type":[235],"source-language":[258],"source-id-tax":[303],"class_list":["post-12572","event","type-event","status-publish","hentry","event-type-general-event-nl","source-language-duits","source-id-tax-ein-heldenleben-1920-nl","entry","no-media"],"yoast_head":"<!-- This site is optimized with the Yoast SEO plugin v26.7 - https:\/\/yoast.com\/wordpress\/plugins\/seo\/ -->\n<title>Holck&#039;s begrafenis - Meet The Red Baron<\/title>\n<meta name=\"description\" content=\"Holcks Beerdigung. Habe recht herzlichen Dank f\u00fcr Deine Gl\u00fcckw\u00fcnsche zu meinem Geburtstage, den ich hier sehr nett verlebte.\" \/>\n<meta name=\"robots\" content=\"index, follow, max-snippet:-1, max-image-preview:large, max-video-preview:-1\" \/>\n<link rel=\"canonical\" href=\"https:\/\/www.meettheredbaron.com\/nl\/event\/mvr-salutes-hocks-grave\/\" \/>\n<meta property=\"og:locale\" content=\"nl_NL\" \/>\n<meta property=\"og:type\" content=\"article\" \/>\n<meta property=\"og:title\" content=\"Holck&#039;s begrafenis - Meet The Red Baron\" \/>\n<meta property=\"og:description\" content=\"Holcks Beerdigung. Habe recht herzlichen Dank f\u00fcr Deine Gl\u00fcckw\u00fcnsche zu meinem Geburtstage, den ich hier sehr nett verlebte.\" \/>\n<meta property=\"og:url\" content=\"https:\/\/www.meettheredbaron.com\/nl\/event\/mvr-salutes-hocks-grave\/\" \/>\n<meta property=\"og:site_name\" content=\"Meet The Red Baron\" \/>\n<meta property=\"article:modified_time\" content=\"2025-06-25T10:37:28+00:00\" \/>\n<script type=\"application\/ld+json\" class=\"yoast-schema-graph\">{\"@context\":\"https:\/\/schema.org\",\"@graph\":[{\"@type\":\"WebPage\",\"@id\":\"https:\/\/www.meettheredbaron.com\/nl\/event\/mvr-salutes-hocks-grave\/\",\"url\":\"https:\/\/www.meettheredbaron.com\/nl\/event\/mvr-salutes-hocks-grave\/\",\"name\":\"Holck's begrafenis - Meet The Red Baron\",\"isPartOf\":{\"@id\":\"https:\/\/www.meettheredbaron.com\/nl\/#website\"},\"datePublished\":\"2022-08-18T12:17:20+00:00\",\"dateModified\":\"2025-06-25T10:37:28+00:00\",\"description\":\"Holcks Beerdigung. Habe recht herzlichen Dank f\u00fcr Deine Gl\u00fcckw\u00fcnsche zu meinem Geburtstage, den ich hier sehr nett verlebte.\",\"breadcrumb\":{\"@id\":\"https:\/\/www.meettheredbaron.com\/nl\/event\/mvr-salutes-hocks-grave\/#breadcrumb\"},\"inLanguage\":\"nl-NL\",\"potentialAction\":[{\"@type\":\"ReadAction\",\"target\":[\"https:\/\/www.meettheredbaron.com\/nl\/event\/mvr-salutes-hocks-grave\/\"]}]},{\"@type\":\"BreadcrumbList\",\"@id\":\"https:\/\/www.meettheredbaron.com\/nl\/event\/mvr-salutes-hocks-grave\/#breadcrumb\",\"itemListElement\":[{\"@type\":\"ListItem\",\"position\":1,\"name\":\"Home\",\"item\":\"https:\/\/www.meettheredbaron.com\/nl\/\"},{\"@type\":\"ListItem\",\"position\":2,\"name\":\"Events\",\"item\":\"https:\/\/www.meettheredbaron.com\/nl\/event\/\"},{\"@type\":\"ListItem\",\"position\":3,\"name\":\"Holck&#8217;s begrafenis\"}]},{\"@type\":\"WebSite\",\"@id\":\"https:\/\/www.meettheredbaron.com\/nl\/#website\",\"url\":\"https:\/\/www.meettheredbaron.com\/nl\/\",\"name\":\"Meet The Red Baron\",\"description\":\"The life and death of Manfred von Richthofen.\",\"publisher\":{\"@id\":\"https:\/\/www.meettheredbaron.com\/nl\/#\/schema\/person\/fd320c77882d0d84e4b88ef15120767f\"},\"potentialAction\":[{\"@type\":\"SearchAction\",\"target\":{\"@type\":\"EntryPoint\",\"urlTemplate\":\"https:\/\/www.meettheredbaron.com\/nl\/?s={search_term_string}\"},\"query-input\":{\"@type\":\"PropertyValueSpecification\",\"valueRequired\":true,\"valueName\":\"search_term_string\"}}],\"inLanguage\":\"nl-NL\"},{\"@type\":[\"Person\",\"Organization\"],\"@id\":\"https:\/\/www.meettheredbaron.com\/nl\/#\/schema\/person\/fd320c77882d0d84e4b88ef15120767f\",\"name\":\"heinpoblome\",\"image\":{\"@type\":\"ImageObject\",\"inLanguage\":\"nl-NL\",\"@id\":\"https:\/\/www.meettheredbaron.com\/nl\/#\/schema\/person\/image\/\",\"url\":\"https:\/\/www.meettheredbaron.com\/wp-content\/uploads\/2021\/12\/266-scaled.jpg\",\"contentUrl\":\"https:\/\/www.meettheredbaron.com\/wp-content\/uploads\/2021\/12\/266-scaled.jpg\",\"width\":1850,\"height\":2560,\"caption\":\"heinpoblome\"},\"logo\":{\"@id\":\"https:\/\/www.meettheredbaron.com\/nl\/#\/schema\/person\/image\/\"},\"sameAs\":[\"http:\/\/www.meettheredbaron.com\"]}]}<\/script>\n<!-- \/ Yoast SEO plugin. -->","yoast_head_json":{"title":"Holck's begrafenis - Meet The Red Baron","description":"Holcks Beerdigung. Habe recht herzlichen Dank f\u00fcr Deine Gl\u00fcckw\u00fcnsche zu meinem Geburtstage, den ich hier sehr nett verlebte.","robots":{"index":"index","follow":"follow","max-snippet":"max-snippet:-1","max-image-preview":"max-image-preview:large","max-video-preview":"max-video-preview:-1"},"canonical":"https:\/\/www.meettheredbaron.com\/nl\/event\/mvr-salutes-hocks-grave\/","og_locale":"nl_NL","og_type":"article","og_title":"Holck's begrafenis - Meet The Red Baron","og_description":"Holcks Beerdigung. Habe recht herzlichen Dank f\u00fcr Deine Gl\u00fcckw\u00fcnsche zu meinem Geburtstage, den ich hier sehr nett verlebte.","og_url":"https:\/\/www.meettheredbaron.com\/nl\/event\/mvr-salutes-hocks-grave\/","og_site_name":"Meet The Red Baron","article_modified_time":"2025-06-25T10:37:28+00:00","schema":{"@context":"https:\/\/schema.org","@graph":[{"@type":"WebPage","@id":"https:\/\/www.meettheredbaron.com\/nl\/event\/mvr-salutes-hocks-grave\/","url":"https:\/\/www.meettheredbaron.com\/nl\/event\/mvr-salutes-hocks-grave\/","name":"Holck's begrafenis - Meet The Red Baron","isPartOf":{"@id":"https:\/\/www.meettheredbaron.com\/nl\/#website"},"datePublished":"2022-08-18T12:17:20+00:00","dateModified":"2025-06-25T10:37:28+00:00","description":"Holcks Beerdigung. Habe recht herzlichen Dank f\u00fcr Deine Gl\u00fcckw\u00fcnsche zu meinem Geburtstage, den ich hier sehr nett verlebte.","breadcrumb":{"@id":"https:\/\/www.meettheredbaron.com\/nl\/event\/mvr-salutes-hocks-grave\/#breadcrumb"},"inLanguage":"nl-NL","potentialAction":[{"@type":"ReadAction","target":["https:\/\/www.meettheredbaron.com\/nl\/event\/mvr-salutes-hocks-grave\/"]}]},{"@type":"BreadcrumbList","@id":"https:\/\/www.meettheredbaron.com\/nl\/event\/mvr-salutes-hocks-grave\/#breadcrumb","itemListElement":[{"@type":"ListItem","position":1,"name":"Home","item":"https:\/\/www.meettheredbaron.com\/nl\/"},{"@type":"ListItem","position":2,"name":"Events","item":"https:\/\/www.meettheredbaron.com\/nl\/event\/"},{"@type":"ListItem","position":3,"name":"Holck&#8217;s begrafenis"}]},{"@type":"WebSite","@id":"https:\/\/www.meettheredbaron.com\/nl\/#website","url":"https:\/\/www.meettheredbaron.com\/nl\/","name":"Meet The Red Baron","description":"The life and death of Manfred von Richthofen.","publisher":{"@id":"https:\/\/www.meettheredbaron.com\/nl\/#\/schema\/person\/fd320c77882d0d84e4b88ef15120767f"},"potentialAction":[{"@type":"SearchAction","target":{"@type":"EntryPoint","urlTemplate":"https:\/\/www.meettheredbaron.com\/nl\/?s={search_term_string}"},"query-input":{"@type":"PropertyValueSpecification","valueRequired":true,"valueName":"search_term_string"}}],"inLanguage":"nl-NL"},{"@type":["Person","Organization"],"@id":"https:\/\/www.meettheredbaron.com\/nl\/#\/schema\/person\/fd320c77882d0d84e4b88ef15120767f","name":"heinpoblome","image":{"@type":"ImageObject","inLanguage":"nl-NL","@id":"https:\/\/www.meettheredbaron.com\/nl\/#\/schema\/person\/image\/","url":"https:\/\/www.meettheredbaron.com\/wp-content\/uploads\/2021\/12\/266-scaled.jpg","contentUrl":"https:\/\/www.meettheredbaron.com\/wp-content\/uploads\/2021\/12\/266-scaled.jpg","width":1850,"height":2560,"caption":"heinpoblome"},"logo":{"@id":"https:\/\/www.meettheredbaron.com\/nl\/#\/schema\/person\/image\/"},"sameAs":["http:\/\/www.meettheredbaron.com"]}]}},"toolset-meta":{"field-group-for-events-2":[],"field-group-for-events":{"date":{"type":"date","raw":"-1693526400","formatted":"05\/03\/1916 00:00"},"date-as-a-string":{"type":"textfield","raw":"05\/03\/1916"},"date-description":{"type":"textfield","raw":""},"geolocation":{"type":"google_address","raw":"49.320910454913154, 5.268642756356542"},"location-description":{"type":"textfield","raw":""},"town-name":{"type":"textfield","raw":"Sivry-sur-Meuse"},"historical-town-name":{"type":"textfield","raw":""},"event-id":{"type":"numeric","raw":"602"},"event-short":{"type":"textfield","raw":"Holck's begrafenis"},"event-description":{"type":"wysiwyg","raw":"\"Lieve mama!\r\n\r\nHartelijk dank voor je felicitaties voor mijn verjaardag, die ik hier heel gezellig heb doorgebracht. 's Ochtends had ik drie zeer spannende luchtgevechten en 's avonds zat ik met Zeumer, mijn eerste piloot, tot \u00e9\u00e9n uur 's nachts onder een bloeiende appelboom te genieten van een maibowle. Ik voel me erg op mijn gemak in mijn nieuwe baan als gevechtspiloot; ik denk dat geen enkele andere functie in de oorlog me zo zou kunnen aanspreken als deze. Ik vlieg met een Fokker, het vliegtuig waarmee Boelcke en Immelmann hun enorme successen hebben behaald. Ik vind het erg jammer dat Holck is omgekomen. Drie dagen voordat hij sneuvelde, had ik hem nog bezocht en we hadden het zo gezellig samen. Hij vertelde me over zijn gevangenneming in Montenegro. Je kunt je niet voorstellen dat deze man, die zo vol gezondheid en kracht zat, er nu niet meer is. Ik was ooggetuige van zijn laatste luchtgevecht. Eerst schoot hij een Fransman in een eskader neer, had blijkbaar een storing en wilde terugvliegen naar onze linie. Toen hing er een hele zwerm Fransen aan hem. Met een schot in het hoofd stortte hij zich vanaf drieduizend meter naar beneden. \u2013 Een mooie dood. \u2013 Holck met een arm of een been zou ondenkbaar zijn. Vandaag vlieg ik naar zijn begrafenis.\""},"event-type-id":{"type":"numeric","raw":"2"},"source-id":{"type":"numeric","raw":"55"},"source-long-in-event":{"type":"textfield","raw":"Ein Heldenleben, Ullstein & Co, 1920"},"pagenumber":{"type":"textfield","raw":"190"},"airplane-id":{"type":"textfield","raw":"0"},"combat-id":{"type":"textfield","raw":"0"},"event-type":{"type":"select","raw":"2"},"source-language":{"type":"select","raw":"2"},"picture":{"type":"image","raw":[""],"repeatable":[{"raw":""}]}}},"_links":{"self":[{"href":"https:\/\/www.meettheredbaron.com\/nl\/wp-json\/wp\/v2\/event\/12572","targetHints":{"allow":["GET"]}}],"collection":[{"href":"https:\/\/www.meettheredbaron.com\/nl\/wp-json\/wp\/v2\/event"}],"about":[{"href":"https:\/\/www.meettheredbaron.com\/nl\/wp-json\/wp\/v2\/types\/event"}],"replies":[{"embeddable":true,"href":"https:\/\/www.meettheredbaron.com\/nl\/wp-json\/wp\/v2\/comments?post=12572"}],"wp:attachment":[{"href":"https:\/\/www.meettheredbaron.com\/nl\/wp-json\/wp\/v2\/media?parent=12572"}],"wp:term":[{"taxonomy":"event-type","embeddable":true,"href":"https:\/\/www.meettheredbaron.com\/nl\/wp-json\/wp\/v2\/event-type?post=12572"},{"taxonomy":"source-language","embeddable":true,"href":"https:\/\/www.meettheredbaron.com\/nl\/wp-json\/wp\/v2\/source-language?post=12572"},{"taxonomy":"source-id-tax","embeddable":true,"href":"https:\/\/www.meettheredbaron.com\/nl\/wp-json\/wp\/v2\/source-id-tax?post=12572"}],"curies":[{"name":"wp","href":"https:\/\/api.w.org\/{rel}","templated":true}]}}

<p>&#8220;Lieve mama!</p>



<p>Hartelijk dank voor je felicitaties voor mijn verjaardag, die ik hier heel gezellig heb doorgebracht. &#8217;s Ochtends had ik drie zeer spannende luchtgevechten en &#8217;s avonds zat ik met Zeumer, mijn eerste piloot, tot één uur &#8217;s nachts onder een bloeiende appelboom te genieten van een maibowle. Ik voel me erg op mijn gemak in mijn nieuwe baan als gevechtspiloot; ik denk dat geen enkele andere functie in de oorlog me zo zou kunnen aanspreken als deze. Ik vlieg met een Fokker, het vliegtuig waarmee Boelcke en Immelmann hun enorme successen hebben behaald. Ik vind het erg jammer dat Holck is omgekomen. Drie dagen voordat hij sneuvelde, had ik hem nog bezocht en we hadden het zo gezellig samen. Hij vertelde me over zijn gevangenneming in Montenegro. Je kunt je niet voorstellen dat deze man, die zo vol gezondheid en kracht zat, er nu niet meer is. Ik was ooggetuige van zijn laatste luchtgevecht. Eerst schoot hij een Fransman in een eskader neer, had blijkbaar een storing en wilde terugvliegen naar onze linie. Toen hing er een hele zwerm Fransen aan hem. Met een schot in het hoofd stortte hij zich vanaf drieduizend meter naar beneden. – Een mooie dood. – Holck met een arm of een been zou ondenkbaar zijn. Vandaag vlieg ik naar zijn begrafenis.&#8221;</p>

<!-- This site is optimized with the Yoast SEO plugin v26.7 - https://yoast.com/wordpress/plugins/seo/ -->
<title>Holck&#039;s begrafenis - Meet The Red Baron</title>
<meta name="description" content="Holcks Beerdigung. Habe recht herzlichen Dank für Deine Glückwünsche zu meinem Geburtstage, den ich hier sehr nett verlebte." />
<meta name="robots" content="index, follow, max-snippet:-1, max-image-preview:large, max-video-preview:-1" />
<link rel="canonical" href="https://www.meettheredbaron.com/nl/event/mvr-salutes-hocks-grave/" />
<meta property="og:locale" content="nl_NL" />
<meta property="og:type" content="article" />
<meta property="og:title" content="Holck&#039;s begrafenis - Meet The Red Baron" />
<meta property="og:description" content="Holcks Beerdigung. Habe recht herzlichen Dank für Deine Glückwünsche zu meinem Geburtstage, den ich hier sehr nett verlebte." />
<meta property="og:url" content="https://www.meettheredbaron.com/nl/event/mvr-salutes-hocks-grave/" />
<meta property="og:site_name" content="Meet The Red Baron" />
<meta property="article:modified_time" content="2025-06-25T10:37:28+00:00" />
<script type="application/ld+json" class="yoast-schema-graph">{"@context":"https://schema.org","@graph":[{"@type":"WebPage","@id":"https://www.meettheredbaron.com/nl/event/mvr-salutes-hocks-grave/","url":"https://www.meettheredbaron.com/nl/event/mvr-salutes-hocks-grave/","name":"Holck's begrafenis - Meet The Red Baron","isPartOf":{"@id":"https://www.meettheredbaron.com/nl/#website"},"datePublished":"2022-08-18T12:17:20+00:00","dateModified":"2025-06-25T10:37:28+00:00","description":"Holcks Beerdigung. Habe recht herzlichen Dank für Deine Glückwünsche zu meinem Geburtstage, den ich hier sehr nett verlebte.","breadcrumb":{"@id":"https://www.meettheredbaron.com/nl/event/mvr-salutes-hocks-grave/#breadcrumb"},"inLanguage":"nl-NL","potentialAction":[{"@type":"ReadAction","target":["https://www.meettheredbaron.com/nl/event/mvr-salutes-hocks-grave/"]}]},{"@type":"BreadcrumbList","@id":"https://www.meettheredbaron.com/nl/event/mvr-salutes-hocks-grave/#breadcrumb","itemListElement":[{"@type":"ListItem","position":1,"name":"Home","item":"https://www.meettheredbaron.com/nl/"},{"@type":"ListItem","position":2,"name":"Events","item":"https://www.meettheredbaron.com/nl/event/"},{"@type":"ListItem","position":3,"name":"Holck&#8217;s begrafenis"}]},{"@type":"WebSite","@id":"https://www.meettheredbaron.com/nl/#website","url":"https://www.meettheredbaron.com/nl/","name":"Meet The Red Baron","description":"The life and death of Manfred von Richthofen.","publisher":{"@id":"https://www.meettheredbaron.com/nl/#/schema/person/fd320c77882d0d84e4b88ef15120767f"},"potentialAction":[{"@type":"SearchAction","target":{"@type":"EntryPoint","urlTemplate":"https://www.meettheredbaron.com/nl/?s={search_term_string}"},"query-input":{"@type":"PropertyValueSpecification","valueRequired":true,"valueName":"search_term_string"}}],"inLanguage":"nl-NL"},{"@type":["Person","Organization"],"@id":"https://www.meettheredbaron.com/nl/#/schema/person/fd320c77882d0d84e4b88ef15120767f","name":"heinpoblome","image":{"@type":"ImageObject","inLanguage":"nl-NL","@id":"https://www.meettheredbaron.com/nl/#/schema/person/image/","url":"https://www.meettheredbaron.com/wp-content/uploads/2021/12/266-scaled.jpg","contentUrl":"https://www.meettheredbaron.com/wp-content/uploads/2021/12/266-scaled.jpg","width":1850,"height":2560,"caption":"heinpoblome"},"logo":{"@id":"https://www.meettheredbaron.com/nl/#/schema/person/image/"},"sameAs":["http://www.meettheredbaron.com"]}]}</script>
<!-- / Yoast SEO plugin. -->

Holcks Beerdigung. Habe recht herzlichen Dank für Deine Glückwünsche zu meinem Geburtstage, den ich hier sehr nett verlebte.

"Lieve mama!

Hartelijk dank voor je felicitaties voor mijn verjaardag, die ik hier heel gezellig heb doorgebracht. 's Ochtends had ik drie zeer spannende luchtgevechten en 's avonds zat ik met Zeumer, mijn eerste piloot, tot één uur 's nachts onder een bloeiende appelboom te genieten van een maibowle. Ik voel me erg op mijn gemak in mijn nieuwe baan als gevechtspiloot; ik denk dat geen enkele andere functie in de oorlog me zo zou kunnen aanspreken als deze. Ik vlieg met een Fokker, het vliegtuig waarmee Boelcke en Immelmann hun enorme successen hebben behaald. Ik vind het erg jammer dat Holck is omgekomen. Drie dagen voordat hij sneuvelde, had ik hem nog bezocht en we hadden het zo gezellig samen. Hij vertelde me over zijn gevangenneming in Montenegro. Je kunt je niet voorstellen dat deze man, die zo vol gezondheid en kracht zat, er nu niet meer is. Ik was ooggetuige van zijn laatste luchtgevecht. Eerst schoot hij een Fransman in een eskader neer, had blijkbaar een storing en wilde terugvliegen naar onze linie. Toen hing er een hele zwerm Fransen aan hem. Met een schot in het hoofd stortte hij zich vanaf drieduizend meter naar beneden. – Een mooie dood. – Holck met een arm of een been zou ondenkbaar zijn. Vandaag vlieg ik naar zijn begrafenis."
