{"id":14082,"date":"2021-12-16T17:30:58","date_gmt":"2021-12-16T16:30:58","guid":{"rendered":"https:\/\/www.meettheredbaron.com\/event\/mvr-joins-military-cadets-2\/"},"modified":"2025-09-24T10:05:01","modified_gmt":"2025-09-24T09:05:01","slug":"mvr-joins-military-cadets-2","status":"publish","type":"event","link":"https:\/\/www.meettheredbaron.com\/fr\/event\/mvr-joins-military-cadets-2\/","title":{"rendered":"MvR rejoint les cadets militaires \u00e0 Wahlstatt"},"content":{"rendered":"\n<p>\u00ab Quand j&rsquo;\u00e9tais petit, je suis entr\u00e9 dans le corps des cadets. Je n&rsquo;aimais pas trop \u00eatre cadet, mais c&rsquo;\u00e9tait le souhait de mon p\u00e8re et on me demandait donc peu de choses. La discipline stricte et l&rsquo;ordre \u00e9taient particuli\u00e8rement difficiles pour un si jeune blaireau. Je n&rsquo;\u00e9tais pas tr\u00e8s dou\u00e9 pour l&rsquo;enseignement. Je n&rsquo;ai jamais \u00e9t\u00e9 un grand lum\u00e9nien. J&rsquo;ai toujours fait ce qu&rsquo;il fallait pour \u00eatre promu, je ne pensais pas pouvoir faire mieux et j&rsquo;aurais consid\u00e9r\u00e9 que c&rsquo;\u00e9tait de l&rsquo;arrivisme si j&rsquo;avais fait mieux que \u00ab suffisant \u00bb. La cons\u00e9quence naturelle \u00e9tait que mes professeurs ne m&rsquo;appr\u00e9ciaient pas outre mesure. En revanche, j&rsquo;aimais bien le sport : La gymnastique, le football, etc. Je crois qu&rsquo;il n&rsquo;y avait pas une seule vague que je ne pouvais pas faire \u00e0 la barre de gymnastique. C&rsquo;est ainsi que mon commandant m&rsquo;a bient\u00f4t d\u00e9cern\u00e9 quelques prix. Toutes les figures casse-cou m&rsquo;impressionnaient \u00e9norm\u00e9ment. Par exemple, un beau jour, je suis mont\u00e9 en rampant avec mon ami Frankenberg sur le fameux clocher de Wahlstatt par le paratonnerre et j&rsquo;ai attach\u00e9 un mouchoir en haut. Je me souviens exactement de la difficult\u00e9 \u00e0 passer les goutti\u00e8res. J&rsquo;ai encore vu mon mouchoir accroch\u00e9 en haut lorsque j&rsquo;ai rendu visite \u00e0 mon petit fr\u00e8re, environ dix ans plus tard. Mon ami Frankenberg a \u00e9t\u00e9 la premi\u00e8re victime de la guerre que j&rsquo;ai vue \u00bb.<\/p>\n","protected":false},"comment_status":"open","ping_status":"closed","template":"","event-type":[223],"source-language":[259],"source-id-tax":[291],"class_list":["post-14082","event","type-event","status-publish","hentry","event-type-relocation-trips-fr","source-language-allemand-fr","source-id-tax-der-rote-kampfflieger-von-rittmeister-manfred-freiherrn-von-richthofen-1917-351-000-400-000-verlag-ullstein-co-berlin-wien-fr","entry","no-media"],"yoast_head":"<!-- This site is optimized with the Yoast SEO plugin v26.7 - https:\/\/yoast.com\/wordpress\/plugins\/seo\/ -->\n<title>MvR rejoint les cadets militaires \u00e0 Wahlstatt - Meet The Red Baron<\/title>\n<meta name=\"robots\" content=\"index, follow, max-snippet:-1, max-image-preview:large, max-video-preview:-1\" \/>\n<link rel=\"canonical\" href=\"https:\/\/www.meettheredbaron.com\/fr\/event\/mvr-joins-military-cadets-2\/\" \/>\n<meta property=\"og:locale\" content=\"fr_FR\" \/>\n<meta property=\"og:type\" content=\"article\" \/>\n<meta property=\"og:title\" content=\"MvR rejoint les cadets militaires \u00e0 Wahlstatt - Meet The Red Baron\" \/>\n<meta property=\"og:description\" content=\"MvR joins military cadets\" \/>\n<meta property=\"og:url\" content=\"https:\/\/www.meettheredbaron.com\/fr\/event\/mvr-joins-military-cadets-2\/\" \/>\n<meta property=\"og:site_name\" content=\"Meet The Red Baron\" \/>\n<meta property=\"article:modified_time\" content=\"2025-09-24T09:05:01+00:00\" \/>\n<script type=\"application\/ld+json\" class=\"yoast-schema-graph\">{\"@context\":\"https:\/\/schema.org\",\"@graph\":[{\"@type\":\"WebPage\",\"@id\":\"https:\/\/www.meettheredbaron.com\/fr\/event\/mvr-joins-military-cadets-2\/\",\"url\":\"https:\/\/www.meettheredbaron.com\/fr\/event\/mvr-joins-military-cadets-2\/\",\"name\":\"MvR rejoint les cadets militaires \u00e0 Wahlstatt - Meet The Red Baron\",\"isPartOf\":{\"@id\":\"https:\/\/www.meettheredbaron.com\/fr\/#website\"},\"datePublished\":\"2021-12-16T16:30:58+00:00\",\"dateModified\":\"2025-09-24T09:05:01+00:00\",\"breadcrumb\":{\"@id\":\"https:\/\/www.meettheredbaron.com\/fr\/event\/mvr-joins-military-cadets-2\/#breadcrumb\"},\"inLanguage\":\"fr-FR\",\"potentialAction\":[{\"@type\":\"ReadAction\",\"target\":[\"https:\/\/www.meettheredbaron.com\/fr\/event\/mvr-joins-military-cadets-2\/\"]}]},{\"@type\":\"BreadcrumbList\",\"@id\":\"https:\/\/www.meettheredbaron.com\/fr\/event\/mvr-joins-military-cadets-2\/#breadcrumb\",\"itemListElement\":[{\"@type\":\"ListItem\",\"position\":1,\"name\":\"Home\",\"item\":\"https:\/\/www.meettheredbaron.com\/fr\/\"},{\"@type\":\"ListItem\",\"position\":2,\"name\":\"Events\",\"item\":\"https:\/\/www.meettheredbaron.com\/fr\/event\/\"},{\"@type\":\"ListItem\",\"position\":3,\"name\":\"MvR rejoint les cadets militaires \u00e0 Wahlstatt\"}]},{\"@type\":\"WebSite\",\"@id\":\"https:\/\/www.meettheredbaron.com\/fr\/#website\",\"url\":\"https:\/\/www.meettheredbaron.com\/fr\/\",\"name\":\"Meet The Red Baron\",\"description\":\"The life and death of Manfred von Richthofen.\",\"publisher\":{\"@id\":\"https:\/\/www.meettheredbaron.com\/fr\/#\/schema\/person\/fd320c77882d0d84e4b88ef15120767f\"},\"potentialAction\":[{\"@type\":\"SearchAction\",\"target\":{\"@type\":\"EntryPoint\",\"urlTemplate\":\"https:\/\/www.meettheredbaron.com\/fr\/?s={search_term_string}\"},\"query-input\":{\"@type\":\"PropertyValueSpecification\",\"valueRequired\":true,\"valueName\":\"search_term_string\"}}],\"inLanguage\":\"fr-FR\"},{\"@type\":[\"Person\",\"Organization\"],\"@id\":\"https:\/\/www.meettheredbaron.com\/fr\/#\/schema\/person\/fd320c77882d0d84e4b88ef15120767f\",\"name\":\"heinpoblome\",\"image\":{\"@type\":\"ImageObject\",\"inLanguage\":\"fr-FR\",\"@id\":\"https:\/\/www.meettheredbaron.com\/fr\/#\/schema\/person\/image\/\",\"url\":\"https:\/\/www.meettheredbaron.com\/wp-content\/uploads\/2021\/12\/266-scaled.jpg\",\"contentUrl\":\"https:\/\/www.meettheredbaron.com\/wp-content\/uploads\/2021\/12\/266-scaled.jpg\",\"width\":1850,\"height\":2560,\"caption\":\"heinpoblome\"},\"logo\":{\"@id\":\"https:\/\/www.meettheredbaron.com\/fr\/#\/schema\/person\/image\/\"},\"sameAs\":[\"http:\/\/www.meettheredbaron.com\"]}]}<\/script>\n<!-- \/ Yoast SEO plugin. -->","yoast_head_json":{"title":"MvR rejoint les cadets militaires \u00e0 Wahlstatt - Meet The Red Baron","robots":{"index":"index","follow":"follow","max-snippet":"max-snippet:-1","max-image-preview":"max-image-preview:large","max-video-preview":"max-video-preview:-1"},"canonical":"https:\/\/www.meettheredbaron.com\/fr\/event\/mvr-joins-military-cadets-2\/","og_locale":"fr_FR","og_type":"article","og_title":"MvR rejoint les cadets militaires \u00e0 Wahlstatt - Meet The Red Baron","og_description":"MvR joins military cadets","og_url":"https:\/\/www.meettheredbaron.com\/fr\/event\/mvr-joins-military-cadets-2\/","og_site_name":"Meet The Red Baron","article_modified_time":"2025-09-24T09:05:01+00:00","schema":{"@context":"https:\/\/schema.org","@graph":[{"@type":"WebPage","@id":"https:\/\/www.meettheredbaron.com\/fr\/event\/mvr-joins-military-cadets-2\/","url":"https:\/\/www.meettheredbaron.com\/fr\/event\/mvr-joins-military-cadets-2\/","name":"MvR rejoint les cadets militaires \u00e0 Wahlstatt - Meet The Red Baron","isPartOf":{"@id":"https:\/\/www.meettheredbaron.com\/fr\/#website"},"datePublished":"2021-12-16T16:30:58+00:00","dateModified":"2025-09-24T09:05:01+00:00","breadcrumb":{"@id":"https:\/\/www.meettheredbaron.com\/fr\/event\/mvr-joins-military-cadets-2\/#breadcrumb"},"inLanguage":"fr-FR","potentialAction":[{"@type":"ReadAction","target":["https:\/\/www.meettheredbaron.com\/fr\/event\/mvr-joins-military-cadets-2\/"]}]},{"@type":"BreadcrumbList","@id":"https:\/\/www.meettheredbaron.com\/fr\/event\/mvr-joins-military-cadets-2\/#breadcrumb","itemListElement":[{"@type":"ListItem","position":1,"name":"Home","item":"https:\/\/www.meettheredbaron.com\/fr\/"},{"@type":"ListItem","position":2,"name":"Events","item":"https:\/\/www.meettheredbaron.com\/fr\/event\/"},{"@type":"ListItem","position":3,"name":"MvR rejoint les cadets militaires \u00e0 Wahlstatt"}]},{"@type":"WebSite","@id":"https:\/\/www.meettheredbaron.com\/fr\/#website","url":"https:\/\/www.meettheredbaron.com\/fr\/","name":"Meet The Red Baron","description":"The life and death of Manfred von Richthofen.","publisher":{"@id":"https:\/\/www.meettheredbaron.com\/fr\/#\/schema\/person\/fd320c77882d0d84e4b88ef15120767f"},"potentialAction":[{"@type":"SearchAction","target":{"@type":"EntryPoint","urlTemplate":"https:\/\/www.meettheredbaron.com\/fr\/?s={search_term_string}"},"query-input":{"@type":"PropertyValueSpecification","valueRequired":true,"valueName":"search_term_string"}}],"inLanguage":"fr-FR"},{"@type":["Person","Organization"],"@id":"https:\/\/www.meettheredbaron.com\/fr\/#\/schema\/person\/fd320c77882d0d84e4b88ef15120767f","name":"heinpoblome","image":{"@type":"ImageObject","inLanguage":"fr-FR","@id":"https:\/\/www.meettheredbaron.com\/fr\/#\/schema\/person\/image\/","url":"https:\/\/www.meettheredbaron.com\/wp-content\/uploads\/2021\/12\/266-scaled.jpg","contentUrl":"https:\/\/www.meettheredbaron.com\/wp-content\/uploads\/2021\/12\/266-scaled.jpg","width":1850,"height":2560,"caption":"heinpoblome"},"logo":{"@id":"https:\/\/www.meettheredbaron.com\/fr\/#\/schema\/person\/image\/"},"sameAs":["http:\/\/www.meettheredbaron.com"]}]}},"toolset-meta":{"field-group-for-events-2":[],"field-group-for-events":{"date":{"type":"date","raw":"-2096064000","formatted":"08\/01\/1903 00:00"},"date-as-a-string":{"type":"textfield","raw":"8\/1\/1903"},"date-description":{"type":"textfield","raw":"1903-1909"},"geolocation":{"type":"google_address","raw":"51.14543311995445, 16.243070199541556"},"location-description":{"type":"textfield","raw":"Kadettenanstalt Wahlstatt"},"town-name":{"type":"textfield","raw":"Legnickie Pole"},"historical-town-name":{"type":"textfield","raw":"Wahlstatt"},"event-id":{"type":"numeric","raw":"85"},"event-short":{"type":"textfield","raw":"MvR rejoint les cadets militaires \u00e0 Wahlstatt"},"event-description":{"type":"wysiwyg","raw":"\u00ab Quand j'\u00e9tais petit, je suis entr\u00e9 dans le corps des cadets. Je n'aimais pas trop \u00eatre cadet, mais c'\u00e9tait le souhait de mon p\u00e8re et on me demandait donc peu de choses. La discipline stricte et l'ordre \u00e9taient particuli\u00e8rement difficiles pour un si jeune blaireau. Je n'\u00e9tais pas tr\u00e8s dou\u00e9 pour l'enseignement. Je n'ai jamais \u00e9t\u00e9 un grand lum\u00e9nien. J'ai toujours fait ce qu'il fallait pour \u00eatre promu, je ne pensais pas pouvoir faire mieux et j'aurais consid\u00e9r\u00e9 que c'\u00e9tait de l'arrivisme si j'avais fait mieux que \u00ab suffisant \u00bb. La cons\u00e9quence naturelle \u00e9tait que mes professeurs ne m'appr\u00e9ciaient pas outre mesure. En revanche, j'aimais bien le sport : La gymnastique, le football, etc. Je crois qu'il n'y avait pas une seule vague que je ne pouvais pas faire \u00e0 la barre de gymnastique. C'est ainsi que mon commandant m'a bient\u00f4t d\u00e9cern\u00e9 quelques prix. Toutes les figures casse-cou m'impressionnaient \u00e9norm\u00e9ment. Par exemple, un beau jour, je suis mont\u00e9 en rampant avec mon ami Frankenberg sur le fameux clocher de Wahlstatt par le paratonnerre et j'ai attach\u00e9 un mouchoir en haut. Je me souviens exactement de la difficult\u00e9 \u00e0 passer les goutti\u00e8res. J'ai encore vu mon mouchoir accroch\u00e9 en haut lorsque j'ai rendu visite \u00e0 mon petit fr\u00e8re, environ dix ans plus tard. Mon ami Frankenberg a \u00e9t\u00e9 la premi\u00e8re victime de la guerre que j'ai vue \u00bb."},"event-type-id":{"type":"numeric","raw":"3"},"source-id":{"type":"numeric","raw":"4"},"source-long-in-event":{"type":"textfield","raw":"Der rote Kampfflieger von Rittmeister Manfred Freiherrn von Richthofen, 1917, 351.000 - 400.000, Verlag Ullstein & Co, Berlin-Wien"},"pagenumber":{"type":"textfield","raw":"12"},"airplane-id":{"type":"textfield","raw":""},"combat-id":{"type":"textfield","raw":""},"event-type":{"type":"select","raw":"3"},"source-language":{"type":"select","raw":"2"},"picture":{"type":"image","raw":["https:\/\/www.meettheredbaron.com\/wp-content\/uploads\/2023\/08\/39.jpg","https:\/\/www.meettheredbaron.com\/wp-content\/uploads\/2021\/12\/38-1.jpg"],"repeatable":[{"raw":"https:\/\/www.meettheredbaron.com\/wp-content\/uploads\/2023\/08\/39.jpg","attachment_id":9425},{"raw":"https:\/\/www.meettheredbaron.com\/wp-content\/uploads\/2021\/12\/38-1.jpg","attachment_id":8132}]}}},"_links":{"self":[{"href":"https:\/\/www.meettheredbaron.com\/fr\/wp-json\/wp\/v2\/event\/14082","targetHints":{"allow":["GET"]}}],"collection":[{"href":"https:\/\/www.meettheredbaron.com\/fr\/wp-json\/wp\/v2\/event"}],"about":[{"href":"https:\/\/www.meettheredbaron.com\/fr\/wp-json\/wp\/v2\/types\/event"}],"replies":[{"embeddable":true,"href":"https:\/\/www.meettheredbaron.com\/fr\/wp-json\/wp\/v2\/comments?post=14082"}],"wp:attachment":[{"href":"https:\/\/www.meettheredbaron.com\/fr\/wp-json\/wp\/v2\/media?parent=14082"}],"wp:term":[{"taxonomy":"event-type","embeddable":true,"href":"https:\/\/www.meettheredbaron.com\/fr\/wp-json\/wp\/v2\/event-type?post=14082"},{"taxonomy":"source-language","embeddable":true,"href":"https:\/\/www.meettheredbaron.com\/fr\/wp-json\/wp\/v2\/source-language?post=14082"},{"taxonomy":"source-id-tax","embeddable":true,"href":"https:\/\/www.meettheredbaron.com\/fr\/wp-json\/wp\/v2\/source-id-tax?post=14082"}],"curies":[{"name":"wp","href":"https:\/\/api.w.org\/{rel}","templated":true}]}}

MvR rejoint les cadets militaires à Wahlstatt

<p>« Quand j&rsquo;étais petit, je suis entré dans le corps des cadets. Je n&rsquo;aimais pas trop être cadet, mais c&rsquo;était le souhait de mon père et on me demandait donc peu de choses. La discipline stricte et l&rsquo;ordre étaient particulièrement difficiles pour un si jeune blaireau. Je n&rsquo;étais pas très doué pour l&rsquo;enseignement. Je n&rsquo;ai jamais été un grand luménien. J&rsquo;ai toujours fait ce qu&rsquo;il fallait pour être promu, je ne pensais pas pouvoir faire mieux et j&rsquo;aurais considéré que c&rsquo;était de l&rsquo;arrivisme si j&rsquo;avais fait mieux que « suffisant ». La conséquence naturelle était que mes professeurs ne m&rsquo;appréciaient pas outre mesure. En revanche, j&rsquo;aimais bien le sport : La gymnastique, le football, etc. Je crois qu&rsquo;il n&rsquo;y avait pas une seule vague que je ne pouvais pas faire à la barre de gymnastique. C&rsquo;est ainsi que mon commandant m&rsquo;a bientôt décerné quelques prix. Toutes les figures casse-cou m&rsquo;impressionnaient énormément. Par exemple, un beau jour, je suis monté en rampant avec mon ami Frankenberg sur le fameux clocher de Wahlstatt par le paratonnerre et j&rsquo;ai attaché un mouchoir en haut. Je me souviens exactement de la difficulté à passer les gouttières. J&rsquo;ai encore vu mon mouchoir accroché en haut lorsque j&rsquo;ai rendu visite à mon petit frère, environ dix ans plus tard. Mon ami Frankenberg a été la première victime de la guerre que j&rsquo;ai vue ».</p>

<!-- This site is optimized with the Yoast SEO plugin v26.7 - https://yoast.com/wordpress/plugins/seo/ -->
<title>MvR rejoint les cadets militaires à Wahlstatt - Meet The Red Baron</title>
<meta name="robots" content="index, follow, max-snippet:-1, max-image-preview:large, max-video-preview:-1" />
<link rel="canonical" href="https://www.meettheredbaron.com/fr/event/mvr-joins-military-cadets-2/" />
<meta property="og:locale" content="fr_FR" />
<meta property="og:type" content="article" />
<meta property="og:title" content="MvR rejoint les cadets militaires à Wahlstatt - Meet The Red Baron" />
<meta property="og:description" content="MvR joins military cadets" />
<meta property="og:url" content="https://www.meettheredbaron.com/fr/event/mvr-joins-military-cadets-2/" />
<meta property="og:site_name" content="Meet The Red Baron" />
<meta property="article:modified_time" content="2025-09-24T09:05:01+00:00" />
<script type="application/ld+json" class="yoast-schema-graph">{"@context":"https://schema.org","@graph":[{"@type":"WebPage","@id":"https://www.meettheredbaron.com/fr/event/mvr-joins-military-cadets-2/","url":"https://www.meettheredbaron.com/fr/event/mvr-joins-military-cadets-2/","name":"MvR rejoint les cadets militaires à Wahlstatt - Meet The Red Baron","isPartOf":{"@id":"https://www.meettheredbaron.com/fr/#website"},"datePublished":"2021-12-16T16:30:58+00:00","dateModified":"2025-09-24T09:05:01+00:00","breadcrumb":{"@id":"https://www.meettheredbaron.com/fr/event/mvr-joins-military-cadets-2/#breadcrumb"},"inLanguage":"fr-FR","potentialAction":[{"@type":"ReadAction","target":["https://www.meettheredbaron.com/fr/event/mvr-joins-military-cadets-2/"]}]},{"@type":"BreadcrumbList","@id":"https://www.meettheredbaron.com/fr/event/mvr-joins-military-cadets-2/#breadcrumb","itemListElement":[{"@type":"ListItem","position":1,"name":"Home","item":"https://www.meettheredbaron.com/fr/"},{"@type":"ListItem","position":2,"name":"Events","item":"https://www.meettheredbaron.com/fr/event/"},{"@type":"ListItem","position":3,"name":"MvR rejoint les cadets militaires à Wahlstatt"}]},{"@type":"WebSite","@id":"https://www.meettheredbaron.com/fr/#website","url":"https://www.meettheredbaron.com/fr/","name":"Meet The Red Baron","description":"The life and death of Manfred von Richthofen.","publisher":{"@id":"https://www.meettheredbaron.com/fr/#/schema/person/fd320c77882d0d84e4b88ef15120767f"},"potentialAction":[{"@type":"SearchAction","target":{"@type":"EntryPoint","urlTemplate":"https://www.meettheredbaron.com/fr/?s={search_term_string}"},"query-input":{"@type":"PropertyValueSpecification","valueRequired":true,"valueName":"search_term_string"}}],"inLanguage":"fr-FR"},{"@type":["Person","Organization"],"@id":"https://www.meettheredbaron.com/fr/#/schema/person/fd320c77882d0d84e4b88ef15120767f","name":"heinpoblome","image":{"@type":"ImageObject","inLanguage":"fr-FR","@id":"https://www.meettheredbaron.com/fr/#/schema/person/image/","url":"https://www.meettheredbaron.com/wp-content/uploads/2021/12/266-scaled.jpg","contentUrl":"https://www.meettheredbaron.com/wp-content/uploads/2021/12/266-scaled.jpg","width":1850,"height":2560,"caption":"heinpoblome"},"logo":{"@id":"https://www.meettheredbaron.com/fr/#/schema/person/image/"},"sameAs":["http://www.meettheredbaron.com"]}]}</script>
<!-- / Yoast SEO plugin. -->

MvR rejoint les cadets militaires à Wahlstatt - Meet The Red Baron

« Quand j'étais petit, je suis entré dans le corps des cadets. Je n'aimais pas trop être cadet, mais c'était le souhait de mon père et on me demandait donc peu de choses. La discipline stricte et l'ordre étaient particulièrement difficiles pour un si jeune blaireau. Je n'étais pas très doué pour l'enseignement. Je n'ai jamais été un grand luménien. J'ai toujours fait ce qu'il fallait pour être promu, je ne pensais pas pouvoir faire mieux et j'aurais considéré que c'était de l'arrivisme si j'avais fait mieux que « suffisant ». La conséquence naturelle était que mes professeurs ne m'appréciaient pas outre mesure. En revanche, j'aimais bien le sport : La gymnastique, le football, etc. Je crois qu'il n'y avait pas une seule vague que je ne pouvais pas faire à la barre de gymnastique. C'est ainsi que mon commandant m'a bientôt décerné quelques prix. Toutes les figures casse-cou m'impressionnaient énormément. Par exemple, un beau jour, je suis monté en rampant avec mon ami Frankenberg sur le fameux clocher de Wahlstatt par le paratonnerre et j'ai attaché un mouchoir en haut. Je me souviens exactement de la difficulté à passer les gouttières. J'ai encore vu mon mouchoir accroché en haut lorsque j'ai rendu visite à mon petit frère, environ dix ans plus tard. Mon ami Frankenberg a été la première victime de la guerre que j'ai vue ».
