{"id":13884,"date":"2021-12-16T17:31:00","date_gmt":"2021-12-16T16:31:00","guid":{"rendered":"https:\/\/www.meettheredbaron.com\/event\/mvr-appointed-leader-of-jasta-11\/"},"modified":"2025-09-16T14:05:31","modified_gmt":"2025-09-16T13:05:31","slug":"mvr-appointed-leader-of-jasta-11","status":"publish","type":"event","link":"https:\/\/www.meettheredbaron.com\/fr\/event\/mvr-appointed-leader-of-jasta-11\/","title":{"rendered":"MvR nomm\u00e9 chef de Jasta 11"},"content":{"rendered":"<p>\u00ab Voil\u00e0 qu&rsquo;un jour, le t\u00e9l\u00e9gramme arrive : \u00bbLe lieutenant v. R. a \u00e9t\u00e9 nomm\u00e9 chef de l&rsquo;escadron de chasse 11&Prime;. Je dois dire que j&rsquo;ai \u00e9t\u00e9 contrari\u00e9. On s&rsquo;\u00e9tait si bien familiaris\u00e9 avec les camarades de l&rsquo;escadron de chasse Boelcke. Maintenant, recommencer \u00e0 z\u00e9ro, s&rsquo;installer, etc. \u00e9tait ennuyeux. En plus, j&rsquo;aurais pr\u00e9f\u00e9r\u00e9 le Pour le m\u00e9rite\u00a0\u00bb.<\/p>\n","protected":false},"comment_status":"open","ping_status":"closed","template":"","event-type":[242],"source-language":[259],"source-id-tax":[291],"class_list":["post-13884","event","type-event","status-publish","hentry","event-type-appointment-medals-fr","source-language-allemand-fr","source-id-tax-der-rote-kampfflieger-von-rittmeister-manfred-freiherrn-von-richthofen-1917-351-000-400-000-verlag-ullstein-co-berlin-wien-fr","entry","no-media"],"yoast_head":"<!-- This site is optimized with the Yoast SEO plugin v26.7 - https:\/\/yoast.com\/wordpress\/plugins\/seo\/ -->\n<title>MvR nomm\u00e9 chef de Jasta 11 - Meet The Red Baron<\/title>\n<meta name=\"robots\" content=\"index, follow, max-snippet:-1, max-image-preview:large, max-video-preview:-1\" \/>\n<link rel=\"canonical\" href=\"https:\/\/www.meettheredbaron.com\/fr\/event\/mvr-appointed-leader-of-jasta-11\/\" \/>\n<meta property=\"og:locale\" content=\"fr_FR\" \/>\n<meta property=\"og:type\" content=\"article\" \/>\n<meta property=\"og:title\" content=\"MvR nomm\u00e9 chef de Jasta 11 - Meet The Red Baron\" \/>\n<meta property=\"og:description\" content=\"MvR appointed leader of Jasta 11\" \/>\n<meta property=\"og:url\" content=\"https:\/\/www.meettheredbaron.com\/fr\/event\/mvr-appointed-leader-of-jasta-11\/\" \/>\n<meta property=\"og:site_name\" content=\"Meet The Red Baron\" \/>\n<meta property=\"article:modified_time\" content=\"2025-09-16T13:05:31+00:00\" \/>\n<script type=\"application\/ld+json\" class=\"yoast-schema-graph\">{\"@context\":\"https:\/\/schema.org\",\"@graph\":[{\"@type\":\"WebPage\",\"@id\":\"https:\/\/www.meettheredbaron.com\/fr\/event\/mvr-appointed-leader-of-jasta-11\/\",\"url\":\"https:\/\/www.meettheredbaron.com\/fr\/event\/mvr-appointed-leader-of-jasta-11\/\",\"name\":\"MvR nomm\u00e9 chef de Jasta 11 - Meet The Red Baron\",\"isPartOf\":{\"@id\":\"https:\/\/www.meettheredbaron.com\/fr\/#website\"},\"datePublished\":\"2021-12-16T16:31:00+00:00\",\"dateModified\":\"2025-09-16T13:05:31+00:00\",\"breadcrumb\":{\"@id\":\"https:\/\/www.meettheredbaron.com\/fr\/event\/mvr-appointed-leader-of-jasta-11\/#breadcrumb\"},\"inLanguage\":\"fr-FR\",\"potentialAction\":[{\"@type\":\"ReadAction\",\"target\":[\"https:\/\/www.meettheredbaron.com\/fr\/event\/mvr-appointed-leader-of-jasta-11\/\"]}]},{\"@type\":\"BreadcrumbList\",\"@id\":\"https:\/\/www.meettheredbaron.com\/fr\/event\/mvr-appointed-leader-of-jasta-11\/#breadcrumb\",\"itemListElement\":[{\"@type\":\"ListItem\",\"position\":1,\"name\":\"Home\",\"item\":\"https:\/\/www.meettheredbaron.com\/fr\/\"},{\"@type\":\"ListItem\",\"position\":2,\"name\":\"Events\",\"item\":\"https:\/\/www.meettheredbaron.com\/fr\/event\/\"},{\"@type\":\"ListItem\",\"position\":3,\"name\":\"MvR nomm\u00e9 chef de Jasta 11\"}]},{\"@type\":\"WebSite\",\"@id\":\"https:\/\/www.meettheredbaron.com\/fr\/#website\",\"url\":\"https:\/\/www.meettheredbaron.com\/fr\/\",\"name\":\"Meet The Red Baron\",\"description\":\"The life and death of Manfred von Richthofen.\",\"publisher\":{\"@id\":\"https:\/\/www.meettheredbaron.com\/fr\/#\/schema\/person\/fd320c77882d0d84e4b88ef15120767f\"},\"potentialAction\":[{\"@type\":\"SearchAction\",\"target\":{\"@type\":\"EntryPoint\",\"urlTemplate\":\"https:\/\/www.meettheredbaron.com\/fr\/?s={search_term_string}\"},\"query-input\":{\"@type\":\"PropertyValueSpecification\",\"valueRequired\":true,\"valueName\":\"search_term_string\"}}],\"inLanguage\":\"fr-FR\"},{\"@type\":[\"Person\",\"Organization\"],\"@id\":\"https:\/\/www.meettheredbaron.com\/fr\/#\/schema\/person\/fd320c77882d0d84e4b88ef15120767f\",\"name\":\"heinpoblome\",\"image\":{\"@type\":\"ImageObject\",\"inLanguage\":\"fr-FR\",\"@id\":\"https:\/\/www.meettheredbaron.com\/fr\/#\/schema\/person\/image\/\",\"url\":\"https:\/\/www.meettheredbaron.com\/wp-content\/uploads\/2021\/12\/266-scaled.jpg\",\"contentUrl\":\"https:\/\/www.meettheredbaron.com\/wp-content\/uploads\/2021\/12\/266-scaled.jpg\",\"width\":1850,\"height\":2560,\"caption\":\"heinpoblome\"},\"logo\":{\"@id\":\"https:\/\/www.meettheredbaron.com\/fr\/#\/schema\/person\/image\/\"},\"sameAs\":[\"http:\/\/www.meettheredbaron.com\"]}]}<\/script>\n<!-- \/ Yoast SEO plugin. -->","yoast_head_json":{"title":"MvR nomm\u00e9 chef de Jasta 11 - Meet The Red Baron","robots":{"index":"index","follow":"follow","max-snippet":"max-snippet:-1","max-image-preview":"max-image-preview:large","max-video-preview":"max-video-preview:-1"},"canonical":"https:\/\/www.meettheredbaron.com\/fr\/event\/mvr-appointed-leader-of-jasta-11\/","og_locale":"fr_FR","og_type":"article","og_title":"MvR nomm\u00e9 chef de Jasta 11 - Meet The Red Baron","og_description":"MvR appointed leader of Jasta 11","og_url":"https:\/\/www.meettheredbaron.com\/fr\/event\/mvr-appointed-leader-of-jasta-11\/","og_site_name":"Meet The Red Baron","article_modified_time":"2025-09-16T13:05:31+00:00","schema":{"@context":"https:\/\/schema.org","@graph":[{"@type":"WebPage","@id":"https:\/\/www.meettheredbaron.com\/fr\/event\/mvr-appointed-leader-of-jasta-11\/","url":"https:\/\/www.meettheredbaron.com\/fr\/event\/mvr-appointed-leader-of-jasta-11\/","name":"MvR nomm\u00e9 chef de Jasta 11 - Meet The Red Baron","isPartOf":{"@id":"https:\/\/www.meettheredbaron.com\/fr\/#website"},"datePublished":"2021-12-16T16:31:00+00:00","dateModified":"2025-09-16T13:05:31+00:00","breadcrumb":{"@id":"https:\/\/www.meettheredbaron.com\/fr\/event\/mvr-appointed-leader-of-jasta-11\/#breadcrumb"},"inLanguage":"fr-FR","potentialAction":[{"@type":"ReadAction","target":["https:\/\/www.meettheredbaron.com\/fr\/event\/mvr-appointed-leader-of-jasta-11\/"]}]},{"@type":"BreadcrumbList","@id":"https:\/\/www.meettheredbaron.com\/fr\/event\/mvr-appointed-leader-of-jasta-11\/#breadcrumb","itemListElement":[{"@type":"ListItem","position":1,"name":"Home","item":"https:\/\/www.meettheredbaron.com\/fr\/"},{"@type":"ListItem","position":2,"name":"Events","item":"https:\/\/www.meettheredbaron.com\/fr\/event\/"},{"@type":"ListItem","position":3,"name":"MvR nomm\u00e9 chef de Jasta 11"}]},{"@type":"WebSite","@id":"https:\/\/www.meettheredbaron.com\/fr\/#website","url":"https:\/\/www.meettheredbaron.com\/fr\/","name":"Meet The Red Baron","description":"The life and death of Manfred von Richthofen.","publisher":{"@id":"https:\/\/www.meettheredbaron.com\/fr\/#\/schema\/person\/fd320c77882d0d84e4b88ef15120767f"},"potentialAction":[{"@type":"SearchAction","target":{"@type":"EntryPoint","urlTemplate":"https:\/\/www.meettheredbaron.com\/fr\/?s={search_term_string}"},"query-input":{"@type":"PropertyValueSpecification","valueRequired":true,"valueName":"search_term_string"}}],"inLanguage":"fr-FR"},{"@type":["Person","Organization"],"@id":"https:\/\/www.meettheredbaron.com\/fr\/#\/schema\/person\/fd320c77882d0d84e4b88ef15120767f","name":"heinpoblome","image":{"@type":"ImageObject","inLanguage":"fr-FR","@id":"https:\/\/www.meettheredbaron.com\/fr\/#\/schema\/person\/image\/","url":"https:\/\/www.meettheredbaron.com\/wp-content\/uploads\/2021\/12\/266-scaled.jpg","contentUrl":"https:\/\/www.meettheredbaron.com\/wp-content\/uploads\/2021\/12\/266-scaled.jpg","width":1850,"height":2560,"caption":"heinpoblome"},"logo":{"@id":"https:\/\/www.meettheredbaron.com\/fr\/#\/schema\/person\/image\/"},"sameAs":["http:\/\/www.meettheredbaron.com"]}]}},"toolset-meta":{"field-group-for-events-2":[],"field-group-for-events":{"date":{"type":"date","raw":"-1670889600","formatted":"01\/20\/1917 00:00"},"date-as-a-string":{"type":"textfield","raw":"01\/20\/1917"},"date-description":{"type":"textfield","raw":""},"geolocation":{"type":"google_address","raw":"50.367639, 3.03435"},"location-description":{"type":"textfield","raw":""},"town-name":{"type":"textfield","raw":"La Brayelle"},"historical-town-name":{"type":"textfield","raw":""},"event-id":{"type":"numeric","raw":"153"},"event-short":{"type":"textfield","raw":"MvR nomm\u00e9 chef de Jasta 11"},"event-description":{"type":"wysiwyg","raw":"\u00ab Voil\u00e0 qu'un jour, le t\u00e9l\u00e9gramme arrive : \u00bbLe lieutenant v. R. a \u00e9t\u00e9 nomm\u00e9 chef de l'escadron de chasse 11\". Je dois dire que j'ai \u00e9t\u00e9 contrari\u00e9. On s'\u00e9tait si bien familiaris\u00e9 avec les camarades de l'escadron de chasse Boelcke. Maintenant, recommencer \u00e0 z\u00e9ro, s'installer, etc. \u00e9tait ennuyeux. En plus, j'aurais pr\u00e9f\u00e9r\u00e9 le Pour le m\u00e9rite\"."},"event-type-id":{"type":"numeric","raw":"1"},"source-id":{"type":"numeric","raw":"4"},"source-long-in-event":{"type":"textfield","raw":"Der rote Kampfflieger von Rittmeister Manfred Freiherrn von Richthofen, 1917, 351.000 - 400.000, Verlag Ullstein & Co, Berlin-Wien"},"pagenumber":{"type":"textfield","raw":"106"},"airplane-id":{"type":"textfield","raw":""},"combat-id":{"type":"textfield","raw":""},"event-type":{"type":"select","raw":"1"},"source-language":{"type":"select","raw":"2"},"picture":{"type":"image","raw":["https:\/\/www.meettheredbaron.com\/wp-content\/uploads\/2021\/12\/461.jpg"],"repeatable":[{"raw":"https:\/\/www.meettheredbaron.com\/wp-content\/uploads\/2021\/12\/461.jpg","attachment_id":9827}]}}},"_links":{"self":[{"href":"https:\/\/www.meettheredbaron.com\/fr\/wp-json\/wp\/v2\/event\/13884","targetHints":{"allow":["GET"]}}],"collection":[{"href":"https:\/\/www.meettheredbaron.com\/fr\/wp-json\/wp\/v2\/event"}],"about":[{"href":"https:\/\/www.meettheredbaron.com\/fr\/wp-json\/wp\/v2\/types\/event"}],"replies":[{"embeddable":true,"href":"https:\/\/www.meettheredbaron.com\/fr\/wp-json\/wp\/v2\/comments?post=13884"}],"wp:attachment":[{"href":"https:\/\/www.meettheredbaron.com\/fr\/wp-json\/wp\/v2\/media?parent=13884"}],"wp:term":[{"taxonomy":"event-type","embeddable":true,"href":"https:\/\/www.meettheredbaron.com\/fr\/wp-json\/wp\/v2\/event-type?post=13884"},{"taxonomy":"source-language","embeddable":true,"href":"https:\/\/www.meettheredbaron.com\/fr\/wp-json\/wp\/v2\/source-language?post=13884"},{"taxonomy":"source-id-tax","embeddable":true,"href":"https:\/\/www.meettheredbaron.com\/fr\/wp-json\/wp\/v2\/source-id-tax?post=13884"}],"curies":[{"name":"wp","href":"https:\/\/api.w.org\/{rel}","templated":true}]}}

MvR nommé chef de Jasta 11

<p>« Voilà qu&rsquo;un jour, le télégramme arrive : »Le lieutenant v. R. a été nommé chef de l&rsquo;escadron de chasse 11&Prime;. Je dois dire que j&rsquo;ai été contrarié. On s&rsquo;était si bien familiarisé avec les camarades de l&rsquo;escadron de chasse Boelcke. Maintenant, recommencer à zéro, s&rsquo;installer, etc. était ennuyeux. En plus, j&rsquo;aurais préféré le Pour le mérite ».</p>

<!-- This site is optimized with the Yoast SEO plugin v26.7 - https://yoast.com/wordpress/plugins/seo/ -->
<title>MvR nommé chef de Jasta 11 - Meet The Red Baron</title>
<meta name="robots" content="index, follow, max-snippet:-1, max-image-preview:large, max-video-preview:-1" />
<link rel="canonical" href="https://www.meettheredbaron.com/fr/event/mvr-appointed-leader-of-jasta-11/" />
<meta property="og:locale" content="fr_FR" />
<meta property="og:type" content="article" />
<meta property="og:title" content="MvR nommé chef de Jasta 11 - Meet The Red Baron" />
<meta property="og:description" content="MvR appointed leader of Jasta 11" />
<meta property="og:url" content="https://www.meettheredbaron.com/fr/event/mvr-appointed-leader-of-jasta-11/" />
<meta property="og:site_name" content="Meet The Red Baron" />
<meta property="article:modified_time" content="2025-09-16T13:05:31+00:00" />
<script type="application/ld+json" class="yoast-schema-graph">{"@context":"https://schema.org","@graph":[{"@type":"WebPage","@id":"https://www.meettheredbaron.com/fr/event/mvr-appointed-leader-of-jasta-11/","url":"https://www.meettheredbaron.com/fr/event/mvr-appointed-leader-of-jasta-11/","name":"MvR nommé chef de Jasta 11 - Meet The Red Baron","isPartOf":{"@id":"https://www.meettheredbaron.com/fr/#website"},"datePublished":"2021-12-16T16:31:00+00:00","dateModified":"2025-09-16T13:05:31+00:00","breadcrumb":{"@id":"https://www.meettheredbaron.com/fr/event/mvr-appointed-leader-of-jasta-11/#breadcrumb"},"inLanguage":"fr-FR","potentialAction":[{"@type":"ReadAction","target":["https://www.meettheredbaron.com/fr/event/mvr-appointed-leader-of-jasta-11/"]}]},{"@type":"BreadcrumbList","@id":"https://www.meettheredbaron.com/fr/event/mvr-appointed-leader-of-jasta-11/#breadcrumb","itemListElement":[{"@type":"ListItem","position":1,"name":"Home","item":"https://www.meettheredbaron.com/fr/"},{"@type":"ListItem","position":2,"name":"Events","item":"https://www.meettheredbaron.com/fr/event/"},{"@type":"ListItem","position":3,"name":"MvR nommé chef de Jasta 11"}]},{"@type":"WebSite","@id":"https://www.meettheredbaron.com/fr/#website","url":"https://www.meettheredbaron.com/fr/","name":"Meet The Red Baron","description":"The life and death of Manfred von Richthofen.","publisher":{"@id":"https://www.meettheredbaron.com/fr/#/schema/person/fd320c77882d0d84e4b88ef15120767f"},"potentialAction":[{"@type":"SearchAction","target":{"@type":"EntryPoint","urlTemplate":"https://www.meettheredbaron.com/fr/?s={search_term_string}"},"query-input":{"@type":"PropertyValueSpecification","valueRequired":true,"valueName":"search_term_string"}}],"inLanguage":"fr-FR"},{"@type":["Person","Organization"],"@id":"https://www.meettheredbaron.com/fr/#/schema/person/fd320c77882d0d84e4b88ef15120767f","name":"heinpoblome","image":{"@type":"ImageObject","inLanguage":"fr-FR","@id":"https://www.meettheredbaron.com/fr/#/schema/person/image/","url":"https://www.meettheredbaron.com/wp-content/uploads/2021/12/266-scaled.jpg","contentUrl":"https://www.meettheredbaron.com/wp-content/uploads/2021/12/266-scaled.jpg","width":1850,"height":2560,"caption":"heinpoblome"},"logo":{"@id":"https://www.meettheredbaron.com/fr/#/schema/person/image/"},"sameAs":["http://www.meettheredbaron.com"]}]}</script>
<!-- / Yoast SEO plugin. -->

MvR nommé chef de Jasta 11 - Meet The Red Baron

« Voilà qu'un jour, le télégramme arrive : »Le lieutenant v. R. a été nommé chef de l'escadron de chasse 11". Je dois dire que j'ai été contrarié. On s'était si bien familiarisé avec les camarades de l'escadron de chasse Boelcke. Maintenant, recommencer à zéro, s'installer, etc. était ennuyeux. En plus, j'aurais préféré le Pour le mérite".
