{"id":13509,"date":"2021-12-16T17:31:04","date_gmt":"2021-12-16T16:31:04","guid":{"rendered":"https:\/\/www.meettheredbaron.com\/event\/telegramm-der-kaiserin-auguste-viktoria-an-mutter-richthofens\/"},"modified":"2025-03-28T13:51:22","modified_gmt":"2025-03-28T12:51:22","slug":"telegramm-der-kaiserin-auguste-viktoria-an-mutter-richthofens","status":"publish","type":"event","link":"https:\/\/www.meettheredbaron.com\/fr\/event\/telegramm-der-kaiserin-auguste-viktoria-an-mutter-richthofens\/","title":{"rendered":"T\u00e9l\u00e9gramme de l&rsquo;imp\u00e9ratrice Auguste Victoria \u00e0 la m\u00e8re de Richthofen"},"content":{"rendered":"<p>\u00ab\u00a0Berlin, ch\u00e2teau de Bellevue, le 24 avril Tant de fois, \u00e0 chaque nouvelle d&rsquo;une victoire de votre fils, j&rsquo;ai trembl\u00e9 pour sa vie, qu&rsquo;il avait consacr\u00e9e au roi et \u00e0 la patrie. Et maintenant, Dieu a fait en sorte que votre fiert\u00e9, et la n\u00f4tre, ait d\u00fb mettre un terme \u00e0 sa carri\u00e8re h\u00e9ro\u00efque. Votre fils est encore devant mes yeux, dans sa modestie et ses simples descriptions, lorsque j&rsquo;ai eu la joie de le saluer en mai de l&rsquo;ann\u00e9e derni\u00e8re. Je n&rsquo;ai pas pu m&#8217;emp\u00eacher de le voir s&rsquo;envoler dans les airs depuis l&rsquo;a\u00e9rodrome. Que le Seigneur soit avec vous et les v\u00f4tres dans votre grande douleur. J&rsquo;esp\u00e8re que l&rsquo;\u00e9tat de sant\u00e9 de votre deuxi\u00e8me fils est satisfaisant\u00a0\u00bb.<\/p>\n","protected":false},"comment_status":"open","ping_status":"closed","template":"","event-type":[244],"source-language":[259],"source-id-tax":[457],"class_list":["post-13509","event","type-event","status-publish","hentry","event-type-general-event-fr","source-language-allemand-fr","source-id-tax-http-www-frontflieger-de-4-ric13-html-fr","entry","no-media"],"yoast_head":"<!-- This site is optimized with the Yoast SEO plugin v26.7 - https:\/\/yoast.com\/wordpress\/plugins\/seo\/ -->\n<title>T\u00e9l\u00e9gramme de l&#039;imp\u00e9ratrice Auguste Victoria \u00e0 la m\u00e8re de Richthofen - Meet The Red Baron<\/title>\n<meta name=\"robots\" content=\"index, follow, max-snippet:-1, max-image-preview:large, max-video-preview:-1\" \/>\n<link rel=\"canonical\" href=\"https:\/\/www.meettheredbaron.com\/fr\/event\/telegramm-der-kaiserin-auguste-viktoria-an-mutter-richthofens\/\" \/>\n<meta property=\"og:locale\" content=\"fr_FR\" \/>\n<meta property=\"og:type\" content=\"article\" \/>\n<meta property=\"og:title\" content=\"T\u00e9l\u00e9gramme de l&#039;imp\u00e9ratrice Auguste Victoria \u00e0 la m\u00e8re de Richthofen - Meet The Red Baron\" \/>\n<meta property=\"og:description\" content=\"Telegramm der Kaiserin Auguste Viktoria an Mutter Richthofens\" \/>\n<meta property=\"og:url\" content=\"https:\/\/www.meettheredbaron.com\/fr\/event\/telegramm-der-kaiserin-auguste-viktoria-an-mutter-richthofens\/\" \/>\n<meta property=\"og:site_name\" content=\"Meet The Red Baron\" \/>\n<meta property=\"article:modified_time\" content=\"2025-03-28T12:51:22+00:00\" \/>\n<script type=\"application\/ld+json\" class=\"yoast-schema-graph\">{\"@context\":\"https:\/\/schema.org\",\"@graph\":[{\"@type\":\"WebPage\",\"@id\":\"https:\/\/www.meettheredbaron.com\/fr\/event\/telegramm-der-kaiserin-auguste-viktoria-an-mutter-richthofens\/\",\"url\":\"https:\/\/www.meettheredbaron.com\/fr\/event\/telegramm-der-kaiserin-auguste-viktoria-an-mutter-richthofens\/\",\"name\":\"T\u00e9l\u00e9gramme de l'imp\u00e9ratrice Auguste Victoria \u00e0 la m\u00e8re de Richthofen - Meet The Red Baron\",\"isPartOf\":{\"@id\":\"https:\/\/www.meettheredbaron.com\/fr\/#website\"},\"datePublished\":\"2021-12-16T16:31:04+00:00\",\"dateModified\":\"2025-03-28T12:51:22+00:00\",\"breadcrumb\":{\"@id\":\"https:\/\/www.meettheredbaron.com\/fr\/event\/telegramm-der-kaiserin-auguste-viktoria-an-mutter-richthofens\/#breadcrumb\"},\"inLanguage\":\"fr-FR\",\"potentialAction\":[{\"@type\":\"ReadAction\",\"target\":[\"https:\/\/www.meettheredbaron.com\/fr\/event\/telegramm-der-kaiserin-auguste-viktoria-an-mutter-richthofens\/\"]}]},{\"@type\":\"BreadcrumbList\",\"@id\":\"https:\/\/www.meettheredbaron.com\/fr\/event\/telegramm-der-kaiserin-auguste-viktoria-an-mutter-richthofens\/#breadcrumb\",\"itemListElement\":[{\"@type\":\"ListItem\",\"position\":1,\"name\":\"Home\",\"item\":\"https:\/\/www.meettheredbaron.com\/fr\/\"},{\"@type\":\"ListItem\",\"position\":2,\"name\":\"Events\",\"item\":\"https:\/\/www.meettheredbaron.com\/fr\/event\/\"},{\"@type\":\"ListItem\",\"position\":3,\"name\":\"T\u00e9l\u00e9gramme de l&#8217;imp\u00e9ratrice Auguste Victoria \u00e0 la m\u00e8re de Richthofen\"}]},{\"@type\":\"WebSite\",\"@id\":\"https:\/\/www.meettheredbaron.com\/fr\/#website\",\"url\":\"https:\/\/www.meettheredbaron.com\/fr\/\",\"name\":\"Meet The Red Baron\",\"description\":\"The life and death of Manfred von Richthofen.\",\"publisher\":{\"@id\":\"https:\/\/www.meettheredbaron.com\/fr\/#\/schema\/person\/fd320c77882d0d84e4b88ef15120767f\"},\"potentialAction\":[{\"@type\":\"SearchAction\",\"target\":{\"@type\":\"EntryPoint\",\"urlTemplate\":\"https:\/\/www.meettheredbaron.com\/fr\/?s={search_term_string}\"},\"query-input\":{\"@type\":\"PropertyValueSpecification\",\"valueRequired\":true,\"valueName\":\"search_term_string\"}}],\"inLanguage\":\"fr-FR\"},{\"@type\":[\"Person\",\"Organization\"],\"@id\":\"https:\/\/www.meettheredbaron.com\/fr\/#\/schema\/person\/fd320c77882d0d84e4b88ef15120767f\",\"name\":\"heinpoblome\",\"image\":{\"@type\":\"ImageObject\",\"inLanguage\":\"fr-FR\",\"@id\":\"https:\/\/www.meettheredbaron.com\/fr\/#\/schema\/person\/image\/\",\"url\":\"https:\/\/www.meettheredbaron.com\/wp-content\/uploads\/2021\/12\/266-scaled.jpg\",\"contentUrl\":\"https:\/\/www.meettheredbaron.com\/wp-content\/uploads\/2021\/12\/266-scaled.jpg\",\"width\":1850,\"height\":2560,\"caption\":\"heinpoblome\"},\"logo\":{\"@id\":\"https:\/\/www.meettheredbaron.com\/fr\/#\/schema\/person\/image\/\"},\"sameAs\":[\"http:\/\/www.meettheredbaron.com\"]}]}<\/script>\n<!-- \/ Yoast SEO plugin. -->","yoast_head_json":{"title":"T\u00e9l\u00e9gramme de l'imp\u00e9ratrice Auguste Victoria \u00e0 la m\u00e8re de Richthofen - Meet The Red Baron","robots":{"index":"index","follow":"follow","max-snippet":"max-snippet:-1","max-image-preview":"max-image-preview:large","max-video-preview":"max-video-preview:-1"},"canonical":"https:\/\/www.meettheredbaron.com\/fr\/event\/telegramm-der-kaiserin-auguste-viktoria-an-mutter-richthofens\/","og_locale":"fr_FR","og_type":"article","og_title":"T\u00e9l\u00e9gramme de l'imp\u00e9ratrice Auguste Victoria \u00e0 la m\u00e8re de Richthofen - Meet The Red Baron","og_description":"Telegramm der Kaiserin Auguste Viktoria an Mutter Richthofens","og_url":"https:\/\/www.meettheredbaron.com\/fr\/event\/telegramm-der-kaiserin-auguste-viktoria-an-mutter-richthofens\/","og_site_name":"Meet The Red Baron","article_modified_time":"2025-03-28T12:51:22+00:00","schema":{"@context":"https:\/\/schema.org","@graph":[{"@type":"WebPage","@id":"https:\/\/www.meettheredbaron.com\/fr\/event\/telegramm-der-kaiserin-auguste-viktoria-an-mutter-richthofens\/","url":"https:\/\/www.meettheredbaron.com\/fr\/event\/telegramm-der-kaiserin-auguste-viktoria-an-mutter-richthofens\/","name":"T\u00e9l\u00e9gramme de l'imp\u00e9ratrice Auguste Victoria \u00e0 la m\u00e8re de Richthofen - Meet The Red Baron","isPartOf":{"@id":"https:\/\/www.meettheredbaron.com\/fr\/#website"},"datePublished":"2021-12-16T16:31:04+00:00","dateModified":"2025-03-28T12:51:22+00:00","breadcrumb":{"@id":"https:\/\/www.meettheredbaron.com\/fr\/event\/telegramm-der-kaiserin-auguste-viktoria-an-mutter-richthofens\/#breadcrumb"},"inLanguage":"fr-FR","potentialAction":[{"@type":"ReadAction","target":["https:\/\/www.meettheredbaron.com\/fr\/event\/telegramm-der-kaiserin-auguste-viktoria-an-mutter-richthofens\/"]}]},{"@type":"BreadcrumbList","@id":"https:\/\/www.meettheredbaron.com\/fr\/event\/telegramm-der-kaiserin-auguste-viktoria-an-mutter-richthofens\/#breadcrumb","itemListElement":[{"@type":"ListItem","position":1,"name":"Home","item":"https:\/\/www.meettheredbaron.com\/fr\/"},{"@type":"ListItem","position":2,"name":"Events","item":"https:\/\/www.meettheredbaron.com\/fr\/event\/"},{"@type":"ListItem","position":3,"name":"T\u00e9l\u00e9gramme de l&#8217;imp\u00e9ratrice Auguste Victoria \u00e0 la m\u00e8re de Richthofen"}]},{"@type":"WebSite","@id":"https:\/\/www.meettheredbaron.com\/fr\/#website","url":"https:\/\/www.meettheredbaron.com\/fr\/","name":"Meet The Red Baron","description":"The life and death of Manfred von Richthofen.","publisher":{"@id":"https:\/\/www.meettheredbaron.com\/fr\/#\/schema\/person\/fd320c77882d0d84e4b88ef15120767f"},"potentialAction":[{"@type":"SearchAction","target":{"@type":"EntryPoint","urlTemplate":"https:\/\/www.meettheredbaron.com\/fr\/?s={search_term_string}"},"query-input":{"@type":"PropertyValueSpecification","valueRequired":true,"valueName":"search_term_string"}}],"inLanguage":"fr-FR"},{"@type":["Person","Organization"],"@id":"https:\/\/www.meettheredbaron.com\/fr\/#\/schema\/person\/fd320c77882d0d84e4b88ef15120767f","name":"heinpoblome","image":{"@type":"ImageObject","inLanguage":"fr-FR","@id":"https:\/\/www.meettheredbaron.com\/fr\/#\/schema\/person\/image\/","url":"https:\/\/www.meettheredbaron.com\/wp-content\/uploads\/2021\/12\/266-scaled.jpg","contentUrl":"https:\/\/www.meettheredbaron.com\/wp-content\/uploads\/2021\/12\/266-scaled.jpg","width":1850,"height":2560,"caption":"heinpoblome"},"logo":{"@id":"https:\/\/www.meettheredbaron.com\/fr\/#\/schema\/person\/image\/"},"sameAs":["http:\/\/www.meettheredbaron.com"]}]}},"toolset-meta":{"field-group-for-events-2":[],"field-group-for-events":{"date":{"type":"date","raw":"-1631232000","formatted":"04\/24\/1918 00:00"},"date-as-a-string":{"type":"textfield","raw":"4\/24\/1918"},"date-description":{"type":"textfield","raw":""},"geolocation":{"type":"google_address","raw":"50.84890767354939, 16.476310886960174"},"location-description":{"type":"textfield","raw":"W\u0142adys\u0142awa Sikorskiego 19, 58-105 \u015awidnica, Polen"},"town-name":{"type":"textfield","raw":"Swidnica"},"historical-town-name":{"type":"textfield","raw":"Schweidnitz"},"event-id":{"type":"numeric","raw":"280"},"event-short":{"type":"textfield","raw":"T\u00e9l\u00e9gramme de l'imp\u00e9ratrice Auguste Victoria \u00e0 la m\u00e8re de Richthofen"},"event-description":{"type":"wysiwyg","raw":"\"Berlin, ch\u00e2teau de Bellevue, le 24 avril Tant de fois, \u00e0 chaque nouvelle d'une victoire de votre fils, j'ai trembl\u00e9 pour sa vie, qu'il avait consacr\u00e9e au roi et \u00e0 la patrie. Et maintenant, Dieu a fait en sorte que votre fiert\u00e9, et la n\u00f4tre, ait d\u00fb mettre un terme \u00e0 sa carri\u00e8re h\u00e9ro\u00efque. Votre fils est encore devant mes yeux, dans sa modestie et ses simples descriptions, lorsque j'ai eu la joie de le saluer en mai de l'ann\u00e9e derni\u00e8re. Je n'ai pas pu m'emp\u00eacher de le voir s'envoler dans les airs depuis l'a\u00e9rodrome. Que le Seigneur soit avec vous et les v\u00f4tres dans votre grande douleur. J'esp\u00e8re que l'\u00e9tat de sant\u00e9 de votre deuxi\u00e8me fils est satisfaisant\"."},"event-type-id":{"type":"numeric","raw":"2"},"source-id":{"type":"numeric","raw":"8"},"source-long-in-event":{"type":"textfield","raw":"http:\/\/www.frontflieger.de\/4-ric13.html"},"pagenumber":{"type":"textfield","raw":""},"airplane-id":{"type":"textfield","raw":""},"combat-id":{"type":"textfield","raw":""},"event-type":{"type":"select","raw":"2"},"source-language":{"type":"select","raw":"2"},"picture":{"type":"image","raw":[""],"repeatable":[{"raw":""}]}}},"_links":{"self":[{"href":"https:\/\/www.meettheredbaron.com\/fr\/wp-json\/wp\/v2\/event\/13509","targetHints":{"allow":["GET"]}}],"collection":[{"href":"https:\/\/www.meettheredbaron.com\/fr\/wp-json\/wp\/v2\/event"}],"about":[{"href":"https:\/\/www.meettheredbaron.com\/fr\/wp-json\/wp\/v2\/types\/event"}],"replies":[{"embeddable":true,"href":"https:\/\/www.meettheredbaron.com\/fr\/wp-json\/wp\/v2\/comments?post=13509"}],"wp:attachment":[{"href":"https:\/\/www.meettheredbaron.com\/fr\/wp-json\/wp\/v2\/media?parent=13509"}],"wp:term":[{"taxonomy":"event-type","embeddable":true,"href":"https:\/\/www.meettheredbaron.com\/fr\/wp-json\/wp\/v2\/event-type?post=13509"},{"taxonomy":"source-language","embeddable":true,"href":"https:\/\/www.meettheredbaron.com\/fr\/wp-json\/wp\/v2\/source-language?post=13509"},{"taxonomy":"source-id-tax","embeddable":true,"href":"https:\/\/www.meettheredbaron.com\/fr\/wp-json\/wp\/v2\/source-id-tax?post=13509"}],"curies":[{"name":"wp","href":"https:\/\/api.w.org\/{rel}","templated":true}]}}

Télégramme de l&rsquo;impératrice Auguste Victoria à la mère de Richthofen

<p>« Berlin, château de Bellevue, le 24 avril Tant de fois, à chaque nouvelle d&rsquo;une victoire de votre fils, j&rsquo;ai tremblé pour sa vie, qu&rsquo;il avait consacrée au roi et à la patrie. Et maintenant, Dieu a fait en sorte que votre fierté, et la nôtre, ait dû mettre un terme à sa carrière héroïque. Votre fils est encore devant mes yeux, dans sa modestie et ses simples descriptions, lorsque j&rsquo;ai eu la joie de le saluer en mai de l&rsquo;année dernière. Je n&rsquo;ai pas pu m&#8217;empêcher de le voir s&rsquo;envoler dans les airs depuis l&rsquo;aérodrome. Que le Seigneur soit avec vous et les vôtres dans votre grande douleur. J&rsquo;espère que l&rsquo;état de santé de votre deuxième fils est satisfaisant ».</p>

<!-- This site is optimized with the Yoast SEO plugin v26.7 - https://yoast.com/wordpress/plugins/seo/ -->
<title>Télégramme de l&#039;impératrice Auguste Victoria à la mère de Richthofen - Meet The Red Baron</title>
<meta name="robots" content="index, follow, max-snippet:-1, max-image-preview:large, max-video-preview:-1" />
<link rel="canonical" href="https://www.meettheredbaron.com/fr/event/telegramm-der-kaiserin-auguste-viktoria-an-mutter-richthofens/" />
<meta property="og:locale" content="fr_FR" />
<meta property="og:type" content="article" />
<meta property="og:title" content="Télégramme de l&#039;impératrice Auguste Victoria à la mère de Richthofen - Meet The Red Baron" />
<meta property="og:description" content="Telegramm der Kaiserin Auguste Viktoria an Mutter Richthofens" />
<meta property="og:url" content="https://www.meettheredbaron.com/fr/event/telegramm-der-kaiserin-auguste-viktoria-an-mutter-richthofens/" />
<meta property="og:site_name" content="Meet The Red Baron" />
<meta property="article:modified_time" content="2025-03-28T12:51:22+00:00" />
<script type="application/ld+json" class="yoast-schema-graph">{"@context":"https://schema.org","@graph":[{"@type":"WebPage","@id":"https://www.meettheredbaron.com/fr/event/telegramm-der-kaiserin-auguste-viktoria-an-mutter-richthofens/","url":"https://www.meettheredbaron.com/fr/event/telegramm-der-kaiserin-auguste-viktoria-an-mutter-richthofens/","name":"Télégramme de l'impératrice Auguste Victoria à la mère de Richthofen - Meet The Red Baron","isPartOf":{"@id":"https://www.meettheredbaron.com/fr/#website"},"datePublished":"2021-12-16T16:31:04+00:00","dateModified":"2025-03-28T12:51:22+00:00","breadcrumb":{"@id":"https://www.meettheredbaron.com/fr/event/telegramm-der-kaiserin-auguste-viktoria-an-mutter-richthofens/#breadcrumb"},"inLanguage":"fr-FR","potentialAction":[{"@type":"ReadAction","target":["https://www.meettheredbaron.com/fr/event/telegramm-der-kaiserin-auguste-viktoria-an-mutter-richthofens/"]}]},{"@type":"BreadcrumbList","@id":"https://www.meettheredbaron.com/fr/event/telegramm-der-kaiserin-auguste-viktoria-an-mutter-richthofens/#breadcrumb","itemListElement":[{"@type":"ListItem","position":1,"name":"Home","item":"https://www.meettheredbaron.com/fr/"},{"@type":"ListItem","position":2,"name":"Events","item":"https://www.meettheredbaron.com/fr/event/"},{"@type":"ListItem","position":3,"name":"Télégramme de l&#8217;impératrice Auguste Victoria à la mère de Richthofen"}]},{"@type":"WebSite","@id":"https://www.meettheredbaron.com/fr/#website","url":"https://www.meettheredbaron.com/fr/","name":"Meet The Red Baron","description":"The life and death of Manfred von Richthofen.","publisher":{"@id":"https://www.meettheredbaron.com/fr/#/schema/person/fd320c77882d0d84e4b88ef15120767f"},"potentialAction":[{"@type":"SearchAction","target":{"@type":"EntryPoint","urlTemplate":"https://www.meettheredbaron.com/fr/?s={search_term_string}"},"query-input":{"@type":"PropertyValueSpecification","valueRequired":true,"valueName":"search_term_string"}}],"inLanguage":"fr-FR"},{"@type":["Person","Organization"],"@id":"https://www.meettheredbaron.com/fr/#/schema/person/fd320c77882d0d84e4b88ef15120767f","name":"heinpoblome","image":{"@type":"ImageObject","inLanguage":"fr-FR","@id":"https://www.meettheredbaron.com/fr/#/schema/person/image/","url":"https://www.meettheredbaron.com/wp-content/uploads/2021/12/266-scaled.jpg","contentUrl":"https://www.meettheredbaron.com/wp-content/uploads/2021/12/266-scaled.jpg","width":1850,"height":2560,"caption":"heinpoblome"},"logo":{"@id":"https://www.meettheredbaron.com/fr/#/schema/person/image/"},"sameAs":["http://www.meettheredbaron.com"]}]}</script>
<!-- / Yoast SEO plugin. -->

Télégramme de l'impératrice Auguste Victoria à la mère de Richthofen - Meet The Red Baron

Télégramme de l&#8217;impératrice Auguste Victoria à la mère de Richthofen

Władysława Sikorskiego 19, 58-105 Świdnica, Polen

Télégramme de l'impératrice Auguste Victoria à la mère de Richthofen

"Berlin, château de Bellevue, le 24 avril Tant de fois, à chaque nouvelle d'une victoire de votre fils, j'ai tremblé pour sa vie, qu'il avait consacrée au roi et à la patrie. Et maintenant, Dieu a fait en sorte que votre fierté, et la nôtre, ait dû mettre un terme à sa carrière héroïque. Votre fils est encore devant mes yeux, dans sa modestie et ses simples descriptions, lorsque j'ai eu la joie de le saluer en mai de l'année dernière. Je n'ai pas pu m'empêcher de le voir s'envoler dans les airs depuis l'aérodrome. Que le Seigneur soit avec vous et les vôtres dans votre grande douleur. J'espère que l'état de santé de votre deuxième fils est satisfaisant".
