{"id":13176,"date":"2021-12-16T17:31:08","date_gmt":"2021-12-16T16:31:08","guid":{"rendered":"https:\/\/www.meettheredbaron.com\/event\/general-ludendorff-visits-markebeke\/"},"modified":"2025-05-13T13:50:49","modified_gmt":"2025-05-13T12:50:49","slug":"general-ludendorff-visits-markebeke","status":"publish","type":"event","link":"https:\/\/www.meettheredbaron.com\/fr\/event\/general-ludendorff-visits-markebeke\/","title":{"rendered":"Le g\u00e9n\u00e9ral Ludendorff visite Markebeke"},"content":{"rendered":"\n<p>\u00ab\u00a0Le 19. 8. le g\u00e9n\u00e9ral Ludendorff vient en visite pour voir les aviateurs les plus audacieux de l&rsquo;arm\u00e9e allemande et leur serrer la main. Il pourra \u00e9galement profiter de cette occasion pour voir les nouveaux triplans qui viennent d&rsquo;arriver, que tout pilote de chasse attendait avec impatience et qui font une excellente impression\u00a0\u00bb.<\/p>\n","protected":false},"comment_status":"open","ping_status":"closed","template":"","event-type":[244],"source-language":[259],"source-id-tax":[283],"class_list":["post-13176","event","type-event","status-publish","hentry","event-type-general-event-fr","source-language-allemand-fr","source-id-tax-bodenschatz-jagd-in-flanderns-himmel-fr","entry","no-media"],"yoast_head":"<!-- This site is optimized with the Yoast SEO plugin v26.7 - https:\/\/yoast.com\/wordpress\/plugins\/seo\/ -->\n<title>Le g\u00e9n\u00e9ral Ludendorff visite Markebeke - Meet The Red Baron<\/title>\n<meta name=\"robots\" content=\"index, follow, max-snippet:-1, max-image-preview:large, max-video-preview:-1\" \/>\n<link rel=\"canonical\" href=\"https:\/\/www.meettheredbaron.com\/fr\/event\/general-ludendorff-visits-markebeke\/\" \/>\n<meta property=\"og:locale\" content=\"fr_FR\" \/>\n<meta property=\"og:type\" content=\"article\" \/>\n<meta property=\"og:title\" content=\"Le g\u00e9n\u00e9ral Ludendorff visite Markebeke - Meet The Red Baron\" \/>\n<meta property=\"og:description\" content=\"General Ludendorff visits Markebeke\" \/>\n<meta property=\"og:url\" content=\"https:\/\/www.meettheredbaron.com\/fr\/event\/general-ludendorff-visits-markebeke\/\" \/>\n<meta property=\"og:site_name\" content=\"Meet The Red Baron\" \/>\n<meta property=\"article:modified_time\" content=\"2025-05-13T12:50:49+00:00\" \/>\n<script type=\"application\/ld+json\" class=\"yoast-schema-graph\">{\"@context\":\"https:\/\/schema.org\",\"@graph\":[{\"@type\":\"WebPage\",\"@id\":\"https:\/\/www.meettheredbaron.com\/fr\/event\/general-ludendorff-visits-markebeke\/\",\"url\":\"https:\/\/www.meettheredbaron.com\/fr\/event\/general-ludendorff-visits-markebeke\/\",\"name\":\"Le g\u00e9n\u00e9ral Ludendorff visite Markebeke - Meet The Red Baron\",\"isPartOf\":{\"@id\":\"https:\/\/www.meettheredbaron.com\/fr\/#website\"},\"datePublished\":\"2021-12-16T16:31:08+00:00\",\"dateModified\":\"2025-05-13T12:50:49+00:00\",\"breadcrumb\":{\"@id\":\"https:\/\/www.meettheredbaron.com\/fr\/event\/general-ludendorff-visits-markebeke\/#breadcrumb\"},\"inLanguage\":\"fr-FR\",\"potentialAction\":[{\"@type\":\"ReadAction\",\"target\":[\"https:\/\/www.meettheredbaron.com\/fr\/event\/general-ludendorff-visits-markebeke\/\"]}]},{\"@type\":\"BreadcrumbList\",\"@id\":\"https:\/\/www.meettheredbaron.com\/fr\/event\/general-ludendorff-visits-markebeke\/#breadcrumb\",\"itemListElement\":[{\"@type\":\"ListItem\",\"position\":1,\"name\":\"Home\",\"item\":\"https:\/\/www.meettheredbaron.com\/fr\/\"},{\"@type\":\"ListItem\",\"position\":2,\"name\":\"Events\",\"item\":\"https:\/\/www.meettheredbaron.com\/fr\/event\/\"},{\"@type\":\"ListItem\",\"position\":3,\"name\":\"Le g\u00e9n\u00e9ral Ludendorff visite Markebeke\"}]},{\"@type\":\"WebSite\",\"@id\":\"https:\/\/www.meettheredbaron.com\/fr\/#website\",\"url\":\"https:\/\/www.meettheredbaron.com\/fr\/\",\"name\":\"Meet The Red Baron\",\"description\":\"The life and death of Manfred von Richthofen.\",\"publisher\":{\"@id\":\"https:\/\/www.meettheredbaron.com\/fr\/#\/schema\/person\/fd320c77882d0d84e4b88ef15120767f\"},\"potentialAction\":[{\"@type\":\"SearchAction\",\"target\":{\"@type\":\"EntryPoint\",\"urlTemplate\":\"https:\/\/www.meettheredbaron.com\/fr\/?s={search_term_string}\"},\"query-input\":{\"@type\":\"PropertyValueSpecification\",\"valueRequired\":true,\"valueName\":\"search_term_string\"}}],\"inLanguage\":\"fr-FR\"},{\"@type\":[\"Person\",\"Organization\"],\"@id\":\"https:\/\/www.meettheredbaron.com\/fr\/#\/schema\/person\/fd320c77882d0d84e4b88ef15120767f\",\"name\":\"heinpoblome\",\"image\":{\"@type\":\"ImageObject\",\"inLanguage\":\"fr-FR\",\"@id\":\"https:\/\/www.meettheredbaron.com\/fr\/#\/schema\/person\/image\/\",\"url\":\"https:\/\/www.meettheredbaron.com\/wp-content\/uploads\/2021\/12\/266-scaled.jpg\",\"contentUrl\":\"https:\/\/www.meettheredbaron.com\/wp-content\/uploads\/2021\/12\/266-scaled.jpg\",\"width\":1850,\"height\":2560,\"caption\":\"heinpoblome\"},\"logo\":{\"@id\":\"https:\/\/www.meettheredbaron.com\/fr\/#\/schema\/person\/image\/\"},\"sameAs\":[\"http:\/\/www.meettheredbaron.com\"]}]}<\/script>\n<!-- \/ Yoast SEO plugin. -->","yoast_head_json":{"title":"Le g\u00e9n\u00e9ral Ludendorff visite Markebeke - Meet The Red Baron","robots":{"index":"index","follow":"follow","max-snippet":"max-snippet:-1","max-image-preview":"max-image-preview:large","max-video-preview":"max-video-preview:-1"},"canonical":"https:\/\/www.meettheredbaron.com\/fr\/event\/general-ludendorff-visits-markebeke\/","og_locale":"fr_FR","og_type":"article","og_title":"Le g\u00e9n\u00e9ral Ludendorff visite Markebeke - Meet The Red Baron","og_description":"General Ludendorff visits Markebeke","og_url":"https:\/\/www.meettheredbaron.com\/fr\/event\/general-ludendorff-visits-markebeke\/","og_site_name":"Meet The Red Baron","article_modified_time":"2025-05-13T12:50:49+00:00","schema":{"@context":"https:\/\/schema.org","@graph":[{"@type":"WebPage","@id":"https:\/\/www.meettheredbaron.com\/fr\/event\/general-ludendorff-visits-markebeke\/","url":"https:\/\/www.meettheredbaron.com\/fr\/event\/general-ludendorff-visits-markebeke\/","name":"Le g\u00e9n\u00e9ral Ludendorff visite Markebeke - Meet The Red Baron","isPartOf":{"@id":"https:\/\/www.meettheredbaron.com\/fr\/#website"},"datePublished":"2021-12-16T16:31:08+00:00","dateModified":"2025-05-13T12:50:49+00:00","breadcrumb":{"@id":"https:\/\/www.meettheredbaron.com\/fr\/event\/general-ludendorff-visits-markebeke\/#breadcrumb"},"inLanguage":"fr-FR","potentialAction":[{"@type":"ReadAction","target":["https:\/\/www.meettheredbaron.com\/fr\/event\/general-ludendorff-visits-markebeke\/"]}]},{"@type":"BreadcrumbList","@id":"https:\/\/www.meettheredbaron.com\/fr\/event\/general-ludendorff-visits-markebeke\/#breadcrumb","itemListElement":[{"@type":"ListItem","position":1,"name":"Home","item":"https:\/\/www.meettheredbaron.com\/fr\/"},{"@type":"ListItem","position":2,"name":"Events","item":"https:\/\/www.meettheredbaron.com\/fr\/event\/"},{"@type":"ListItem","position":3,"name":"Le g\u00e9n\u00e9ral Ludendorff visite Markebeke"}]},{"@type":"WebSite","@id":"https:\/\/www.meettheredbaron.com\/fr\/#website","url":"https:\/\/www.meettheredbaron.com\/fr\/","name":"Meet The Red Baron","description":"The life and death of Manfred von Richthofen.","publisher":{"@id":"https:\/\/www.meettheredbaron.com\/fr\/#\/schema\/person\/fd320c77882d0d84e4b88ef15120767f"},"potentialAction":[{"@type":"SearchAction","target":{"@type":"EntryPoint","urlTemplate":"https:\/\/www.meettheredbaron.com\/fr\/?s={search_term_string}"},"query-input":{"@type":"PropertyValueSpecification","valueRequired":true,"valueName":"search_term_string"}}],"inLanguage":"fr-FR"},{"@type":["Person","Organization"],"@id":"https:\/\/www.meettheredbaron.com\/fr\/#\/schema\/person\/fd320c77882d0d84e4b88ef15120767f","name":"heinpoblome","image":{"@type":"ImageObject","inLanguage":"fr-FR","@id":"https:\/\/www.meettheredbaron.com\/fr\/#\/schema\/person\/image\/","url":"https:\/\/www.meettheredbaron.com\/wp-content\/uploads\/2021\/12\/266-scaled.jpg","contentUrl":"https:\/\/www.meettheredbaron.com\/wp-content\/uploads\/2021\/12\/266-scaled.jpg","width":1850,"height":2560,"caption":"heinpoblome"},"logo":{"@id":"https:\/\/www.meettheredbaron.com\/fr\/#\/schema\/person\/image\/"},"sameAs":["http:\/\/www.meettheredbaron.com"]}]}},"toolset-meta":{"field-group-for-events-2":[],"field-group-for-events":{"date":{"type":"date","raw":"-1652659200","formatted":"08\/19\/1917 00:00"},"date-as-a-string":{"type":"textfield","raw":"8\/19\/1917"},"date-description":{"type":"textfield","raw":""},"geolocation":{"type":"google_address","raw":"50.816141687498735, 3.2403333562695864"},"location-description":{"type":"textfield","raw":"Markebeke"},"town-name":{"type":"textfield","raw":"Marke"},"historical-town-name":{"type":"textfield","raw":""},"event-id":{"type":"numeric","raw":"423"},"event-short":{"type":"textfield","raw":"Le g\u00e9n\u00e9ral Ludendorff visite Markebeke"},"event-description":{"type":"wysiwyg","raw":"\"Le 19. 8. le g\u00e9n\u00e9ral Ludendorff vient en visite pour voir les aviateurs les plus audacieux de l'arm\u00e9e allemande et leur serrer la main. Il pourra \u00e9galement profiter de cette occasion pour voir les nouveaux triplans qui viennent d'arriver, que tout pilote de chasse attendait avec impatience et qui font une excellente impression\"."},"event-type-id":{"type":"numeric","raw":"2"},"source-id":{"type":"numeric","raw":"58"},"source-long-in-event":{"type":"textfield","raw":"Jagd in Flanderns Himmel, Karl Bodenschatz, Verlag Knorr & Hirth M\u00fcnchen, 1935"},"pagenumber":{"type":"textfield","raw":""},"airplane-id":{"type":"textfield","raw":""},"combat-id":{"type":"textfield","raw":""},"event-type":{"type":"select","raw":"2"},"source-language":{"type":"select","raw":"2"},"picture":{"type":"image","raw":["https:\/\/www.meettheredbaron.com\/wp-content\/uploads\/2023\/05\/17.jpg","https:\/\/www.meettheredbaron.com\/wp-content\/uploads\/2024\/04\/18.jpg","http:\/\/www.meettheredbaron.com\/wp-content\/uploads\/2021\/12\/255.jpg"],"repeatable":[{"raw":"https:\/\/www.meettheredbaron.com\/wp-content\/uploads\/2023\/05\/17.jpg","attachment_id":8975},{"raw":"https:\/\/www.meettheredbaron.com\/wp-content\/uploads\/2024\/04\/18.jpg","attachment_id":10250},{"raw":"http:\/\/www.meettheredbaron.com\/wp-content\/uploads\/2021\/12\/255.jpg","attachment_id":8387}]}}},"_links":{"self":[{"href":"https:\/\/www.meettheredbaron.com\/fr\/wp-json\/wp\/v2\/event\/13176","targetHints":{"allow":["GET"]}}],"collection":[{"href":"https:\/\/www.meettheredbaron.com\/fr\/wp-json\/wp\/v2\/event"}],"about":[{"href":"https:\/\/www.meettheredbaron.com\/fr\/wp-json\/wp\/v2\/types\/event"}],"replies":[{"embeddable":true,"href":"https:\/\/www.meettheredbaron.com\/fr\/wp-json\/wp\/v2\/comments?post=13176"}],"wp:attachment":[{"href":"https:\/\/www.meettheredbaron.com\/fr\/wp-json\/wp\/v2\/media?parent=13176"}],"wp:term":[{"taxonomy":"event-type","embeddable":true,"href":"https:\/\/www.meettheredbaron.com\/fr\/wp-json\/wp\/v2\/event-type?post=13176"},{"taxonomy":"source-language","embeddable":true,"href":"https:\/\/www.meettheredbaron.com\/fr\/wp-json\/wp\/v2\/source-language?post=13176"},{"taxonomy":"source-id-tax","embeddable":true,"href":"https:\/\/www.meettheredbaron.com\/fr\/wp-json\/wp\/v2\/source-id-tax?post=13176"}],"curies":[{"name":"wp","href":"https:\/\/api.w.org\/{rel}","templated":true}]}}

Le général Ludendorff visite Markebeke

<p>« Le 19. 8. le général Ludendorff vient en visite pour voir les aviateurs les plus audacieux de l&rsquo;armée allemande et leur serrer la main. Il pourra également profiter de cette occasion pour voir les nouveaux triplans qui viennent d&rsquo;arriver, que tout pilote de chasse attendait avec impatience et qui font une excellente impression ».</p>

<!-- This site is optimized with the Yoast SEO plugin v26.7 - https://yoast.com/wordpress/plugins/seo/ -->
<title>Le général Ludendorff visite Markebeke - Meet The Red Baron</title>
<meta name="robots" content="index, follow, max-snippet:-1, max-image-preview:large, max-video-preview:-1" />
<link rel="canonical" href="https://www.meettheredbaron.com/fr/event/general-ludendorff-visits-markebeke/" />
<meta property="og:locale" content="fr_FR" />
<meta property="og:type" content="article" />
<meta property="og:title" content="Le général Ludendorff visite Markebeke - Meet The Red Baron" />
<meta property="og:description" content="General Ludendorff visits Markebeke" />
<meta property="og:url" content="https://www.meettheredbaron.com/fr/event/general-ludendorff-visits-markebeke/" />
<meta property="og:site_name" content="Meet The Red Baron" />
<meta property="article:modified_time" content="2025-05-13T12:50:49+00:00" />
<script type="application/ld+json" class="yoast-schema-graph">{"@context":"https://schema.org","@graph":[{"@type":"WebPage","@id":"https://www.meettheredbaron.com/fr/event/general-ludendorff-visits-markebeke/","url":"https://www.meettheredbaron.com/fr/event/general-ludendorff-visits-markebeke/","name":"Le général Ludendorff visite Markebeke - Meet The Red Baron","isPartOf":{"@id":"https://www.meettheredbaron.com/fr/#website"},"datePublished":"2021-12-16T16:31:08+00:00","dateModified":"2025-05-13T12:50:49+00:00","breadcrumb":{"@id":"https://www.meettheredbaron.com/fr/event/general-ludendorff-visits-markebeke/#breadcrumb"},"inLanguage":"fr-FR","potentialAction":[{"@type":"ReadAction","target":["https://www.meettheredbaron.com/fr/event/general-ludendorff-visits-markebeke/"]}]},{"@type":"BreadcrumbList","@id":"https://www.meettheredbaron.com/fr/event/general-ludendorff-visits-markebeke/#breadcrumb","itemListElement":[{"@type":"ListItem","position":1,"name":"Home","item":"https://www.meettheredbaron.com/fr/"},{"@type":"ListItem","position":2,"name":"Events","item":"https://www.meettheredbaron.com/fr/event/"},{"@type":"ListItem","position":3,"name":"Le général Ludendorff visite Markebeke"}]},{"@type":"WebSite","@id":"https://www.meettheredbaron.com/fr/#website","url":"https://www.meettheredbaron.com/fr/","name":"Meet The Red Baron","description":"The life and death of Manfred von Richthofen.","publisher":{"@id":"https://www.meettheredbaron.com/fr/#/schema/person/fd320c77882d0d84e4b88ef15120767f"},"potentialAction":[{"@type":"SearchAction","target":{"@type":"EntryPoint","urlTemplate":"https://www.meettheredbaron.com/fr/?s={search_term_string}"},"query-input":{"@type":"PropertyValueSpecification","valueRequired":true,"valueName":"search_term_string"}}],"inLanguage":"fr-FR"},{"@type":["Person","Organization"],"@id":"https://www.meettheredbaron.com/fr/#/schema/person/fd320c77882d0d84e4b88ef15120767f","name":"heinpoblome","image":{"@type":"ImageObject","inLanguage":"fr-FR","@id":"https://www.meettheredbaron.com/fr/#/schema/person/image/","url":"https://www.meettheredbaron.com/wp-content/uploads/2021/12/266-scaled.jpg","contentUrl":"https://www.meettheredbaron.com/wp-content/uploads/2021/12/266-scaled.jpg","width":1850,"height":2560,"caption":"heinpoblome"},"logo":{"@id":"https://www.meettheredbaron.com/fr/#/schema/person/image/"},"sameAs":["http://www.meettheredbaron.com"]}]}</script>
<!-- / Yoast SEO plugin. -->

Le général Ludendorff visite Markebeke - Meet The Red Baron

"Le 19. 8. le général Ludendorff vient en visite pour voir les aviateurs les plus audacieux de l'armée allemande et leur serrer la main. Il pourra également profiter de cette occasion pour voir les nouveaux triplans qui viennent d'arriver, que tout pilote de chasse attendait avec impatience et qui font une excellente impression".

Jagd in Flanderns Himmel, Karl Bodenschatz, Verlag Knorr & Hirth München, 1935
