{"id":13020,"date":"2021-12-16T17:31:10","date_gmt":"2021-12-16T16:31:10","guid":{"rendered":"https:\/\/www.meettheredbaron.com\/event\/leichenzug-und-begrabnis\/"},"modified":"2025-05-20T12:08:39","modified_gmt":"2025-05-20T11:08:39","slug":"leichenzug-und-begrabnis","status":"publish","type":"event","link":"https:\/\/www.meettheredbaron.com\/fr\/event\/leichenzug-und-begrabnis\/","title":{"rendered":"Cort\u00e8ge fun\u00e8bre et enterrement"},"content":{"rendered":"<p>Source : BArch RH 2\/2288 (fol. 178) \u00ab\u00a0Apr\u00e8s que le voyage en train du cercueil ait eu lieu \u00e0 partir de Kehl \u00e0 partir du 16 novembre 1925 avec une grande participation de la population, le cercueil arriva le 18 novembre \u00e0 la gare de Potsdam \u00e0 Berlin, y fut accueilli solennellement et transport\u00e9 en voiture avec une autre grande participation \u00e0 l&rsquo;\u00e9glise de la gr\u00e2ce dans l&rsquo;Invalidenstrasse o\u00f9 il fut expos\u00e9 pour la population qui passait en grand nombre. Le 20 novembre 1925, l&rsquo;enterrement eut lieu au cimeti\u00e8re des Invalides. Apr\u00e8s une courte c\u00e9r\u00e9monie dans l&rsquo;\u00e9glise de la Gr\u00e2ce en pr\u00e9sence du pr\u00e9sident du Reich von Hindenburg, du chancelier du Reich Luther, du ministre de la Reichswehr Dr. Ge\u00dfler, du chef de la direction de l&rsquo;arm\u00e9e de terre le g\u00e9n\u00e9ral Seeckt et du chef de la direction de la marine l&rsquo;amiral Zenker, le cort\u00e8ge fun\u00e8bre se rendit \u00e0 pied au cimeti\u00e8re par l&rsquo;Invalidenstra\u00dfe. La photo montre les membres de la famille dans le cort\u00e8ge fun\u00e9raire apr\u00e8s le cercueil, devant la m\u00e8re de Richthofen, Kunigunde Freifrau von Richthofen, derri\u00e8re elle le plus jeune fr\u00e8re Karl-Bolko, derri\u00e8re la s\u0153ur Ilse. Au bord de la photo, on peut encore voir le pr\u00e9sident du Reich von Hindenburg et, \u00e0 c\u00f4t\u00e9 de lui, le ministre de la Reichswehr Dr. Ge\u00dfler\u00a0\u00bb.<\/p>\n","protected":false},"comment_status":"open","ping_status":"closed","template":"","event-type":[223],"source-language":[259],"source-id-tax":[289],"class_list":["post-13020","event","type-event","status-publish","hentry","event-type-relocation-trips-fr","source-language-allemand-fr","source-id-tax-https-www-bundesarchiv-de-de-content-virtuelle-ausstellungen-manfred-von-richthofen-der-rote-kampfflieger-manfred-von-richthofen-der-rote-kampfflieger-html-fr","entry","no-media"],"yoast_head":"<!-- This site is optimized with the Yoast SEO plugin v26.7 - https:\/\/yoast.com\/wordpress\/plugins\/seo\/ -->\n<title>Cort\u00e8ge fun\u00e8bre et enterrement - Meet The Red Baron<\/title>\n<meta name=\"robots\" content=\"index, follow, max-snippet:-1, max-image-preview:large, max-video-preview:-1\" \/>\n<link rel=\"canonical\" href=\"https:\/\/www.meettheredbaron.com\/fr\/event\/leichenzug-und-begrabnis\/\" \/>\n<meta property=\"og:locale\" content=\"fr_FR\" \/>\n<meta property=\"og:type\" content=\"article\" \/>\n<meta property=\"og:title\" content=\"Cort\u00e8ge fun\u00e8bre et enterrement - Meet The Red Baron\" \/>\n<meta property=\"og:description\" content=\"Leichenzug und Begr\u00e4bnis\" \/>\n<meta property=\"og:url\" content=\"https:\/\/www.meettheredbaron.com\/fr\/event\/leichenzug-und-begrabnis\/\" \/>\n<meta property=\"og:site_name\" content=\"Meet The Red Baron\" \/>\n<meta property=\"article:modified_time\" content=\"2025-05-20T11:08:39+00:00\" \/>\n<script type=\"application\/ld+json\" class=\"yoast-schema-graph\">{\"@context\":\"https:\/\/schema.org\",\"@graph\":[{\"@type\":\"WebPage\",\"@id\":\"https:\/\/www.meettheredbaron.com\/fr\/event\/leichenzug-und-begrabnis\/\",\"url\":\"https:\/\/www.meettheredbaron.com\/fr\/event\/leichenzug-und-begrabnis\/\",\"name\":\"Cort\u00e8ge fun\u00e8bre et enterrement - Meet The Red Baron\",\"isPartOf\":{\"@id\":\"https:\/\/www.meettheredbaron.com\/fr\/#website\"},\"datePublished\":\"2021-12-16T16:31:10+00:00\",\"dateModified\":\"2025-05-20T11:08:39+00:00\",\"breadcrumb\":{\"@id\":\"https:\/\/www.meettheredbaron.com\/fr\/event\/leichenzug-und-begrabnis\/#breadcrumb\"},\"inLanguage\":\"fr-FR\",\"potentialAction\":[{\"@type\":\"ReadAction\",\"target\":[\"https:\/\/www.meettheredbaron.com\/fr\/event\/leichenzug-und-begrabnis\/\"]}]},{\"@type\":\"BreadcrumbList\",\"@id\":\"https:\/\/www.meettheredbaron.com\/fr\/event\/leichenzug-und-begrabnis\/#breadcrumb\",\"itemListElement\":[{\"@type\":\"ListItem\",\"position\":1,\"name\":\"Home\",\"item\":\"https:\/\/www.meettheredbaron.com\/fr\/\"},{\"@type\":\"ListItem\",\"position\":2,\"name\":\"Events\",\"item\":\"https:\/\/www.meettheredbaron.com\/fr\/event\/\"},{\"@type\":\"ListItem\",\"position\":3,\"name\":\"Cort\u00e8ge fun\u00e8bre et enterrement\"}]},{\"@type\":\"WebSite\",\"@id\":\"https:\/\/www.meettheredbaron.com\/fr\/#website\",\"url\":\"https:\/\/www.meettheredbaron.com\/fr\/\",\"name\":\"Meet The Red Baron\",\"description\":\"The life and death of Manfred von Richthofen.\",\"publisher\":{\"@id\":\"https:\/\/www.meettheredbaron.com\/fr\/#\/schema\/person\/fd320c77882d0d84e4b88ef15120767f\"},\"potentialAction\":[{\"@type\":\"SearchAction\",\"target\":{\"@type\":\"EntryPoint\",\"urlTemplate\":\"https:\/\/www.meettheredbaron.com\/fr\/?s={search_term_string}\"},\"query-input\":{\"@type\":\"PropertyValueSpecification\",\"valueRequired\":true,\"valueName\":\"search_term_string\"}}],\"inLanguage\":\"fr-FR\"},{\"@type\":[\"Person\",\"Organization\"],\"@id\":\"https:\/\/www.meettheredbaron.com\/fr\/#\/schema\/person\/fd320c77882d0d84e4b88ef15120767f\",\"name\":\"heinpoblome\",\"image\":{\"@type\":\"ImageObject\",\"inLanguage\":\"fr-FR\",\"@id\":\"https:\/\/www.meettheredbaron.com\/fr\/#\/schema\/person\/image\/\",\"url\":\"https:\/\/www.meettheredbaron.com\/wp-content\/uploads\/2021\/12\/266-scaled.jpg\",\"contentUrl\":\"https:\/\/www.meettheredbaron.com\/wp-content\/uploads\/2021\/12\/266-scaled.jpg\",\"width\":1850,\"height\":2560,\"caption\":\"heinpoblome\"},\"logo\":{\"@id\":\"https:\/\/www.meettheredbaron.com\/fr\/#\/schema\/person\/image\/\"},\"sameAs\":[\"http:\/\/www.meettheredbaron.com\"]}]}<\/script>\n<!-- \/ Yoast SEO plugin. -->","yoast_head_json":{"title":"Cort\u00e8ge fun\u00e8bre et enterrement - Meet The Red Baron","robots":{"index":"index","follow":"follow","max-snippet":"max-snippet:-1","max-image-preview":"max-image-preview:large","max-video-preview":"max-video-preview:-1"},"canonical":"https:\/\/www.meettheredbaron.com\/fr\/event\/leichenzug-und-begrabnis\/","og_locale":"fr_FR","og_type":"article","og_title":"Cort\u00e8ge fun\u00e8bre et enterrement - Meet The Red Baron","og_description":"Leichenzug und Begr\u00e4bnis","og_url":"https:\/\/www.meettheredbaron.com\/fr\/event\/leichenzug-und-begrabnis\/","og_site_name":"Meet The Red Baron","article_modified_time":"2025-05-20T11:08:39+00:00","schema":{"@context":"https:\/\/schema.org","@graph":[{"@type":"WebPage","@id":"https:\/\/www.meettheredbaron.com\/fr\/event\/leichenzug-und-begrabnis\/","url":"https:\/\/www.meettheredbaron.com\/fr\/event\/leichenzug-und-begrabnis\/","name":"Cort\u00e8ge fun\u00e8bre et enterrement - Meet The Red Baron","isPartOf":{"@id":"https:\/\/www.meettheredbaron.com\/fr\/#website"},"datePublished":"2021-12-16T16:31:10+00:00","dateModified":"2025-05-20T11:08:39+00:00","breadcrumb":{"@id":"https:\/\/www.meettheredbaron.com\/fr\/event\/leichenzug-und-begrabnis\/#breadcrumb"},"inLanguage":"fr-FR","potentialAction":[{"@type":"ReadAction","target":["https:\/\/www.meettheredbaron.com\/fr\/event\/leichenzug-und-begrabnis\/"]}]},{"@type":"BreadcrumbList","@id":"https:\/\/www.meettheredbaron.com\/fr\/event\/leichenzug-und-begrabnis\/#breadcrumb","itemListElement":[{"@type":"ListItem","position":1,"name":"Home","item":"https:\/\/www.meettheredbaron.com\/fr\/"},{"@type":"ListItem","position":2,"name":"Events","item":"https:\/\/www.meettheredbaron.com\/fr\/event\/"},{"@type":"ListItem","position":3,"name":"Cort\u00e8ge fun\u00e8bre et enterrement"}]},{"@type":"WebSite","@id":"https:\/\/www.meettheredbaron.com\/fr\/#website","url":"https:\/\/www.meettheredbaron.com\/fr\/","name":"Meet The Red Baron","description":"The life and death of Manfred von Richthofen.","publisher":{"@id":"https:\/\/www.meettheredbaron.com\/fr\/#\/schema\/person\/fd320c77882d0d84e4b88ef15120767f"},"potentialAction":[{"@type":"SearchAction","target":{"@type":"EntryPoint","urlTemplate":"https:\/\/www.meettheredbaron.com\/fr\/?s={search_term_string}"},"query-input":{"@type":"PropertyValueSpecification","valueRequired":true,"valueName":"search_term_string"}}],"inLanguage":"fr-FR"},{"@type":["Person","Organization"],"@id":"https:\/\/www.meettheredbaron.com\/fr\/#\/schema\/person\/fd320c77882d0d84e4b88ef15120767f","name":"heinpoblome","image":{"@type":"ImageObject","inLanguage":"fr-FR","@id":"https:\/\/www.meettheredbaron.com\/fr\/#\/schema\/person\/image\/","url":"https:\/\/www.meettheredbaron.com\/wp-content\/uploads\/2021\/12\/266-scaled.jpg","contentUrl":"https:\/\/www.meettheredbaron.com\/wp-content\/uploads\/2021\/12\/266-scaled.jpg","width":1850,"height":2560,"caption":"heinpoblome"},"logo":{"@id":"https:\/\/www.meettheredbaron.com\/fr\/#\/schema\/person\/image\/"},"sameAs":["http:\/\/www.meettheredbaron.com"]}]}},"toolset-meta":{"field-group-for-events-2":[],"field-group-for-events":{"date":{"type":"date","raw":"-1392163200","formatted":"11\/20\/1925 00:00"},"date-as-a-string":{"type":"textfield","raw":"11\/20\/1925"},"date-description":{"type":"textfield","raw":""},"geolocation":{"type":"google_address","raw":"52.532013517448796, 13.371082578543202"},"location-description":{"type":"textfield","raw":""},"town-name":{"type":"textfield","raw":"Berlin"},"historical-town-name":{"type":"textfield","raw":""},"event-id":{"type":"numeric","raw":"466"},"event-short":{"type":"textfield","raw":"Cort\u00e8ge fun\u00e8bre et enterrement"},"event-description":{"type":"wysiwyg","raw":"Source : BArch RH 2\/2288 (fol. 178) \"Apr\u00e8s que le voyage en train du cercueil ait eu lieu \u00e0 partir de Kehl \u00e0 partir du 16 novembre 1925 avec une grande participation de la population, le cercueil arriva le 18 novembre \u00e0 la gare de Potsdam \u00e0 Berlin, y fut accueilli solennellement et transport\u00e9 en voiture avec une autre grande participation \u00e0 l'\u00e9glise de la gr\u00e2ce dans l'Invalidenstrasse o\u00f9 il fut expos\u00e9 pour la population qui passait en grand nombre. Le 20 novembre 1925, l'enterrement eut lieu au cimeti\u00e8re des Invalides. Apr\u00e8s une courte c\u00e9r\u00e9monie dans l'\u00e9glise de la Gr\u00e2ce en pr\u00e9sence du pr\u00e9sident du Reich von Hindenburg, du chancelier du Reich Luther, du ministre de la Reichswehr Dr. Ge\u00dfler, du chef de la direction de l'arm\u00e9e de terre le g\u00e9n\u00e9ral Seeckt et du chef de la direction de la marine l'amiral Zenker, le cort\u00e8ge fun\u00e8bre se rendit \u00e0 pied au cimeti\u00e8re par l'Invalidenstra\u00dfe. La photo montre les membres de la famille dans le cort\u00e8ge fun\u00e9raire apr\u00e8s le cercueil, devant la m\u00e8re de Richthofen, Kunigunde Freifrau von Richthofen, derri\u00e8re elle le plus jeune fr\u00e8re Karl-Bolko, derri\u00e8re la s\u0153ur Ilse. Au bord de la photo, on peut encore voir le pr\u00e9sident du Reich von Hindenburg et, \u00e0 c\u00f4t\u00e9 de lui, le ministre de la Reichswehr Dr. Ge\u00dfler\"."},"event-type-id":{"type":"numeric","raw":"3"},"source-id":{"type":"numeric","raw":"21"},"source-long-in-event":{"type":"textfield","raw":"https:\/\/www.bundesarchiv.de\/DE\/Content\/Virtuelle-Ausstellungen\/Manfred-Von-Richthofen-Der-Rote-Kampfflieger\/manfred-von-richthofen-der-rote-kampfflieger.html"},"pagenumber":{"type":"textfield","raw":""},"airplane-id":{"type":"textfield","raw":""},"combat-id":{"type":"textfield","raw":""},"event-type":{"type":"select","raw":"3"},"source-language":{"type":"select","raw":"2"},"picture":{"type":"image","raw":["http:\/\/www.meettheredbaron.com\/wp-content\/uploads\/2021\/12\/202.jpg","http:\/\/www.meettheredbaron.com\/wp-content\/uploads\/2021\/12\/203.jpg","http:\/\/www.meettheredbaron.com\/wp-content\/uploads\/2021\/12\/204.jpg","https:\/\/www.meettheredbaron.com\/wp-content\/uploads\/2024\/07\/287.jpg","https:\/\/www.meettheredbaron.com\/wp-content\/uploads\/2025\/12\/22.jpg","https:\/\/www.meettheredbaron.com\/wp-content\/uploads\/2021\/12\/164.jpg"],"repeatable":[{"raw":"http:\/\/www.meettheredbaron.com\/wp-content\/uploads\/2021\/12\/202.jpg","attachment_id":8366},{"raw":"http:\/\/www.meettheredbaron.com\/wp-content\/uploads\/2021\/12\/203.jpg","attachment_id":8369},{"raw":"http:\/\/www.meettheredbaron.com\/wp-content\/uploads\/2021\/12\/204.jpg","attachment_id":8372},{"raw":"https:\/\/www.meettheredbaron.com\/wp-content\/uploads\/2024\/07\/287.jpg","attachment_id":10784},{"raw":"https:\/\/www.meettheredbaron.com\/wp-content\/uploads\/2025\/12\/22.jpg","attachment_id":18346},{"raw":"https:\/\/www.meettheredbaron.com\/wp-content\/uploads\/2021\/12\/164.jpg","attachment_id":8255}]}}},"_links":{"self":[{"href":"https:\/\/www.meettheredbaron.com\/fr\/wp-json\/wp\/v2\/event\/13020","targetHints":{"allow":["GET"]}}],"collection":[{"href":"https:\/\/www.meettheredbaron.com\/fr\/wp-json\/wp\/v2\/event"}],"about":[{"href":"https:\/\/www.meettheredbaron.com\/fr\/wp-json\/wp\/v2\/types\/event"}],"replies":[{"embeddable":true,"href":"https:\/\/www.meettheredbaron.com\/fr\/wp-json\/wp\/v2\/comments?post=13020"}],"wp:attachment":[{"href":"https:\/\/www.meettheredbaron.com\/fr\/wp-json\/wp\/v2\/media?parent=13020"}],"wp:term":[{"taxonomy":"event-type","embeddable":true,"href":"https:\/\/www.meettheredbaron.com\/fr\/wp-json\/wp\/v2\/event-type?post=13020"},{"taxonomy":"source-language","embeddable":true,"href":"https:\/\/www.meettheredbaron.com\/fr\/wp-json\/wp\/v2\/source-language?post=13020"},{"taxonomy":"source-id-tax","embeddable":true,"href":"https:\/\/www.meettheredbaron.com\/fr\/wp-json\/wp\/v2\/source-id-tax?post=13020"}],"curies":[{"name":"wp","href":"https:\/\/api.w.org\/{rel}","templated":true}]}}

Cortège funèbre et enterrement

<p>Source : BArch RH 2/2288 (fol. 178) « Après que le voyage en train du cercueil ait eu lieu à partir de Kehl à partir du 16 novembre 1925 avec une grande participation de la population, le cercueil arriva le 18 novembre à la gare de Potsdam à Berlin, y fut accueilli solennellement et transporté en voiture avec une autre grande participation à l&rsquo;église de la grâce dans l&rsquo;Invalidenstrasse où il fut exposé pour la population qui passait en grand nombre. Le 20 novembre 1925, l&rsquo;enterrement eut lieu au cimetière des Invalides. Après une courte cérémonie dans l&rsquo;église de la Grâce en présence du président du Reich von Hindenburg, du chancelier du Reich Luther, du ministre de la Reichswehr Dr. Geßler, du chef de la direction de l&rsquo;armée de terre le général Seeckt et du chef de la direction de la marine l&rsquo;amiral Zenker, le cortège funèbre se rendit à pied au cimetière par l&rsquo;Invalidenstraße. La photo montre les membres de la famille dans le cortège funéraire après le cercueil, devant la mère de Richthofen, Kunigunde Freifrau von Richthofen, derrière elle le plus jeune frère Karl-Bolko, derrière la sœur Ilse. Au bord de la photo, on peut encore voir le président du Reich von Hindenburg et, à côté de lui, le ministre de la Reichswehr Dr. Geßler ».</p>

<!-- This site is optimized with the Yoast SEO plugin v26.7 - https://yoast.com/wordpress/plugins/seo/ -->
<title>Cortège funèbre et enterrement - Meet The Red Baron</title>
<meta name="robots" content="index, follow, max-snippet:-1, max-image-preview:large, max-video-preview:-1" />
<link rel="canonical" href="https://www.meettheredbaron.com/fr/event/leichenzug-und-begrabnis/" />
<meta property="og:locale" content="fr_FR" />
<meta property="og:type" content="article" />
<meta property="og:title" content="Cortège funèbre et enterrement - Meet The Red Baron" />
<meta property="og:description" content="Leichenzug und Begräbnis" />
<meta property="og:url" content="https://www.meettheredbaron.com/fr/event/leichenzug-und-begrabnis/" />
<meta property="og:site_name" content="Meet The Red Baron" />
<meta property="article:modified_time" content="2025-05-20T11:08:39+00:00" />
<script type="application/ld+json" class="yoast-schema-graph">{"@context":"https://schema.org","@graph":[{"@type":"WebPage","@id":"https://www.meettheredbaron.com/fr/event/leichenzug-und-begrabnis/","url":"https://www.meettheredbaron.com/fr/event/leichenzug-und-begrabnis/","name":"Cortège funèbre et enterrement - Meet The Red Baron","isPartOf":{"@id":"https://www.meettheredbaron.com/fr/#website"},"datePublished":"2021-12-16T16:31:10+00:00","dateModified":"2025-05-20T11:08:39+00:00","breadcrumb":{"@id":"https://www.meettheredbaron.com/fr/event/leichenzug-und-begrabnis/#breadcrumb"},"inLanguage":"fr-FR","potentialAction":[{"@type":"ReadAction","target":["https://www.meettheredbaron.com/fr/event/leichenzug-und-begrabnis/"]}]},{"@type":"BreadcrumbList","@id":"https://www.meettheredbaron.com/fr/event/leichenzug-und-begrabnis/#breadcrumb","itemListElement":[{"@type":"ListItem","position":1,"name":"Home","item":"https://www.meettheredbaron.com/fr/"},{"@type":"ListItem","position":2,"name":"Events","item":"https://www.meettheredbaron.com/fr/event/"},{"@type":"ListItem","position":3,"name":"Cortège funèbre et enterrement"}]},{"@type":"WebSite","@id":"https://www.meettheredbaron.com/fr/#website","url":"https://www.meettheredbaron.com/fr/","name":"Meet The Red Baron","description":"The life and death of Manfred von Richthofen.","publisher":{"@id":"https://www.meettheredbaron.com/fr/#/schema/person/fd320c77882d0d84e4b88ef15120767f"},"potentialAction":[{"@type":"SearchAction","target":{"@type":"EntryPoint","urlTemplate":"https://www.meettheredbaron.com/fr/?s={search_term_string}"},"query-input":{"@type":"PropertyValueSpecification","valueRequired":true,"valueName":"search_term_string"}}],"inLanguage":"fr-FR"},{"@type":["Person","Organization"],"@id":"https://www.meettheredbaron.com/fr/#/schema/person/fd320c77882d0d84e4b88ef15120767f","name":"heinpoblome","image":{"@type":"ImageObject","inLanguage":"fr-FR","@id":"https://www.meettheredbaron.com/fr/#/schema/person/image/","url":"https://www.meettheredbaron.com/wp-content/uploads/2021/12/266-scaled.jpg","contentUrl":"https://www.meettheredbaron.com/wp-content/uploads/2021/12/266-scaled.jpg","width":1850,"height":2560,"caption":"heinpoblome"},"logo":{"@id":"https://www.meettheredbaron.com/fr/#/schema/person/image/"},"sameAs":["http://www.meettheredbaron.com"]}]}</script>
<!-- / Yoast SEO plugin. -->

Cortège funèbre et enterrement - Meet The Red Baron

Leichenzug und Begräbnis

Source : BArch RH 2/2288 (fol. 178) "Après que le voyage en train du cercueil ait eu lieu à partir de Kehl à partir du 16 novembre 1925 avec une grande participation de la population, le cercueil arriva le 18 novembre à la gare de Potsdam à Berlin, y fut accueilli solennellement et transporté en voiture avec une autre grande participation à l'église de la grâce dans l'Invalidenstrasse où il fut exposé pour la population qui passait en grand nombre. Le 20 novembre 1925, l'enterrement eut lieu au cimetière des Invalides. Après une courte cérémonie dans l'église de la Grâce en présence du président du Reich von Hindenburg, du chancelier du Reich Luther, du ministre de la Reichswehr Dr. Geßler, du chef de la direction de l'armée de terre le général Seeckt et du chef de la direction de la marine l'amiral Zenker, le cortège funèbre se rendit à pied au cimetière par l'Invalidenstraße. La photo montre les membres de la famille dans le cortège funéraire après le cercueil, devant la mère de Richthofen, Kunigunde Freifrau von Richthofen, derrière elle le plus jeune frère Karl-Bolko, derrière la sœur Ilse. Au bord de la photo, on peut encore voir le président du Reich von Hindenburg et, à côté de lui, le ministre de la Reichswehr Dr. Geßler".
