{"id":12894,"date":"2022-01-03T16:50:11","date_gmt":"2022-01-03T15:50:11","guid":{"rendered":"https:\/\/www.meettheredbaron.com\/event\/bericht-von-kaiser-wilhelm-ii\/"},"modified":"2025-05-24T10:52:37","modified_gmt":"2025-05-24T09:52:37","slug":"bericht-von-kaiser-wilhelm-ii","status":"publish","type":"event","link":"https:\/\/www.meettheredbaron.com\/fr\/event\/bericht-von-kaiser-wilhelm-ii\/","title":{"rendered":"Message du Kaiser Guillaume II"},"content":{"rendered":"\n<p>\u00ab\u00a0Major Freiherr von Richthofen, commandant local \u00e0&#8230; A ma grande tristesse, je viens d&rsquo;\u00eatre inform\u00e9 par le g\u00e9n\u00e9ral commandant les forces a\u00e9riennes que votre valeureux fils, le Rittmeister Freiherr von Richthofen, a \u00e9t\u00e9 tu\u00e9. Ce que ce jeune chef a accompli dans le combat a\u00e9rien restera inoubliable pour moi, pour mon arm\u00e9e et pour le peuple allemand. Je m&rsquo;associe de tout c\u0153ur \u00e0 votre deuil. Que Dieu vous donne le baume de sa consolation. Guillaume\u00a0\u00bb.<\/p>\n","protected":false},"comment_status":"open","ping_status":"closed","template":"","event-type":[245],"source-language":[259],"source-id-tax":[295],"class_list":["post-12894","event","type-event","status-publish","hentry","event-type-military-logs-and-documents-fr","source-language-allemand-fr","source-id-tax-der-rote-kampfflieger-von-rittmeister-manfred-freiherrn-von-richthofen-1933-eingeleitet-und-erganzt-von-bolko-freiherr-von-richthofen-mit-einem-vorwort-von-generalfeldmarschall-hermann-goring-verl-fr","entry","no-media"],"yoast_head":"<!-- This site is optimized with the Yoast SEO plugin v26.7 - https:\/\/yoast.com\/wordpress\/plugins\/seo\/ -->\n<title>Message du Kaiser Guillaume II - Meet The Red Baron<\/title>\n<meta name=\"robots\" content=\"index, follow, max-snippet:-1, max-image-preview:large, max-video-preview:-1\" \/>\n<link rel=\"canonical\" href=\"https:\/\/www.meettheredbaron.com\/fr\/event\/bericht-von-kaiser-wilhelm-ii\/\" \/>\n<meta property=\"og:locale\" content=\"fr_FR\" \/>\n<meta property=\"og:type\" content=\"article\" \/>\n<meta property=\"og:title\" content=\"Message du Kaiser Guillaume II - Meet The Red Baron\" \/>\n<meta property=\"og:description\" content=\"\u00ab\u00a0Major Freiherr von Richthofen, commandant local \u00e0&#8230; A ma grande tristesse, je viens d&rsquo;\u00eatre inform\u00e9 par le g\u00e9n\u00e9ral commandant les forces a\u00e9riennes que votre valeureux fils, le Rittmeister Freiherr von Richthofen, a \u00e9t\u00e9 tu\u00e9. Ce que ce jeune chef a accompli dans le combat a\u00e9rien restera inoubliable pour moi, pour mon arm\u00e9e et pour le&hellip;\" \/>\n<meta property=\"og:url\" content=\"https:\/\/www.meettheredbaron.com\/fr\/event\/bericht-von-kaiser-wilhelm-ii\/\" \/>\n<meta property=\"og:site_name\" content=\"Meet The Red Baron\" \/>\n<meta property=\"article:modified_time\" content=\"2025-05-24T09:52:37+00:00\" \/>\n<script type=\"application\/ld+json\" class=\"yoast-schema-graph\">{\"@context\":\"https:\/\/schema.org\",\"@graph\":[{\"@type\":\"WebPage\",\"@id\":\"https:\/\/www.meettheredbaron.com\/fr\/event\/bericht-von-kaiser-wilhelm-ii\/\",\"url\":\"https:\/\/www.meettheredbaron.com\/fr\/event\/bericht-von-kaiser-wilhelm-ii\/\",\"name\":\"Message du Kaiser Guillaume II - Meet The Red Baron\",\"isPartOf\":{\"@id\":\"https:\/\/www.meettheredbaron.com\/fr\/#website\"},\"datePublished\":\"2022-01-03T15:50:11+00:00\",\"dateModified\":\"2025-05-24T09:52:37+00:00\",\"breadcrumb\":{\"@id\":\"https:\/\/www.meettheredbaron.com\/fr\/event\/bericht-von-kaiser-wilhelm-ii\/#breadcrumb\"},\"inLanguage\":\"fr-FR\",\"potentialAction\":[{\"@type\":\"ReadAction\",\"target\":[\"https:\/\/www.meettheredbaron.com\/fr\/event\/bericht-von-kaiser-wilhelm-ii\/\"]}]},{\"@type\":\"BreadcrumbList\",\"@id\":\"https:\/\/www.meettheredbaron.com\/fr\/event\/bericht-von-kaiser-wilhelm-ii\/#breadcrumb\",\"itemListElement\":[{\"@type\":\"ListItem\",\"position\":1,\"name\":\"Home\",\"item\":\"https:\/\/www.meettheredbaron.com\/fr\/\"},{\"@type\":\"ListItem\",\"position\":2,\"name\":\"Events\",\"item\":\"https:\/\/www.meettheredbaron.com\/fr\/event\/\"},{\"@type\":\"ListItem\",\"position\":3,\"name\":\"Message du Kaiser Guillaume II\"}]},{\"@type\":\"WebSite\",\"@id\":\"https:\/\/www.meettheredbaron.com\/fr\/#website\",\"url\":\"https:\/\/www.meettheredbaron.com\/fr\/\",\"name\":\"Meet The Red Baron\",\"description\":\"The life and death of Manfred von Richthofen.\",\"publisher\":{\"@id\":\"https:\/\/www.meettheredbaron.com\/fr\/#\/schema\/person\/fd320c77882d0d84e4b88ef15120767f\"},\"potentialAction\":[{\"@type\":\"SearchAction\",\"target\":{\"@type\":\"EntryPoint\",\"urlTemplate\":\"https:\/\/www.meettheredbaron.com\/fr\/?s={search_term_string}\"},\"query-input\":{\"@type\":\"PropertyValueSpecification\",\"valueRequired\":true,\"valueName\":\"search_term_string\"}}],\"inLanguage\":\"fr-FR\"},{\"@type\":[\"Person\",\"Organization\"],\"@id\":\"https:\/\/www.meettheredbaron.com\/fr\/#\/schema\/person\/fd320c77882d0d84e4b88ef15120767f\",\"name\":\"heinpoblome\",\"image\":{\"@type\":\"ImageObject\",\"inLanguage\":\"fr-FR\",\"@id\":\"https:\/\/www.meettheredbaron.com\/fr\/#\/schema\/person\/image\/\",\"url\":\"https:\/\/www.meettheredbaron.com\/wp-content\/uploads\/2021\/12\/266-scaled.jpg\",\"contentUrl\":\"https:\/\/www.meettheredbaron.com\/wp-content\/uploads\/2021\/12\/266-scaled.jpg\",\"width\":1850,\"height\":2560,\"caption\":\"heinpoblome\"},\"logo\":{\"@id\":\"https:\/\/www.meettheredbaron.com\/fr\/#\/schema\/person\/image\/\"},\"sameAs\":[\"http:\/\/www.meettheredbaron.com\"]}]}<\/script>\n<!-- \/ Yoast SEO plugin. -->","yoast_head_json":{"title":"Message du Kaiser Guillaume II - Meet The Red Baron","robots":{"index":"index","follow":"follow","max-snippet":"max-snippet:-1","max-image-preview":"max-image-preview:large","max-video-preview":"max-video-preview:-1"},"canonical":"https:\/\/www.meettheredbaron.com\/fr\/event\/bericht-von-kaiser-wilhelm-ii\/","og_locale":"fr_FR","og_type":"article","og_title":"Message du Kaiser Guillaume II - Meet The Red Baron","og_description":"\u00ab\u00a0Major Freiherr von Richthofen, commandant local \u00e0&#8230; A ma grande tristesse, je viens d&rsquo;\u00eatre inform\u00e9 par le g\u00e9n\u00e9ral commandant les forces a\u00e9riennes que votre valeureux fils, le Rittmeister Freiherr von Richthofen, a \u00e9t\u00e9 tu\u00e9. Ce que ce jeune chef a accompli dans le combat a\u00e9rien restera inoubliable pour moi, pour mon arm\u00e9e et pour le&hellip;","og_url":"https:\/\/www.meettheredbaron.com\/fr\/event\/bericht-von-kaiser-wilhelm-ii\/","og_site_name":"Meet The Red Baron","article_modified_time":"2025-05-24T09:52:37+00:00","schema":{"@context":"https:\/\/schema.org","@graph":[{"@type":"WebPage","@id":"https:\/\/www.meettheredbaron.com\/fr\/event\/bericht-von-kaiser-wilhelm-ii\/","url":"https:\/\/www.meettheredbaron.com\/fr\/event\/bericht-von-kaiser-wilhelm-ii\/","name":"Message du Kaiser Guillaume II - Meet The Red Baron","isPartOf":{"@id":"https:\/\/www.meettheredbaron.com\/fr\/#website"},"datePublished":"2022-01-03T15:50:11+00:00","dateModified":"2025-05-24T09:52:37+00:00","breadcrumb":{"@id":"https:\/\/www.meettheredbaron.com\/fr\/event\/bericht-von-kaiser-wilhelm-ii\/#breadcrumb"},"inLanguage":"fr-FR","potentialAction":[{"@type":"ReadAction","target":["https:\/\/www.meettheredbaron.com\/fr\/event\/bericht-von-kaiser-wilhelm-ii\/"]}]},{"@type":"BreadcrumbList","@id":"https:\/\/www.meettheredbaron.com\/fr\/event\/bericht-von-kaiser-wilhelm-ii\/#breadcrumb","itemListElement":[{"@type":"ListItem","position":1,"name":"Home","item":"https:\/\/www.meettheredbaron.com\/fr\/"},{"@type":"ListItem","position":2,"name":"Events","item":"https:\/\/www.meettheredbaron.com\/fr\/event\/"},{"@type":"ListItem","position":3,"name":"Message du Kaiser Guillaume II"}]},{"@type":"WebSite","@id":"https:\/\/www.meettheredbaron.com\/fr\/#website","url":"https:\/\/www.meettheredbaron.com\/fr\/","name":"Meet The Red Baron","description":"The life and death of Manfred von Richthofen.","publisher":{"@id":"https:\/\/www.meettheredbaron.com\/fr\/#\/schema\/person\/fd320c77882d0d84e4b88ef15120767f"},"potentialAction":[{"@type":"SearchAction","target":{"@type":"EntryPoint","urlTemplate":"https:\/\/www.meettheredbaron.com\/fr\/?s={search_term_string}"},"query-input":{"@type":"PropertyValueSpecification","valueRequired":true,"valueName":"search_term_string"}}],"inLanguage":"fr-FR"},{"@type":["Person","Organization"],"@id":"https:\/\/www.meettheredbaron.com\/fr\/#\/schema\/person\/fd320c77882d0d84e4b88ef15120767f","name":"heinpoblome","image":{"@type":"ImageObject","inLanguage":"fr-FR","@id":"https:\/\/www.meettheredbaron.com\/fr\/#\/schema\/person\/image\/","url":"https:\/\/www.meettheredbaron.com\/wp-content\/uploads\/2021\/12\/266-scaled.jpg","contentUrl":"https:\/\/www.meettheredbaron.com\/wp-content\/uploads\/2021\/12\/266-scaled.jpg","width":1850,"height":2560,"caption":"heinpoblome"},"logo":{"@id":"https:\/\/www.meettheredbaron.com\/fr\/#\/schema\/person\/image\/"},"sameAs":["http:\/\/www.meettheredbaron.com"]}]}},"toolset-meta":{"field-group-for-events-2":[],"field-group-for-events":{"date":{"type":"date","raw":"-1631232000","formatted":"04\/24\/1918 00:00"},"date-as-a-string":{"type":"textfield","raw":"04\/24\/1918"},"date-description":{"type":"textfield","raw":""},"geolocation":{"type":"google_address","raw":"50.84890767354939, 16.476310886960174"},"location-description":{"type":"textfield","raw":"W\u0142adys\u0142awa Sikorskiego 19, 58-105 \u015awidnica, Polen"},"town-name":{"type":"textfield","raw":"Swidnica"},"historical-town-name":{"type":"textfield","raw":"Schweidnitz"},"event-id":{"type":"numeric","raw":"495"},"event-short":{"type":"textfield","raw":"Message du Kaiser Guillaume II"},"event-description":{"type":"wysiwyg","raw":"\"Major Freiherr von Richthofen, commandant local \u00e0... A ma grande tristesse, je viens d'\u00eatre inform\u00e9 par le g\u00e9n\u00e9ral commandant les forces a\u00e9riennes que votre valeureux fils, le Rittmeister Freiherr von Richthofen, a \u00e9t\u00e9 tu\u00e9. Ce que ce jeune chef a accompli dans le combat a\u00e9rien restera inoubliable pour moi, pour mon arm\u00e9e et pour le peuple allemand. Je m'associe de tout c\u0153ur \u00e0 votre deuil. Que Dieu vous donne le baume de sa consolation. Guillaume\"."},"event-type-id":{"type":"numeric","raw":"8"},"source-id":{"type":"numeric","raw":"22"},"source-long-in-event":{"type":"textfield","raw":"Der rote Kampfflieger von Rittmeister Manfred Freiherrn von Richthofen, 1933, Eingeleitet und erg\u00e4nzt von Bolko Freiherr von Richthofen, mit einem Vorwort von Generalfeldmarschall Hermann G\u00f6ring, Verlag Ullstein & Co, Berlin"},"pagenumber":{"type":"textfield","raw":"240"},"airplane-id":{"type":"textfield","raw":""},"combat-id":{"type":"textfield","raw":""},"event-type":{"type":"select","raw":"8"},"source-language":{"type":"select","raw":"2"},"picture":{"type":"image","raw":[""],"repeatable":[{"raw":""}]}}},"_links":{"self":[{"href":"https:\/\/www.meettheredbaron.com\/fr\/wp-json\/wp\/v2\/event\/12894","targetHints":{"allow":["GET"]}}],"collection":[{"href":"https:\/\/www.meettheredbaron.com\/fr\/wp-json\/wp\/v2\/event"}],"about":[{"href":"https:\/\/www.meettheredbaron.com\/fr\/wp-json\/wp\/v2\/types\/event"}],"replies":[{"embeddable":true,"href":"https:\/\/www.meettheredbaron.com\/fr\/wp-json\/wp\/v2\/comments?post=12894"}],"wp:attachment":[{"href":"https:\/\/www.meettheredbaron.com\/fr\/wp-json\/wp\/v2\/media?parent=12894"}],"wp:term":[{"taxonomy":"event-type","embeddable":true,"href":"https:\/\/www.meettheredbaron.com\/fr\/wp-json\/wp\/v2\/event-type?post=12894"},{"taxonomy":"source-language","embeddable":true,"href":"https:\/\/www.meettheredbaron.com\/fr\/wp-json\/wp\/v2\/source-language?post=12894"},{"taxonomy":"source-id-tax","embeddable":true,"href":"https:\/\/www.meettheredbaron.com\/fr\/wp-json\/wp\/v2\/source-id-tax?post=12894"}],"curies":[{"name":"wp","href":"https:\/\/api.w.org\/{rel}","templated":true}]}}

<p>« Major Freiherr von Richthofen, commandant local à&#8230; A ma grande tristesse, je viens d&rsquo;être informé par le général commandant les forces aériennes que votre valeureux fils, le Rittmeister Freiherr von Richthofen, a été tué. Ce que ce jeune chef a accompli dans le combat aérien restera inoubliable pour moi, pour mon armée et pour le peuple allemand. Je m&rsquo;associe de tout cœur à votre deuil. Que Dieu vous donne le baume de sa consolation. Guillaume ».</p>

<!-- This site is optimized with the Yoast SEO plugin v26.7 - https://yoast.com/wordpress/plugins/seo/ -->
<title>Message du Kaiser Guillaume II - Meet The Red Baron</title>
<meta name="robots" content="index, follow, max-snippet:-1, max-image-preview:large, max-video-preview:-1" />
<link rel="canonical" href="https://www.meettheredbaron.com/fr/event/bericht-von-kaiser-wilhelm-ii/" />
<meta property="og:locale" content="fr_FR" />
<meta property="og:type" content="article" />
<meta property="og:title" content="Message du Kaiser Guillaume II - Meet The Red Baron" />
<meta property="og:description" content="« Major Freiherr von Richthofen, commandant local à&#8230; A ma grande tristesse, je viens d&rsquo;être informé par le général commandant les forces aériennes que votre valeureux fils, le Rittmeister Freiherr von Richthofen, a été tué. Ce que ce jeune chef a accompli dans le combat aérien restera inoubliable pour moi, pour mon armée et pour le&hellip;" />
<meta property="og:url" content="https://www.meettheredbaron.com/fr/event/bericht-von-kaiser-wilhelm-ii/" />
<meta property="og:site_name" content="Meet The Red Baron" />
<meta property="article:modified_time" content="2025-05-24T09:52:37+00:00" />
<script type="application/ld+json" class="yoast-schema-graph">{"@context":"https://schema.org","@graph":[{"@type":"WebPage","@id":"https://www.meettheredbaron.com/fr/event/bericht-von-kaiser-wilhelm-ii/","url":"https://www.meettheredbaron.com/fr/event/bericht-von-kaiser-wilhelm-ii/","name":"Message du Kaiser Guillaume II - Meet The Red Baron","isPartOf":{"@id":"https://www.meettheredbaron.com/fr/#website"},"datePublished":"2022-01-03T15:50:11+00:00","dateModified":"2025-05-24T09:52:37+00:00","breadcrumb":{"@id":"https://www.meettheredbaron.com/fr/event/bericht-von-kaiser-wilhelm-ii/#breadcrumb"},"inLanguage":"fr-FR","potentialAction":[{"@type":"ReadAction","target":["https://www.meettheredbaron.com/fr/event/bericht-von-kaiser-wilhelm-ii/"]}]},{"@type":"BreadcrumbList","@id":"https://www.meettheredbaron.com/fr/event/bericht-von-kaiser-wilhelm-ii/#breadcrumb","itemListElement":[{"@type":"ListItem","position":1,"name":"Home","item":"https://www.meettheredbaron.com/fr/"},{"@type":"ListItem","position":2,"name":"Events","item":"https://www.meettheredbaron.com/fr/event/"},{"@type":"ListItem","position":3,"name":"Message du Kaiser Guillaume II"}]},{"@type":"WebSite","@id":"https://www.meettheredbaron.com/fr/#website","url":"https://www.meettheredbaron.com/fr/","name":"Meet The Red Baron","description":"The life and death of Manfred von Richthofen.","publisher":{"@id":"https://www.meettheredbaron.com/fr/#/schema/person/fd320c77882d0d84e4b88ef15120767f"},"potentialAction":[{"@type":"SearchAction","target":{"@type":"EntryPoint","urlTemplate":"https://www.meettheredbaron.com/fr/?s={search_term_string}"},"query-input":{"@type":"PropertyValueSpecification","valueRequired":true,"valueName":"search_term_string"}}],"inLanguage":"fr-FR"},{"@type":["Person","Organization"],"@id":"https://www.meettheredbaron.com/fr/#/schema/person/fd320c77882d0d84e4b88ef15120767f","name":"heinpoblome","image":{"@type":"ImageObject","inLanguage":"fr-FR","@id":"https://www.meettheredbaron.com/fr/#/schema/person/image/","url":"https://www.meettheredbaron.com/wp-content/uploads/2021/12/266-scaled.jpg","contentUrl":"https://www.meettheredbaron.com/wp-content/uploads/2021/12/266-scaled.jpg","width":1850,"height":2560,"caption":"heinpoblome"},"logo":{"@id":"https://www.meettheredbaron.com/fr/#/schema/person/image/"},"sameAs":["http://www.meettheredbaron.com"]}]}</script>
<!-- / Yoast SEO plugin. -->

« Major Freiherr von Richthofen, commandant local à&#8230; A ma grande tristesse, je viens d&rsquo;être informé par le général commandant les forces aériennes que votre valeureux fils, le Rittmeister Freiherr von Richthofen, a été tué. Ce que ce jeune chef a accompli dans le combat aérien restera inoubliable pour moi, pour mon armée et pour le&hellip;

Władysława Sikorskiego 19, 58-105 Świdnica, Polen

"Major Freiherr von Richthofen, commandant local à... A ma grande tristesse, je viens d'être informé par le général commandant les forces aériennes que votre valeureux fils, le Rittmeister Freiherr von Richthofen, a été tué. Ce que ce jeune chef a accompli dans le combat aérien restera inoubliable pour moi, pour mon armée et pour le peuple allemand. Je m'associe de tout cœur à votre deuil. Que Dieu vous donne le baume de sa consolation. Guillaume".

Der rote Kampfflieger von Rittmeister Manfred Freiherrn von Richthofen, 1933, Eingeleitet und ergänzt von Bolko Freiherr von Richthofen, mit einem Vorwort von Generalfeldmarschall Hermann Göring, Verlag Ullstein & Co, Berlin
