{"id":12756,"date":"2022-06-09T14:19:59","date_gmt":"2022-06-09T13:19:59","guid":{"rendered":"https:\/\/www.meettheredbaron.com\/event\/mvr-receives-the-bulgarian-cross\/"},"modified":"2025-06-18T13:07:51","modified_gmt":"2025-06-18T12:07:51","slug":"mvr-receives-the-bulgarian-cross","status":"publish","type":"event","link":"https:\/\/www.meettheredbaron.com\/fr\/event\/mvr-receives-the-bulgarian-cross\/","title":{"rendered":"MvR re\u00e7oit la Croix bulgare"},"content":{"rendered":"\n<p>\u00ab L&rsquo;as \u00e9tait attendu au front. Il re\u00e7ut l&rsquo;ordre d&rsquo;annuler son cong\u00e9 prolong\u00e9 et, le 10 juin, il se pr\u00e9senta au quartier g\u00e9n\u00e9ral \u00e0 Kreuznach. S&rsquo;ensuivirent deux jours de conf\u00e9rences et de d\u00e9jeuners avec le Kaiser et le roi de Bulgarie, qui le d\u00e9cora de la Croix bulgare pour son courage. \u00bb<\/p>\n","protected":false},"comment_status":"open","ping_status":"closed","template":"","event-type":[242],"source-language":[226],"source-id-tax":[375],"class_list":["post-12756","event","type-event","status-publish","hentry","event-type-appointment-medals-fr","source-language-anglais","source-id-tax-the-red-knight-of-germany-fr","entry","no-media"],"yoast_head":"<!-- This site is optimized with the Yoast SEO plugin v26.7 - https:\/\/yoast.com\/wordpress\/plugins\/seo\/ -->\n<title>MvR re\u00e7oit la Croix bulgare - Meet The Red Baron<\/title>\n<meta name=\"robots\" content=\"index, follow, max-snippet:-1, max-image-preview:large, max-video-preview:-1\" \/>\n<link rel=\"canonical\" href=\"https:\/\/www.meettheredbaron.com\/fr\/event\/mvr-receives-the-bulgarian-cross\/\" \/>\n<meta property=\"og:locale\" content=\"fr_FR\" \/>\n<meta property=\"og:type\" content=\"article\" \/>\n<meta property=\"og:title\" content=\"MvR re\u00e7oit la Croix bulgare - Meet The Red Baron\" \/>\n<meta property=\"og:description\" content=\"\u00ab L&rsquo;as \u00e9tait attendu au front. Il re\u00e7ut l&rsquo;ordre d&rsquo;annuler son cong\u00e9 prolong\u00e9 et, le 10 juin, il se pr\u00e9senta au quartier g\u00e9n\u00e9ral \u00e0 Kreuznach. S&rsquo;ensuivirent deux jours de conf\u00e9rences et de d\u00e9jeuners avec le Kaiser et le roi de Bulgarie, qui le d\u00e9cora de la Croix bulgare pour son courage. \u00bb\" \/>\n<meta property=\"og:url\" content=\"https:\/\/www.meettheredbaron.com\/fr\/event\/mvr-receives-the-bulgarian-cross\/\" \/>\n<meta property=\"og:site_name\" content=\"Meet The Red Baron\" \/>\n<meta property=\"article:modified_time\" content=\"2025-06-18T12:07:51+00:00\" \/>\n<script type=\"application\/ld+json\" class=\"yoast-schema-graph\">{\"@context\":\"https:\/\/schema.org\",\"@graph\":[{\"@type\":\"WebPage\",\"@id\":\"https:\/\/www.meettheredbaron.com\/fr\/event\/mvr-receives-the-bulgarian-cross\/\",\"url\":\"https:\/\/www.meettheredbaron.com\/fr\/event\/mvr-receives-the-bulgarian-cross\/\",\"name\":\"MvR re\u00e7oit la Croix bulgare - Meet The Red Baron\",\"isPartOf\":{\"@id\":\"https:\/\/www.meettheredbaron.com\/fr\/#website\"},\"datePublished\":\"2022-06-09T13:19:59+00:00\",\"dateModified\":\"2025-06-18T12:07:51+00:00\",\"breadcrumb\":{\"@id\":\"https:\/\/www.meettheredbaron.com\/fr\/event\/mvr-receives-the-bulgarian-cross\/#breadcrumb\"},\"inLanguage\":\"fr-FR\",\"potentialAction\":[{\"@type\":\"ReadAction\",\"target\":[\"https:\/\/www.meettheredbaron.com\/fr\/event\/mvr-receives-the-bulgarian-cross\/\"]}]},{\"@type\":\"BreadcrumbList\",\"@id\":\"https:\/\/www.meettheredbaron.com\/fr\/event\/mvr-receives-the-bulgarian-cross\/#breadcrumb\",\"itemListElement\":[{\"@type\":\"ListItem\",\"position\":1,\"name\":\"Home\",\"item\":\"https:\/\/www.meettheredbaron.com\/fr\/\"},{\"@type\":\"ListItem\",\"position\":2,\"name\":\"Events\",\"item\":\"https:\/\/www.meettheredbaron.com\/fr\/event\/\"},{\"@type\":\"ListItem\",\"position\":3,\"name\":\"MvR re\u00e7oit la Croix bulgare\"}]},{\"@type\":\"WebSite\",\"@id\":\"https:\/\/www.meettheredbaron.com\/fr\/#website\",\"url\":\"https:\/\/www.meettheredbaron.com\/fr\/\",\"name\":\"Meet The Red Baron\",\"description\":\"The life and death of Manfred von Richthofen.\",\"publisher\":{\"@id\":\"https:\/\/www.meettheredbaron.com\/fr\/#\/schema\/person\/fd320c77882d0d84e4b88ef15120767f\"},\"potentialAction\":[{\"@type\":\"SearchAction\",\"target\":{\"@type\":\"EntryPoint\",\"urlTemplate\":\"https:\/\/www.meettheredbaron.com\/fr\/?s={search_term_string}\"},\"query-input\":{\"@type\":\"PropertyValueSpecification\",\"valueRequired\":true,\"valueName\":\"search_term_string\"}}],\"inLanguage\":\"fr-FR\"},{\"@type\":[\"Person\",\"Organization\"],\"@id\":\"https:\/\/www.meettheredbaron.com\/fr\/#\/schema\/person\/fd320c77882d0d84e4b88ef15120767f\",\"name\":\"heinpoblome\",\"image\":{\"@type\":\"ImageObject\",\"inLanguage\":\"fr-FR\",\"@id\":\"https:\/\/www.meettheredbaron.com\/fr\/#\/schema\/person\/image\/\",\"url\":\"https:\/\/www.meettheredbaron.com\/wp-content\/uploads\/2021\/12\/266-scaled.jpg\",\"contentUrl\":\"https:\/\/www.meettheredbaron.com\/wp-content\/uploads\/2021\/12\/266-scaled.jpg\",\"width\":1850,\"height\":2560,\"caption\":\"heinpoblome\"},\"logo\":{\"@id\":\"https:\/\/www.meettheredbaron.com\/fr\/#\/schema\/person\/image\/\"},\"sameAs\":[\"http:\/\/www.meettheredbaron.com\"]}]}<\/script>\n<!-- \/ Yoast SEO plugin. -->","yoast_head_json":{"title":"MvR re\u00e7oit la Croix bulgare - Meet The Red Baron","robots":{"index":"index","follow":"follow","max-snippet":"max-snippet:-1","max-image-preview":"max-image-preview:large","max-video-preview":"max-video-preview:-1"},"canonical":"https:\/\/www.meettheredbaron.com\/fr\/event\/mvr-receives-the-bulgarian-cross\/","og_locale":"fr_FR","og_type":"article","og_title":"MvR re\u00e7oit la Croix bulgare - Meet The Red Baron","og_description":"\u00ab L&rsquo;as \u00e9tait attendu au front. Il re\u00e7ut l&rsquo;ordre d&rsquo;annuler son cong\u00e9 prolong\u00e9 et, le 10 juin, il se pr\u00e9senta au quartier g\u00e9n\u00e9ral \u00e0 Kreuznach. S&rsquo;ensuivirent deux jours de conf\u00e9rences et de d\u00e9jeuners avec le Kaiser et le roi de Bulgarie, qui le d\u00e9cora de la Croix bulgare pour son courage. \u00bb","og_url":"https:\/\/www.meettheredbaron.com\/fr\/event\/mvr-receives-the-bulgarian-cross\/","og_site_name":"Meet The Red Baron","article_modified_time":"2025-06-18T12:07:51+00:00","schema":{"@context":"https:\/\/schema.org","@graph":[{"@type":"WebPage","@id":"https:\/\/www.meettheredbaron.com\/fr\/event\/mvr-receives-the-bulgarian-cross\/","url":"https:\/\/www.meettheredbaron.com\/fr\/event\/mvr-receives-the-bulgarian-cross\/","name":"MvR re\u00e7oit la Croix bulgare - Meet The Red Baron","isPartOf":{"@id":"https:\/\/www.meettheredbaron.com\/fr\/#website"},"datePublished":"2022-06-09T13:19:59+00:00","dateModified":"2025-06-18T12:07:51+00:00","breadcrumb":{"@id":"https:\/\/www.meettheredbaron.com\/fr\/event\/mvr-receives-the-bulgarian-cross\/#breadcrumb"},"inLanguage":"fr-FR","potentialAction":[{"@type":"ReadAction","target":["https:\/\/www.meettheredbaron.com\/fr\/event\/mvr-receives-the-bulgarian-cross\/"]}]},{"@type":"BreadcrumbList","@id":"https:\/\/www.meettheredbaron.com\/fr\/event\/mvr-receives-the-bulgarian-cross\/#breadcrumb","itemListElement":[{"@type":"ListItem","position":1,"name":"Home","item":"https:\/\/www.meettheredbaron.com\/fr\/"},{"@type":"ListItem","position":2,"name":"Events","item":"https:\/\/www.meettheredbaron.com\/fr\/event\/"},{"@type":"ListItem","position":3,"name":"MvR re\u00e7oit la Croix bulgare"}]},{"@type":"WebSite","@id":"https:\/\/www.meettheredbaron.com\/fr\/#website","url":"https:\/\/www.meettheredbaron.com\/fr\/","name":"Meet The Red Baron","description":"The life and death of Manfred von Richthofen.","publisher":{"@id":"https:\/\/www.meettheredbaron.com\/fr\/#\/schema\/person\/fd320c77882d0d84e4b88ef15120767f"},"potentialAction":[{"@type":"SearchAction","target":{"@type":"EntryPoint","urlTemplate":"https:\/\/www.meettheredbaron.com\/fr\/?s={search_term_string}"},"query-input":{"@type":"PropertyValueSpecification","valueRequired":true,"valueName":"search_term_string"}}],"inLanguage":"fr-FR"},{"@type":["Person","Organization"],"@id":"https:\/\/www.meettheredbaron.com\/fr\/#\/schema\/person\/fd320c77882d0d84e4b88ef15120767f","name":"heinpoblome","image":{"@type":"ImageObject","inLanguage":"fr-FR","@id":"https:\/\/www.meettheredbaron.com\/fr\/#\/schema\/person\/image\/","url":"https:\/\/www.meettheredbaron.com\/wp-content\/uploads\/2021\/12\/266-scaled.jpg","contentUrl":"https:\/\/www.meettheredbaron.com\/wp-content\/uploads\/2021\/12\/266-scaled.jpg","width":1850,"height":2560,"caption":"heinpoblome"},"logo":{"@id":"https:\/\/www.meettheredbaron.com\/fr\/#\/schema\/person\/image\/"},"sameAs":["http:\/\/www.meettheredbaron.com"]}]}},"toolset-meta":{"field-group-for-events-2":[],"field-group-for-events":{"date":{"type":"date","raw":"-1658707200","formatted":"06\/10\/1917 00:00"},"date-as-a-string":{"type":"textfield","raw":"06\/10\/1917"},"date-description":{"type":"textfield","raw":""},"geolocation":{"type":"google_address","raw":"49.837291383185374, 7.852933158611976"},"location-description":{"type":"textfield","raw":"Hotel Oranienhof"},"town-name":{"type":"textfield","raw":"Bad Kreuznach"},"historical-town-name":{"type":"textfield","raw":""},"event-id":{"type":"numeric","raw":"541"},"event-short":{"type":"textfield","raw":"MvR re\u00e7oit la Croix bulgare"},"event-description":{"type":"wysiwyg","raw":"\u00ab L'as \u00e9tait attendu au front. Il re\u00e7ut l'ordre d'annuler son cong\u00e9 prolong\u00e9 et, le 10 juin, il se pr\u00e9senta au quartier g\u00e9n\u00e9ral \u00e0 Kreuznach. S'ensuivirent deux jours de conf\u00e9rences et de d\u00e9jeuners avec le Kaiser et le roi de Bulgarie, qui le d\u00e9cora de la Croix bulgare pour son courage. \u00bb"},"event-type-id":{"type":"numeric","raw":"1"},"source-id":{"type":"numeric","raw":"43"},"source-long-in-event":{"type":"textfield","raw":"The Red Knight of Germany, the story of Baron von Richthofen, Floyd Gibbons, 1927, 1959 Bantam Books"},"pagenumber":{"type":"textfield","raw":"145"},"airplane-id":{"type":"textfield","raw":"0"},"combat-id":{"type":"textfield","raw":"0"},"event-type":{"type":"select","raw":"1"},"source-language":{"type":"select","raw":"1"},"picture":{"type":"image","raw":[""],"repeatable":[{"raw":""}]}}},"_links":{"self":[{"href":"https:\/\/www.meettheredbaron.com\/fr\/wp-json\/wp\/v2\/event\/12756","targetHints":{"allow":["GET"]}}],"collection":[{"href":"https:\/\/www.meettheredbaron.com\/fr\/wp-json\/wp\/v2\/event"}],"about":[{"href":"https:\/\/www.meettheredbaron.com\/fr\/wp-json\/wp\/v2\/types\/event"}],"replies":[{"embeddable":true,"href":"https:\/\/www.meettheredbaron.com\/fr\/wp-json\/wp\/v2\/comments?post=12756"}],"wp:attachment":[{"href":"https:\/\/www.meettheredbaron.com\/fr\/wp-json\/wp\/v2\/media?parent=12756"}],"wp:term":[{"taxonomy":"event-type","embeddable":true,"href":"https:\/\/www.meettheredbaron.com\/fr\/wp-json\/wp\/v2\/event-type?post=12756"},{"taxonomy":"source-language","embeddable":true,"href":"https:\/\/www.meettheredbaron.com\/fr\/wp-json\/wp\/v2\/source-language?post=12756"},{"taxonomy":"source-id-tax","embeddable":true,"href":"https:\/\/www.meettheredbaron.com\/fr\/wp-json\/wp\/v2\/source-id-tax?post=12756"}],"curies":[{"name":"wp","href":"https:\/\/api.w.org\/{rel}","templated":true}]}}

MvR reçoit la Croix bulgare

<p>« L&rsquo;as était attendu au front. Il reçut l&rsquo;ordre d&rsquo;annuler son congé prolongé et, le 10 juin, il se présenta au quartier général à Kreuznach. S&rsquo;ensuivirent deux jours de conférences et de déjeuners avec le Kaiser et le roi de Bulgarie, qui le décora de la Croix bulgare pour son courage. »</p>

<!-- This site is optimized with the Yoast SEO plugin v26.7 - https://yoast.com/wordpress/plugins/seo/ -->
<title>MvR reçoit la Croix bulgare - Meet The Red Baron</title>
<meta name="robots" content="index, follow, max-snippet:-1, max-image-preview:large, max-video-preview:-1" />
<link rel="canonical" href="https://www.meettheredbaron.com/fr/event/mvr-receives-the-bulgarian-cross/" />
<meta property="og:locale" content="fr_FR" />
<meta property="og:type" content="article" />
<meta property="og:title" content="MvR reçoit la Croix bulgare - Meet The Red Baron" />
<meta property="og:description" content="« L&rsquo;as était attendu au front. Il reçut l&rsquo;ordre d&rsquo;annuler son congé prolongé et, le 10 juin, il se présenta au quartier général à Kreuznach. S&rsquo;ensuivirent deux jours de conférences et de déjeuners avec le Kaiser et le roi de Bulgarie, qui le décora de la Croix bulgare pour son courage. »" />
<meta property="og:url" content="https://www.meettheredbaron.com/fr/event/mvr-receives-the-bulgarian-cross/" />
<meta property="og:site_name" content="Meet The Red Baron" />
<meta property="article:modified_time" content="2025-06-18T12:07:51+00:00" />
<script type="application/ld+json" class="yoast-schema-graph">{"@context":"https://schema.org","@graph":[{"@type":"WebPage","@id":"https://www.meettheredbaron.com/fr/event/mvr-receives-the-bulgarian-cross/","url":"https://www.meettheredbaron.com/fr/event/mvr-receives-the-bulgarian-cross/","name":"MvR reçoit la Croix bulgare - Meet The Red Baron","isPartOf":{"@id":"https://www.meettheredbaron.com/fr/#website"},"datePublished":"2022-06-09T13:19:59+00:00","dateModified":"2025-06-18T12:07:51+00:00","breadcrumb":{"@id":"https://www.meettheredbaron.com/fr/event/mvr-receives-the-bulgarian-cross/#breadcrumb"},"inLanguage":"fr-FR","potentialAction":[{"@type":"ReadAction","target":["https://www.meettheredbaron.com/fr/event/mvr-receives-the-bulgarian-cross/"]}]},{"@type":"BreadcrumbList","@id":"https://www.meettheredbaron.com/fr/event/mvr-receives-the-bulgarian-cross/#breadcrumb","itemListElement":[{"@type":"ListItem","position":1,"name":"Home","item":"https://www.meettheredbaron.com/fr/"},{"@type":"ListItem","position":2,"name":"Events","item":"https://www.meettheredbaron.com/fr/event/"},{"@type":"ListItem","position":3,"name":"MvR reçoit la Croix bulgare"}]},{"@type":"WebSite","@id":"https://www.meettheredbaron.com/fr/#website","url":"https://www.meettheredbaron.com/fr/","name":"Meet The Red Baron","description":"The life and death of Manfred von Richthofen.","publisher":{"@id":"https://www.meettheredbaron.com/fr/#/schema/person/fd320c77882d0d84e4b88ef15120767f"},"potentialAction":[{"@type":"SearchAction","target":{"@type":"EntryPoint","urlTemplate":"https://www.meettheredbaron.com/fr/?s={search_term_string}"},"query-input":{"@type":"PropertyValueSpecification","valueRequired":true,"valueName":"search_term_string"}}],"inLanguage":"fr-FR"},{"@type":["Person","Organization"],"@id":"https://www.meettheredbaron.com/fr/#/schema/person/fd320c77882d0d84e4b88ef15120767f","name":"heinpoblome","image":{"@type":"ImageObject","inLanguage":"fr-FR","@id":"https://www.meettheredbaron.com/fr/#/schema/person/image/","url":"https://www.meettheredbaron.com/wp-content/uploads/2021/12/266-scaled.jpg","contentUrl":"https://www.meettheredbaron.com/wp-content/uploads/2021/12/266-scaled.jpg","width":1850,"height":2560,"caption":"heinpoblome"},"logo":{"@id":"https://www.meettheredbaron.com/fr/#/schema/person/image/"},"sameAs":["http://www.meettheredbaron.com"]}]}</script>
<!-- / Yoast SEO plugin. -->

MvR reçoit la Croix bulgare - Meet The Red Baron

« L&rsquo;as était attendu au front. Il reçut l&rsquo;ordre d&rsquo;annuler son congé prolongé et, le 10 juin, il se présenta au quartier général à Kreuznach. S&rsquo;ensuivirent deux jours de conférences et de déjeuners avec le Kaiser et le roi de Bulgarie, qui le décora de la Croix bulgare pour son courage. »

« L'as était attendu au front. Il reçut l'ordre d'annuler son congé prolongé et, le 10 juin, il se présenta au quartier général à Kreuznach. S'ensuivirent deux jours de conférences et de déjeuners avec le Kaiser et le roi de Bulgarie, qui le décora de la Croix bulgare pour son courage. »
