{"id":12648,"date":"2022-07-09T11:41:09","date_gmt":"2022-07-09T10:41:09","guid":{"rendered":"https:\/\/www.meettheredbaron.com\/event\/a-visit-to-schultes-gallery\/"},"modified":"2025-06-22T13:02:38","modified_gmt":"2025-06-22T12:02:38","slug":"a-visit-to-schultes-gallery","status":"publish","type":"event","link":"https:\/\/www.meettheredbaron.com\/fr\/event\/a-visit-to-schultes-gallery\/","title":{"rendered":"Une visite \u00e0 la galerie de Schulte"},"content":{"rendered":"\n<p>&lt;&lt;Georg von der Osten se souvient :<\/p>\n\n\n\n<p>Par un jour pluvieux, nous sommes rentr\u00e9s en voiture d&rsquo;Adlershof \u00e0 Berlin. Les essais n&rsquo;avaient pas donn\u00e9 grand-chose \u00e0 cause de la pluie. En chemin, Richthofen a dit : \u00ab Bon, je vais descendre ici chez Schulte pour voir les tableaux que Reusing a peints ! \u00bb.<\/p>\n\n\n\n<p>Richthofen portait un manteau \u00e0 grand col, typique des manteaux d&rsquo;officier que nous portions avant la guerre. Comme il pleuvait, cela lui servait de d\u00e9guisement. Il entra (dans la galerie) et s&rsquo;approcha du tableau qui le repr\u00e9sentait dans son avion, avec la l\u00e9gende \u00ab Rittmeister Freiherr von Richthofen \u00bb.<\/p>\n\n\n\n<p>Un monsieur \u00e2g\u00e9 s&rsquo;approcha et se tint \u00e0 c\u00f4t\u00e9 de lui. Richthofen lui dit : \u00ab Excusez-moi, mais on me dit que je ressemble \u00e0 ce tableau ! \u00bb Le monsieur mit ses lunettes, regarda le tableau, regarda Richthofen, et finit par dire : \u00ab Je pense que vous pouvez oublier cette id\u00e9e. \u00bb<\/p>\n\n\n\n<p>Dix minutes plus tard, Richthofen nous rejoignit \u00e0 l&rsquo;h\u00f4tel, rayonnant de joie, et me raconta l&rsquo;incident. \u00bb<\/p>\n","protected":false},"comment_status":"open","ping_status":"closed","template":"","event-type":[248],"source-language":[226],"source-id-tax":[279],"class_list":["post-12648","event","type-event","status-publish","hentry","event-type-testimonial-fr","source-language-anglais","source-id-tax-richthofen-beyond-the-legend-of-the-red-baron-peter-kilduff-arms-and-armour-1993-fr","entry","no-media"],"yoast_head":"<!-- This site is optimized with the Yoast SEO plugin v26.7 - https:\/\/yoast.com\/wordpress\/plugins\/seo\/ -->\n<title>Une visite \u00e0 la galerie de Schulte - Meet The Red Baron<\/title>\n<meta name=\"description\" content=\"A visit to Schulte&#039;s gallery. Georg von der Osten recalled:On a rainy day we drove back from Adlershof to Berlin by car...\" \/>\n<meta name=\"robots\" content=\"index, follow, max-snippet:-1, max-image-preview:large, max-video-preview:-1\" \/>\n<link rel=\"canonical\" href=\"https:\/\/www.meettheredbaron.com\/fr\/event\/a-visit-to-schultes-gallery\/\" \/>\n<meta property=\"og:locale\" content=\"fr_FR\" \/>\n<meta property=\"og:type\" content=\"article\" \/>\n<meta property=\"og:title\" content=\"Une visite \u00e0 la galerie de Schulte - Meet The Red Baron\" \/>\n<meta property=\"og:description\" content=\"A visit to Schulte&#039;s gallery. Georg von der Osten recalled:On a rainy day we drove back from Adlershof to Berlin by car...\" \/>\n<meta property=\"og:url\" content=\"https:\/\/www.meettheredbaron.com\/fr\/event\/a-visit-to-schultes-gallery\/\" \/>\n<meta property=\"og:site_name\" content=\"Meet The Red Baron\" \/>\n<meta property=\"article:modified_time\" content=\"2025-06-22T12:02:38+00:00\" \/>\n<script type=\"application\/ld+json\" class=\"yoast-schema-graph\">{\"@context\":\"https:\/\/schema.org\",\"@graph\":[{\"@type\":\"WebPage\",\"@id\":\"https:\/\/www.meettheredbaron.com\/fr\/event\/a-visit-to-schultes-gallery\/\",\"url\":\"https:\/\/www.meettheredbaron.com\/fr\/event\/a-visit-to-schultes-gallery\/\",\"name\":\"Une visite \u00e0 la galerie de Schulte - Meet The Red Baron\",\"isPartOf\":{\"@id\":\"https:\/\/www.meettheredbaron.com\/fr\/#website\"},\"datePublished\":\"2022-07-09T10:41:09+00:00\",\"dateModified\":\"2025-06-22T12:02:38+00:00\",\"description\":\"A visit to Schulte's gallery. Georg von der Osten recalled:On a rainy day we drove back from Adlershof to Berlin by car...\",\"breadcrumb\":{\"@id\":\"https:\/\/www.meettheredbaron.com\/fr\/event\/a-visit-to-schultes-gallery\/#breadcrumb\"},\"inLanguage\":\"fr-FR\",\"potentialAction\":[{\"@type\":\"ReadAction\",\"target\":[\"https:\/\/www.meettheredbaron.com\/fr\/event\/a-visit-to-schultes-gallery\/\"]}]},{\"@type\":\"BreadcrumbList\",\"@id\":\"https:\/\/www.meettheredbaron.com\/fr\/event\/a-visit-to-schultes-gallery\/#breadcrumb\",\"itemListElement\":[{\"@type\":\"ListItem\",\"position\":1,\"name\":\"Home\",\"item\":\"https:\/\/www.meettheredbaron.com\/fr\/\"},{\"@type\":\"ListItem\",\"position\":2,\"name\":\"Events\",\"item\":\"https:\/\/www.meettheredbaron.com\/fr\/event\/\"},{\"@type\":\"ListItem\",\"position\":3,\"name\":\"Une visite \u00e0 la galerie de Schulte\"}]},{\"@type\":\"WebSite\",\"@id\":\"https:\/\/www.meettheredbaron.com\/fr\/#website\",\"url\":\"https:\/\/www.meettheredbaron.com\/fr\/\",\"name\":\"Meet The Red Baron\",\"description\":\"The life and death of Manfred von Richthofen.\",\"publisher\":{\"@id\":\"https:\/\/www.meettheredbaron.com\/fr\/#\/schema\/person\/fd320c77882d0d84e4b88ef15120767f\"},\"potentialAction\":[{\"@type\":\"SearchAction\",\"target\":{\"@type\":\"EntryPoint\",\"urlTemplate\":\"https:\/\/www.meettheredbaron.com\/fr\/?s={search_term_string}\"},\"query-input\":{\"@type\":\"PropertyValueSpecification\",\"valueRequired\":true,\"valueName\":\"search_term_string\"}}],\"inLanguage\":\"fr-FR\"},{\"@type\":[\"Person\",\"Organization\"],\"@id\":\"https:\/\/www.meettheredbaron.com\/fr\/#\/schema\/person\/fd320c77882d0d84e4b88ef15120767f\",\"name\":\"heinpoblome\",\"image\":{\"@type\":\"ImageObject\",\"inLanguage\":\"fr-FR\",\"@id\":\"https:\/\/www.meettheredbaron.com\/fr\/#\/schema\/person\/image\/\",\"url\":\"https:\/\/www.meettheredbaron.com\/wp-content\/uploads\/2021\/12\/266-scaled.jpg\",\"contentUrl\":\"https:\/\/www.meettheredbaron.com\/wp-content\/uploads\/2021\/12\/266-scaled.jpg\",\"width\":1850,\"height\":2560,\"caption\":\"heinpoblome\"},\"logo\":{\"@id\":\"https:\/\/www.meettheredbaron.com\/fr\/#\/schema\/person\/image\/\"},\"sameAs\":[\"http:\/\/www.meettheredbaron.com\"]}]}<\/script>\n<!-- \/ Yoast SEO plugin. -->","yoast_head_json":{"title":"Une visite \u00e0 la galerie de Schulte - Meet The Red Baron","description":"A visit to Schulte's gallery. Georg von der Osten recalled:On a rainy day we drove back from Adlershof to Berlin by car...","robots":{"index":"index","follow":"follow","max-snippet":"max-snippet:-1","max-image-preview":"max-image-preview:large","max-video-preview":"max-video-preview:-1"},"canonical":"https:\/\/www.meettheredbaron.com\/fr\/event\/a-visit-to-schultes-gallery\/","og_locale":"fr_FR","og_type":"article","og_title":"Une visite \u00e0 la galerie de Schulte - Meet The Red Baron","og_description":"A visit to Schulte's gallery. Georg von der Osten recalled:On a rainy day we drove back from Adlershof to Berlin by car...","og_url":"https:\/\/www.meettheredbaron.com\/fr\/event\/a-visit-to-schultes-gallery\/","og_site_name":"Meet The Red Baron","article_modified_time":"2025-06-22T12:02:38+00:00","schema":{"@context":"https:\/\/schema.org","@graph":[{"@type":"WebPage","@id":"https:\/\/www.meettheredbaron.com\/fr\/event\/a-visit-to-schultes-gallery\/","url":"https:\/\/www.meettheredbaron.com\/fr\/event\/a-visit-to-schultes-gallery\/","name":"Une visite \u00e0 la galerie de Schulte - Meet The Red Baron","isPartOf":{"@id":"https:\/\/www.meettheredbaron.com\/fr\/#website"},"datePublished":"2022-07-09T10:41:09+00:00","dateModified":"2025-06-22T12:02:38+00:00","description":"A visit to Schulte's gallery. Georg von der Osten recalled:On a rainy day we drove back from Adlershof to Berlin by car...","breadcrumb":{"@id":"https:\/\/www.meettheredbaron.com\/fr\/event\/a-visit-to-schultes-gallery\/#breadcrumb"},"inLanguage":"fr-FR","potentialAction":[{"@type":"ReadAction","target":["https:\/\/www.meettheredbaron.com\/fr\/event\/a-visit-to-schultes-gallery\/"]}]},{"@type":"BreadcrumbList","@id":"https:\/\/www.meettheredbaron.com\/fr\/event\/a-visit-to-schultes-gallery\/#breadcrumb","itemListElement":[{"@type":"ListItem","position":1,"name":"Home","item":"https:\/\/www.meettheredbaron.com\/fr\/"},{"@type":"ListItem","position":2,"name":"Events","item":"https:\/\/www.meettheredbaron.com\/fr\/event\/"},{"@type":"ListItem","position":3,"name":"Une visite \u00e0 la galerie de Schulte"}]},{"@type":"WebSite","@id":"https:\/\/www.meettheredbaron.com\/fr\/#website","url":"https:\/\/www.meettheredbaron.com\/fr\/","name":"Meet The Red Baron","description":"The life and death of Manfred von Richthofen.","publisher":{"@id":"https:\/\/www.meettheredbaron.com\/fr\/#\/schema\/person\/fd320c77882d0d84e4b88ef15120767f"},"potentialAction":[{"@type":"SearchAction","target":{"@type":"EntryPoint","urlTemplate":"https:\/\/www.meettheredbaron.com\/fr\/?s={search_term_string}"},"query-input":{"@type":"PropertyValueSpecification","valueRequired":true,"valueName":"search_term_string"}}],"inLanguage":"fr-FR"},{"@type":["Person","Organization"],"@id":"https:\/\/www.meettheredbaron.com\/fr\/#\/schema\/person\/fd320c77882d0d84e4b88ef15120767f","name":"heinpoblome","image":{"@type":"ImageObject","inLanguage":"fr-FR","@id":"https:\/\/www.meettheredbaron.com\/fr\/#\/schema\/person\/image\/","url":"https:\/\/www.meettheredbaron.com\/wp-content\/uploads\/2021\/12\/266-scaled.jpg","contentUrl":"https:\/\/www.meettheredbaron.com\/wp-content\/uploads\/2021\/12\/266-scaled.jpg","width":1850,"height":2560,"caption":"heinpoblome"},"logo":{"@id":"https:\/\/www.meettheredbaron.com\/fr\/#\/schema\/person\/image\/"},"sameAs":["http:\/\/www.meettheredbaron.com"]}]}},"toolset-meta":{"field-group-for-events-2":[],"field-group-for-events":{"date":{"type":"date","raw":"-1639353600","formatted":"01\/20\/1918 00:00"},"date-as-a-string":{"type":"textfield","raw":"01\/20\/1918"},"date-description":{"type":"textfield","raw":""},"geolocation":{"type":"google_address","raw":"52.516451393327856, 13.3803697298694"},"location-description":{"type":"textfield","raw":"Gr\u00e4flich Schwerinischen Palast"},"town-name":{"type":"textfield","raw":"Berlin"},"historical-town-name":{"type":"textfield","raw":""},"event-id":{"type":"numeric","raw":"577"},"event-short":{"type":"textfield","raw":"Une visite \u00e0 la galerie de Schulte"},"event-description":{"type":"wysiwyg","raw":"&lt;&lt;Georg von der Osten se souvient :\r\n\r\nPar un jour pluvieux, nous sommes rentr\u00e9s en voiture d'Adlershof \u00e0 Berlin. Les essais n'avaient pas donn\u00e9 grand-chose \u00e0 cause de la pluie. En chemin, Richthofen a dit : \u00ab Bon, je vais descendre ici chez Schulte pour voir les tableaux que Reusing a peints ! \u00bb.\r\n\r\nRichthofen portait un manteau \u00e0 grand col, typique des manteaux d'officier que nous portions avant la guerre. Comme il pleuvait, cela lui servait de d\u00e9guisement. Il entra (dans la galerie) et s'approcha du tableau qui le repr\u00e9sentait dans son avion, avec la l\u00e9gende \u00ab Rittmeister Freiherr von Richthofen \u00bb.\r\n\r\nUn monsieur \u00e2g\u00e9 s'approcha et se tint \u00e0 c\u00f4t\u00e9 de lui. Richthofen lui dit : \u00ab Excusez-moi, mais on me dit que je ressemble \u00e0 ce tableau ! \u00bb Le monsieur mit ses lunettes, regarda le tableau, regarda Richthofen, et finit par dire : \u00ab Je pense que vous pouvez oublier cette id\u00e9e. \u00bb\r\n\r\nDix minutes plus tard, Richthofen nous rejoignit \u00e0 l'h\u00f4tel, rayonnant de joie, et me raconta l'incident. \u00bb"},"event-type-id":{"type":"numeric","raw":"6"},"source-id":{"type":"numeric","raw":"33"},"source-long-in-event":{"type":"textfield","raw":"Richthofen, Beyond the legend of the Red Baron, Peter Kilduff, Arms and Armour, 1993"},"pagenumber":{"type":"textfield","raw":"172"},"airplane-id":{"type":"textfield","raw":"0"},"combat-id":{"type":"textfield","raw":"0"},"event-type":{"type":"select","raw":"6"},"source-language":{"type":"select","raw":"1"},"picture":{"type":"image","raw":[""],"repeatable":[{"raw":""}]}}},"_links":{"self":[{"href":"https:\/\/www.meettheredbaron.com\/fr\/wp-json\/wp\/v2\/event\/12648","targetHints":{"allow":["GET"]}}],"collection":[{"href":"https:\/\/www.meettheredbaron.com\/fr\/wp-json\/wp\/v2\/event"}],"about":[{"href":"https:\/\/www.meettheredbaron.com\/fr\/wp-json\/wp\/v2\/types\/event"}],"replies":[{"embeddable":true,"href":"https:\/\/www.meettheredbaron.com\/fr\/wp-json\/wp\/v2\/comments?post=12648"}],"wp:attachment":[{"href":"https:\/\/www.meettheredbaron.com\/fr\/wp-json\/wp\/v2\/media?parent=12648"}],"wp:term":[{"taxonomy":"event-type","embeddable":true,"href":"https:\/\/www.meettheredbaron.com\/fr\/wp-json\/wp\/v2\/event-type?post=12648"},{"taxonomy":"source-language","embeddable":true,"href":"https:\/\/www.meettheredbaron.com\/fr\/wp-json\/wp\/v2\/source-language?post=12648"},{"taxonomy":"source-id-tax","embeddable":true,"href":"https:\/\/www.meettheredbaron.com\/fr\/wp-json\/wp\/v2\/source-id-tax?post=12648"}],"curies":[{"name":"wp","href":"https:\/\/api.w.org\/{rel}","templated":true}]}}

Une visite à la galerie de Schulte

<p>&lt;&lt;Georg von der Osten se souvient :</p>



<p>Par un jour pluvieux, nous sommes rentrés en voiture d&rsquo;Adlershof à Berlin. Les essais n&rsquo;avaient pas donné grand-chose à cause de la pluie. En chemin, Richthofen a dit : « Bon, je vais descendre ici chez Schulte pour voir les tableaux que Reusing a peints ! ».</p>



<p>Richthofen portait un manteau à grand col, typique des manteaux d&rsquo;officier que nous portions avant la guerre. Comme il pleuvait, cela lui servait de déguisement. Il entra (dans la galerie) et s&rsquo;approcha du tableau qui le représentait dans son avion, avec la légende « Rittmeister Freiherr von Richthofen ».</p>



<p>Un monsieur âgé s&rsquo;approcha et se tint à côté de lui. Richthofen lui dit : « Excusez-moi, mais on me dit que je ressemble à ce tableau ! » Le monsieur mit ses lunettes, regarda le tableau, regarda Richthofen, et finit par dire : « Je pense que vous pouvez oublier cette idée. »</p>



<p>Dix minutes plus tard, Richthofen nous rejoignit à l&rsquo;hôtel, rayonnant de joie, et me raconta l&rsquo;incident. »</p>

<!-- This site is optimized with the Yoast SEO plugin v26.7 - https://yoast.com/wordpress/plugins/seo/ -->
<title>Une visite à la galerie de Schulte - Meet The Red Baron</title>
<meta name="description" content="A visit to Schulte&#039;s gallery. Georg von der Osten recalled:On a rainy day we drove back from Adlershof to Berlin by car..." />
<meta name="robots" content="index, follow, max-snippet:-1, max-image-preview:large, max-video-preview:-1" />
<link rel="canonical" href="https://www.meettheredbaron.com/fr/event/a-visit-to-schultes-gallery/" />
<meta property="og:locale" content="fr_FR" />
<meta property="og:type" content="article" />
<meta property="og:title" content="Une visite à la galerie de Schulte - Meet The Red Baron" />
<meta property="og:description" content="A visit to Schulte&#039;s gallery. Georg von der Osten recalled:On a rainy day we drove back from Adlershof to Berlin by car..." />
<meta property="og:url" content="https://www.meettheredbaron.com/fr/event/a-visit-to-schultes-gallery/" />
<meta property="og:site_name" content="Meet The Red Baron" />
<meta property="article:modified_time" content="2025-06-22T12:02:38+00:00" />
<script type="application/ld+json" class="yoast-schema-graph">{"@context":"https://schema.org","@graph":[{"@type":"WebPage","@id":"https://www.meettheredbaron.com/fr/event/a-visit-to-schultes-gallery/","url":"https://www.meettheredbaron.com/fr/event/a-visit-to-schultes-gallery/","name":"Une visite à la galerie de Schulte - Meet The Red Baron","isPartOf":{"@id":"https://www.meettheredbaron.com/fr/#website"},"datePublished":"2022-07-09T10:41:09+00:00","dateModified":"2025-06-22T12:02:38+00:00","description":"A visit to Schulte's gallery. Georg von der Osten recalled:On a rainy day we drove back from Adlershof to Berlin by car...","breadcrumb":{"@id":"https://www.meettheredbaron.com/fr/event/a-visit-to-schultes-gallery/#breadcrumb"},"inLanguage":"fr-FR","potentialAction":[{"@type":"ReadAction","target":["https://www.meettheredbaron.com/fr/event/a-visit-to-schultes-gallery/"]}]},{"@type":"BreadcrumbList","@id":"https://www.meettheredbaron.com/fr/event/a-visit-to-schultes-gallery/#breadcrumb","itemListElement":[{"@type":"ListItem","position":1,"name":"Home","item":"https://www.meettheredbaron.com/fr/"},{"@type":"ListItem","position":2,"name":"Events","item":"https://www.meettheredbaron.com/fr/event/"},{"@type":"ListItem","position":3,"name":"Une visite à la galerie de Schulte"}]},{"@type":"WebSite","@id":"https://www.meettheredbaron.com/fr/#website","url":"https://www.meettheredbaron.com/fr/","name":"Meet The Red Baron","description":"The life and death of Manfred von Richthofen.","publisher":{"@id":"https://www.meettheredbaron.com/fr/#/schema/person/fd320c77882d0d84e4b88ef15120767f"},"potentialAction":[{"@type":"SearchAction","target":{"@type":"EntryPoint","urlTemplate":"https://www.meettheredbaron.com/fr/?s={search_term_string}"},"query-input":{"@type":"PropertyValueSpecification","valueRequired":true,"valueName":"search_term_string"}}],"inLanguage":"fr-FR"},{"@type":["Person","Organization"],"@id":"https://www.meettheredbaron.com/fr/#/schema/person/fd320c77882d0d84e4b88ef15120767f","name":"heinpoblome","image":{"@type":"ImageObject","inLanguage":"fr-FR","@id":"https://www.meettheredbaron.com/fr/#/schema/person/image/","url":"https://www.meettheredbaron.com/wp-content/uploads/2021/12/266-scaled.jpg","contentUrl":"https://www.meettheredbaron.com/wp-content/uploads/2021/12/266-scaled.jpg","width":1850,"height":2560,"caption":"heinpoblome"},"logo":{"@id":"https://www.meettheredbaron.com/fr/#/schema/person/image/"},"sameAs":["http://www.meettheredbaron.com"]}]}</script>
<!-- / Yoast SEO plugin. -->

Une visite à la galerie de Schulte - Meet The Red Baron

Gräflich Schwerinischen Palast

&lt;&lt;Georg von der Osten se souvient :

Par un jour pluvieux, nous sommes rentrés en voiture d'Adlershof à Berlin. Les essais n'avaient pas donné grand-chose à cause de la pluie. En chemin, Richthofen a dit : « Bon, je vais descendre ici chez Schulte pour voir les tableaux que Reusing a peints ! ».

Richthofen portait un manteau à grand col, typique des manteaux d'officier que nous portions avant la guerre. Comme il pleuvait, cela lui servait de déguisement. Il entra (dans la galerie) et s'approcha du tableau qui le représentait dans son avion, avec la légende « Rittmeister Freiherr von Richthofen ».

Un monsieur âgé s'approcha et se tint à côté de lui. Richthofen lui dit : « Excusez-moi, mais on me dit que je ressemble à ce tableau ! » Le monsieur mit ses lunettes, regarda le tableau, regarda Richthofen, et finit par dire : « Je pense que vous pouvez oublier cette idée. »

Dix minutes plus tard, Richthofen nous rejoignit à l'hôtel, rayonnant de joie, et me raconta l'incident. »
