{"id":12393,"date":"2023-05-03T09:36:47","date_gmt":"2023-05-03T08:36:47","guid":{"rendered":"https:\/\/www.meettheredbaron.com\/event\/verordnungsblatt-fur-die-luftstreitkrafte\/"},"modified":"2025-06-30T12:08:44","modified_gmt":"2025-06-30T11:08:44","slug":"verordnungsblatt-fur-die-luftstreitkrafte","status":"publish","type":"event","link":"https:\/\/www.meettheredbaron.com\/fr\/event\/verordnungsblatt-fur-die-luftstreitkrafte\/","title":{"rendered":"Journal officiel de l&rsquo;arm\u00e9e de l&rsquo;air"},"content":{"rendered":"\n<p>\u00ab (Officiel) Berlin, le 23 avril.<\/p>\n\n\n\n<p>\u00c0 l&rsquo;occasion de la mort h\u00e9ro\u00efque du capitaine de cavalerie Freiherr, n\u00e9crologie suivante dans le \u00ab Journal officiel des forces a\u00e9riennes \u00bb :<\/p>\n\n\n\n<p>\u00c0 notre capitaine de cavalerie Freiherr von Richthofen !<\/p>\n\n\n\n<p>Le capitaine Manfred Freiherr von Richthofen n&rsquo;est pas revenu de la poursuite d&rsquo;un ennemi. Il est tomb\u00e9 au combat ! L&rsquo;arm\u00e9e a perdu un alli\u00e9 infatigable et v\u00e9n\u00e9r\u00e9, les pilotes de chasse ont perdu leur chef fougueux et aim\u00e9. Il reste un h\u00e9ros du peuple allemand, pour lequel il s&rsquo;est battu et pour lequel il est mort. Sa mort est une blessure profonde pour son escadron et pour l&rsquo;ensemble des forces a\u00e9riennes. La volont\u00e9 qui lui a permis de vaincre, avec laquelle il a men\u00e9 ses troupes et qu&rsquo;il leur a transmise, gu\u00e9rira cette blessure.<\/p>\n\n\n\n<p>Le commandant g\u00e9n\u00e9ral des forces a\u00e9riennes von Hoeppner \u00bb<\/p>\n","protected":false},"comment_status":"open","ping_status":"closed","template":"","event-type":[247],"source-language":[259],"source-id-tax":[304],"class_list":["post-12393","event","type-event","status-publish","hentry","event-type-press-fr","source-language-allemand-fr","source-id-tax-ein-heldenleben-1920-fr","entry","no-media"],"yoast_head":"<!-- This site is optimized with the Yoast SEO plugin v26.7 - https:\/\/yoast.com\/wordpress\/plugins\/seo\/ -->\n<title>Journal officiel de l&#039;arm\u00e9e de l&#039;air - Meet The Red Baron<\/title>\n<meta name=\"description\" content=\"Verordnungsblatt f\u00fcr die Luftstreitkr\u00e4fte. Rittmeister Manfred Freiherr von Richthofen ist von der Verfolgung eines Gegners nicht....\" \/>\n<meta name=\"robots\" content=\"index, follow, max-snippet:-1, max-image-preview:large, max-video-preview:-1\" \/>\n<link rel=\"canonical\" href=\"https:\/\/www.meettheredbaron.com\/fr\/event\/verordnungsblatt-fur-die-luftstreitkrafte\/\" \/>\n<meta property=\"og:locale\" content=\"fr_FR\" \/>\n<meta property=\"og:type\" content=\"article\" \/>\n<meta property=\"og:title\" content=\"Journal officiel de l&#039;arm\u00e9e de l&#039;air - Meet The Red Baron\" \/>\n<meta property=\"og:description\" content=\"Verordnungsblatt f\u00fcr die Luftstreitkr\u00e4fte. Rittmeister Manfred Freiherr von Richthofen ist von der Verfolgung eines Gegners nicht....\" \/>\n<meta property=\"og:url\" content=\"https:\/\/www.meettheredbaron.com\/fr\/event\/verordnungsblatt-fur-die-luftstreitkrafte\/\" \/>\n<meta property=\"og:site_name\" content=\"Meet The Red Baron\" \/>\n<meta property=\"article:modified_time\" content=\"2025-06-30T11:08:44+00:00\" \/>\n<script type=\"application\/ld+json\" class=\"yoast-schema-graph\">{\"@context\":\"https:\/\/schema.org\",\"@graph\":[{\"@type\":\"WebPage\",\"@id\":\"https:\/\/www.meettheredbaron.com\/fr\/event\/verordnungsblatt-fur-die-luftstreitkrafte\/\",\"url\":\"https:\/\/www.meettheredbaron.com\/fr\/event\/verordnungsblatt-fur-die-luftstreitkrafte\/\",\"name\":\"Journal officiel de l'arm\u00e9e de l'air - Meet The Red Baron\",\"isPartOf\":{\"@id\":\"https:\/\/www.meettheredbaron.com\/fr\/#website\"},\"datePublished\":\"2023-05-03T08:36:47+00:00\",\"dateModified\":\"2025-06-30T11:08:44+00:00\",\"description\":\"Verordnungsblatt f\u00fcr die Luftstreitkr\u00e4fte. Rittmeister Manfred Freiherr von Richthofen ist von der Verfolgung eines Gegners nicht....\",\"breadcrumb\":{\"@id\":\"https:\/\/www.meettheredbaron.com\/fr\/event\/verordnungsblatt-fur-die-luftstreitkrafte\/#breadcrumb\"},\"inLanguage\":\"fr-FR\",\"potentialAction\":[{\"@type\":\"ReadAction\",\"target\":[\"https:\/\/www.meettheredbaron.com\/fr\/event\/verordnungsblatt-fur-die-luftstreitkrafte\/\"]}]},{\"@type\":\"BreadcrumbList\",\"@id\":\"https:\/\/www.meettheredbaron.com\/fr\/event\/verordnungsblatt-fur-die-luftstreitkrafte\/#breadcrumb\",\"itemListElement\":[{\"@type\":\"ListItem\",\"position\":1,\"name\":\"Home\",\"item\":\"https:\/\/www.meettheredbaron.com\/fr\/\"},{\"@type\":\"ListItem\",\"position\":2,\"name\":\"Events\",\"item\":\"https:\/\/www.meettheredbaron.com\/fr\/event\/\"},{\"@type\":\"ListItem\",\"position\":3,\"name\":\"Journal officiel de l&#8217;arm\u00e9e de l&#8217;air\"}]},{\"@type\":\"WebSite\",\"@id\":\"https:\/\/www.meettheredbaron.com\/fr\/#website\",\"url\":\"https:\/\/www.meettheredbaron.com\/fr\/\",\"name\":\"Meet The Red Baron\",\"description\":\"The life and death of Manfred von Richthofen.\",\"publisher\":{\"@id\":\"https:\/\/www.meettheredbaron.com\/fr\/#\/schema\/person\/fd320c77882d0d84e4b88ef15120767f\"},\"potentialAction\":[{\"@type\":\"SearchAction\",\"target\":{\"@type\":\"EntryPoint\",\"urlTemplate\":\"https:\/\/www.meettheredbaron.com\/fr\/?s={search_term_string}\"},\"query-input\":{\"@type\":\"PropertyValueSpecification\",\"valueRequired\":true,\"valueName\":\"search_term_string\"}}],\"inLanguage\":\"fr-FR\"},{\"@type\":[\"Person\",\"Organization\"],\"@id\":\"https:\/\/www.meettheredbaron.com\/fr\/#\/schema\/person\/fd320c77882d0d84e4b88ef15120767f\",\"name\":\"heinpoblome\",\"image\":{\"@type\":\"ImageObject\",\"inLanguage\":\"fr-FR\",\"@id\":\"https:\/\/www.meettheredbaron.com\/fr\/#\/schema\/person\/image\/\",\"url\":\"https:\/\/www.meettheredbaron.com\/wp-content\/uploads\/2021\/12\/266-scaled.jpg\",\"contentUrl\":\"https:\/\/www.meettheredbaron.com\/wp-content\/uploads\/2021\/12\/266-scaled.jpg\",\"width\":1850,\"height\":2560,\"caption\":\"heinpoblome\"},\"logo\":{\"@id\":\"https:\/\/www.meettheredbaron.com\/fr\/#\/schema\/person\/image\/\"},\"sameAs\":[\"http:\/\/www.meettheredbaron.com\"]}]}<\/script>\n<!-- \/ Yoast SEO plugin. -->","yoast_head_json":{"title":"Journal officiel de l'arm\u00e9e de l'air - Meet The Red Baron","description":"Verordnungsblatt f\u00fcr die Luftstreitkr\u00e4fte. Rittmeister Manfred Freiherr von Richthofen ist von der Verfolgung eines Gegners nicht....","robots":{"index":"index","follow":"follow","max-snippet":"max-snippet:-1","max-image-preview":"max-image-preview:large","max-video-preview":"max-video-preview:-1"},"canonical":"https:\/\/www.meettheredbaron.com\/fr\/event\/verordnungsblatt-fur-die-luftstreitkrafte\/","og_locale":"fr_FR","og_type":"article","og_title":"Journal officiel de l'arm\u00e9e de l'air - Meet The Red Baron","og_description":"Verordnungsblatt f\u00fcr die Luftstreitkr\u00e4fte. Rittmeister Manfred Freiherr von Richthofen ist von der Verfolgung eines Gegners nicht....","og_url":"https:\/\/www.meettheredbaron.com\/fr\/event\/verordnungsblatt-fur-die-luftstreitkrafte\/","og_site_name":"Meet The Red Baron","article_modified_time":"2025-06-30T11:08:44+00:00","schema":{"@context":"https:\/\/schema.org","@graph":[{"@type":"WebPage","@id":"https:\/\/www.meettheredbaron.com\/fr\/event\/verordnungsblatt-fur-die-luftstreitkrafte\/","url":"https:\/\/www.meettheredbaron.com\/fr\/event\/verordnungsblatt-fur-die-luftstreitkrafte\/","name":"Journal officiel de l'arm\u00e9e de l'air - Meet The Red Baron","isPartOf":{"@id":"https:\/\/www.meettheredbaron.com\/fr\/#website"},"datePublished":"2023-05-03T08:36:47+00:00","dateModified":"2025-06-30T11:08:44+00:00","description":"Verordnungsblatt f\u00fcr die Luftstreitkr\u00e4fte. Rittmeister Manfred Freiherr von Richthofen ist von der Verfolgung eines Gegners nicht....","breadcrumb":{"@id":"https:\/\/www.meettheredbaron.com\/fr\/event\/verordnungsblatt-fur-die-luftstreitkrafte\/#breadcrumb"},"inLanguage":"fr-FR","potentialAction":[{"@type":"ReadAction","target":["https:\/\/www.meettheredbaron.com\/fr\/event\/verordnungsblatt-fur-die-luftstreitkrafte\/"]}]},{"@type":"BreadcrumbList","@id":"https:\/\/www.meettheredbaron.com\/fr\/event\/verordnungsblatt-fur-die-luftstreitkrafte\/#breadcrumb","itemListElement":[{"@type":"ListItem","position":1,"name":"Home","item":"https:\/\/www.meettheredbaron.com\/fr\/"},{"@type":"ListItem","position":2,"name":"Events","item":"https:\/\/www.meettheredbaron.com\/fr\/event\/"},{"@type":"ListItem","position":3,"name":"Journal officiel de l&#8217;arm\u00e9e de l&#8217;air"}]},{"@type":"WebSite","@id":"https:\/\/www.meettheredbaron.com\/fr\/#website","url":"https:\/\/www.meettheredbaron.com\/fr\/","name":"Meet The Red Baron","description":"The life and death of Manfred von Richthofen.","publisher":{"@id":"https:\/\/www.meettheredbaron.com\/fr\/#\/schema\/person\/fd320c77882d0d84e4b88ef15120767f"},"potentialAction":[{"@type":"SearchAction","target":{"@type":"EntryPoint","urlTemplate":"https:\/\/www.meettheredbaron.com\/fr\/?s={search_term_string}"},"query-input":{"@type":"PropertyValueSpecification","valueRequired":true,"valueName":"search_term_string"}}],"inLanguage":"fr-FR"},{"@type":["Person","Organization"],"@id":"https:\/\/www.meettheredbaron.com\/fr\/#\/schema\/person\/fd320c77882d0d84e4b88ef15120767f","name":"heinpoblome","image":{"@type":"ImageObject","inLanguage":"fr-FR","@id":"https:\/\/www.meettheredbaron.com\/fr\/#\/schema\/person\/image\/","url":"https:\/\/www.meettheredbaron.com\/wp-content\/uploads\/2021\/12\/266-scaled.jpg","contentUrl":"https:\/\/www.meettheredbaron.com\/wp-content\/uploads\/2021\/12\/266-scaled.jpg","width":1850,"height":2560,"caption":"heinpoblome"},"logo":{"@id":"https:\/\/www.meettheredbaron.com\/fr\/#\/schema\/person\/image\/"},"sameAs":["http:\/\/www.meettheredbaron.com"]}]}},"toolset-meta":{"field-group-for-events-2":[],"field-group-for-events":{"date":{"type":"date","raw":"-1631318400","formatted":"04\/23\/1918 00:00"},"date-as-a-string":{"type":"textfield","raw":"04\/23\/1918"},"date-description":{"type":"textfield","raw":""},"geolocation":{"type":"google_address","raw":"49.97323642687367, 2.2927864127167634"},"location-description":{"type":"textfield","raw":""},"town-name":{"type":"textfield","raw":"Bertangles"},"historical-town-name":{"type":"textfield","raw":""},"event-id":{"type":"numeric","raw":"662"},"event-short":{"type":"textfield","raw":"Journal officiel de l'arm\u00e9e de l'air"},"event-description":{"type":"wysiwyg","raw":"\u00ab (Officiel) Berlin, le 23 avril.\r\n\r\n\u00c0 l'occasion de la mort h\u00e9ro\u00efque du capitaine de cavalerie Freiherr, n\u00e9crologie suivante dans le \u00ab Journal officiel des forces a\u00e9riennes \u00bb :\r\n\r\n\u00c0 notre capitaine de cavalerie Freiherr von Richthofen !\r\n\r\nLe capitaine Manfred Freiherr von Richthofen n'est pas revenu de la poursuite d'un ennemi. Il est tomb\u00e9 au combat ! L'arm\u00e9e a perdu un alli\u00e9 infatigable et v\u00e9n\u00e9r\u00e9, les pilotes de chasse ont perdu leur chef fougueux et aim\u00e9. Il reste un h\u00e9ros du peuple allemand, pour lequel il s'est battu et pour lequel il est mort. Sa mort est une blessure profonde pour son escadron et pour l'ensemble des forces a\u00e9riennes. La volont\u00e9 qui lui a permis de vaincre, avec laquelle il a men\u00e9 ses troupes et qu'il leur a transmise, gu\u00e9rira cette blessure.\r\n\r\nLe commandant g\u00e9n\u00e9ral des forces a\u00e9riennes von Hoeppner \u00bb"},"event-type-id":{"type":"numeric","raw":"9"},"source-id":{"type":"numeric","raw":"55"},"source-long-in-event":{"type":"textfield","raw":"Ein Heldenleben, Ullstein & Co, 1920"},"pagenumber":{"type":"textfield","raw":"273"},"airplane-id":{"type":"textfield","raw":"0"},"combat-id":{"type":"textfield","raw":"0"},"event-type":{"type":"select","raw":"9"},"source-language":{"type":"select","raw":"2"},"picture":{"type":"image","raw":[""],"repeatable":[{"raw":""}]}}},"_links":{"self":[{"href":"https:\/\/www.meettheredbaron.com\/fr\/wp-json\/wp\/v2\/event\/12393","targetHints":{"allow":["GET"]}}],"collection":[{"href":"https:\/\/www.meettheredbaron.com\/fr\/wp-json\/wp\/v2\/event"}],"about":[{"href":"https:\/\/www.meettheredbaron.com\/fr\/wp-json\/wp\/v2\/types\/event"}],"replies":[{"embeddable":true,"href":"https:\/\/www.meettheredbaron.com\/fr\/wp-json\/wp\/v2\/comments?post=12393"}],"wp:attachment":[{"href":"https:\/\/www.meettheredbaron.com\/fr\/wp-json\/wp\/v2\/media?parent=12393"}],"wp:term":[{"taxonomy":"event-type","embeddable":true,"href":"https:\/\/www.meettheredbaron.com\/fr\/wp-json\/wp\/v2\/event-type?post=12393"},{"taxonomy":"source-language","embeddable":true,"href":"https:\/\/www.meettheredbaron.com\/fr\/wp-json\/wp\/v2\/source-language?post=12393"},{"taxonomy":"source-id-tax","embeddable":true,"href":"https:\/\/www.meettheredbaron.com\/fr\/wp-json\/wp\/v2\/source-id-tax?post=12393"}],"curies":[{"name":"wp","href":"https:\/\/api.w.org\/{rel}","templated":true}]}}

Journal officiel de l&rsquo;armée de l&rsquo;air

<p>« (Officiel) Berlin, le 23 avril.</p>



<p>À l&rsquo;occasion de la mort héroïque du capitaine de cavalerie Freiherr, nécrologie suivante dans le « Journal officiel des forces aériennes » :</p>



<p>À notre capitaine de cavalerie Freiherr von Richthofen !</p>



<p>Le capitaine Manfred Freiherr von Richthofen n&rsquo;est pas revenu de la poursuite d&rsquo;un ennemi. Il est tombé au combat ! L&rsquo;armée a perdu un allié infatigable et vénéré, les pilotes de chasse ont perdu leur chef fougueux et aimé. Il reste un héros du peuple allemand, pour lequel il s&rsquo;est battu et pour lequel il est mort. Sa mort est une blessure profonde pour son escadron et pour l&rsquo;ensemble des forces aériennes. La volonté qui lui a permis de vaincre, avec laquelle il a mené ses troupes et qu&rsquo;il leur a transmise, guérira cette blessure.</p>



<p>Le commandant général des forces aériennes von Hoeppner »</p>

<!-- This site is optimized with the Yoast SEO plugin v26.7 - https://yoast.com/wordpress/plugins/seo/ -->
<title>Journal officiel de l&#039;armée de l&#039;air - Meet The Red Baron</title>
<meta name="description" content="Verordnungsblatt für die Luftstreitkräfte. Rittmeister Manfred Freiherr von Richthofen ist von der Verfolgung eines Gegners nicht...." />
<meta name="robots" content="index, follow, max-snippet:-1, max-image-preview:large, max-video-preview:-1" />
<link rel="canonical" href="https://www.meettheredbaron.com/fr/event/verordnungsblatt-fur-die-luftstreitkrafte/" />
<meta property="og:locale" content="fr_FR" />
<meta property="og:type" content="article" />
<meta property="og:title" content="Journal officiel de l&#039;armée de l&#039;air - Meet The Red Baron" />
<meta property="og:description" content="Verordnungsblatt für die Luftstreitkräfte. Rittmeister Manfred Freiherr von Richthofen ist von der Verfolgung eines Gegners nicht...." />
<meta property="og:url" content="https://www.meettheredbaron.com/fr/event/verordnungsblatt-fur-die-luftstreitkrafte/" />
<meta property="og:site_name" content="Meet The Red Baron" />
<meta property="article:modified_time" content="2025-06-30T11:08:44+00:00" />
<script type="application/ld+json" class="yoast-schema-graph">{"@context":"https://schema.org","@graph":[{"@type":"WebPage","@id":"https://www.meettheredbaron.com/fr/event/verordnungsblatt-fur-die-luftstreitkrafte/","url":"https://www.meettheredbaron.com/fr/event/verordnungsblatt-fur-die-luftstreitkrafte/","name":"Journal officiel de l'armée de l'air - Meet The Red Baron","isPartOf":{"@id":"https://www.meettheredbaron.com/fr/#website"},"datePublished":"2023-05-03T08:36:47+00:00","dateModified":"2025-06-30T11:08:44+00:00","description":"Verordnungsblatt für die Luftstreitkräfte. Rittmeister Manfred Freiherr von Richthofen ist von der Verfolgung eines Gegners nicht....","breadcrumb":{"@id":"https://www.meettheredbaron.com/fr/event/verordnungsblatt-fur-die-luftstreitkrafte/#breadcrumb"},"inLanguage":"fr-FR","potentialAction":[{"@type":"ReadAction","target":["https://www.meettheredbaron.com/fr/event/verordnungsblatt-fur-die-luftstreitkrafte/"]}]},{"@type":"BreadcrumbList","@id":"https://www.meettheredbaron.com/fr/event/verordnungsblatt-fur-die-luftstreitkrafte/#breadcrumb","itemListElement":[{"@type":"ListItem","position":1,"name":"Home","item":"https://www.meettheredbaron.com/fr/"},{"@type":"ListItem","position":2,"name":"Events","item":"https://www.meettheredbaron.com/fr/event/"},{"@type":"ListItem","position":3,"name":"Journal officiel de l&#8217;armée de l&#8217;air"}]},{"@type":"WebSite","@id":"https://www.meettheredbaron.com/fr/#website","url":"https://www.meettheredbaron.com/fr/","name":"Meet The Red Baron","description":"The life and death of Manfred von Richthofen.","publisher":{"@id":"https://www.meettheredbaron.com/fr/#/schema/person/fd320c77882d0d84e4b88ef15120767f"},"potentialAction":[{"@type":"SearchAction","target":{"@type":"EntryPoint","urlTemplate":"https://www.meettheredbaron.com/fr/?s={search_term_string}"},"query-input":{"@type":"PropertyValueSpecification","valueRequired":true,"valueName":"search_term_string"}}],"inLanguage":"fr-FR"},{"@type":["Person","Organization"],"@id":"https://www.meettheredbaron.com/fr/#/schema/person/fd320c77882d0d84e4b88ef15120767f","name":"heinpoblome","image":{"@type":"ImageObject","inLanguage":"fr-FR","@id":"https://www.meettheredbaron.com/fr/#/schema/person/image/","url":"https://www.meettheredbaron.com/wp-content/uploads/2021/12/266-scaled.jpg","contentUrl":"https://www.meettheredbaron.com/wp-content/uploads/2021/12/266-scaled.jpg","width":1850,"height":2560,"caption":"heinpoblome"},"logo":{"@id":"https://www.meettheredbaron.com/fr/#/schema/person/image/"},"sameAs":["http://www.meettheredbaron.com"]}]}</script>
<!-- / Yoast SEO plugin. -->

Journal officiel de l'armée de l'air - Meet The Red Baron

Verordnungsblatt für die Luftstreitkräfte. Rittmeister Manfred Freiherr von Richthofen ist von der Verfolgung eines Gegners nicht....

Journal officiel de l&#8217;armée de l&#8217;air

Journal officiel de l'armée de l'air

« (Officiel) Berlin, le 23 avril.

À l'occasion de la mort héroïque du capitaine de cavalerie Freiherr, nécrologie suivante dans le « Journal officiel des forces aériennes » :

À notre capitaine de cavalerie Freiherr von Richthofen !

Le capitaine Manfred Freiherr von Richthofen n'est pas revenu de la poursuite d'un ennemi. Il est tombé au combat ! L'armée a perdu un allié infatigable et vénéré, les pilotes de chasse ont perdu leur chef fougueux et aimé. Il reste un héros du peuple allemand, pour lequel il s'est battu et pour lequel il est mort. Sa mort est une blessure profonde pour son escadron et pour l'ensemble des forces aériennes. La volonté qui lui a permis de vaincre, avec laquelle il a mené ses troupes et qu'il leur a transmise, guérira cette blessure.

Le commandant général des forces aériennes von Hoeppner »
