{"id":12387,"date":"2023-05-03T09:51:37","date_gmt":"2023-05-03T08:51:37","guid":{"rendered":"https:\/\/www.meettheredbaron.com\/event\/in-der-vollversammlung-des-reichstages\/"},"modified":"2025-06-30T12:13:33","modified_gmt":"2025-06-30T11:13:33","slug":"in-der-vollversammlung-des-reichstages","status":"publish","type":"event","link":"https:\/\/www.meettheredbaron.com\/fr\/event\/in-der-vollversammlung-des-reichstages\/","title":{"rendered":"Lors de la s\u00e9ance pl\u00e9ni\u00e8re du Reichstag"},"content":{"rendered":"\n<p>\u00ab Au Reichstag, le vice-pr\u00e9sident Dr Paasche a rendu hommage \u00e0 la mort h\u00e9ro\u00efque du capitaine de cavalerie Freiherr von Richthofen :<\/p>\n\n\n\n<p>\u00ab Dans les c\u0153urs de millions d&rsquo;Allemands, ainsi que dans cette assembl\u00e9e, un sentiment de profonde sympathie s&rsquo;est \u00e9veill\u00e9. Notre roi de l&rsquo;air, le capitaine de cavalerie Freiherr von Richthofen, n&rsquo;est pas revenu de son dernier combat a\u00e9rien. Vous savez tous que, bien qu&rsquo;il n&rsquo;ait eu qu&rsquo;un quart de si\u00e8cle, il \u00e9tait devenu un h\u00e9ros national, un mod\u00e8le pour ses troupes, un exemple de ce qu&rsquo;un homme comp\u00e9tent peut accomplir sur le terrain. Son style de combat audacieux, t\u00e9m\u00e9raire et intr\u00e9pide lui a valu non seulement la popularit\u00e9 aupr\u00e8s de ses officiers et de ses camarades, mais aussi la reconnaissance de tout le peuple allemand. C&rsquo;est avec le c\u0153ur lourd que nous partageons la perte que notre arm\u00e9e de l&rsquo;air a subie. Il \u00e9tait l&rsquo;incarnation m\u00eame d&rsquo;un v\u00e9ritable officier allemand. Vous vous \u00eates lev\u00e9s pour lui rendre hommage. Je le constate. \u00bb<\/p>\n","protected":false},"comment_status":"open","ping_status":"closed","template":"","event-type":[244],"source-language":[259],"source-id-tax":[304],"class_list":["post-12387","event","type-event","status-publish","hentry","event-type-general-event-fr","source-language-allemand-fr","source-id-tax-ein-heldenleben-1920-fr","entry","no-media"],"yoast_head":"<!-- This site is optimized with the Yoast SEO plugin v26.7 - https:\/\/yoast.com\/wordpress\/plugins\/seo\/ -->\n<title>Lors de la s\u00e9ance pl\u00e9ni\u00e8re du Reichstag - Meet The Red Baron<\/title>\n<meta name=\"description\" content=\"In der Vollversammlung des Reichstages. In\u00a0 Millionen Deutschenherzen und auch in diesem Hause ist das Gef\u00fchl warmer Anteilnahme erweckt worden\" \/>\n<meta name=\"robots\" content=\"index, follow, max-snippet:-1, max-image-preview:large, max-video-preview:-1\" \/>\n<link rel=\"canonical\" href=\"https:\/\/www.meettheredbaron.com\/fr\/event\/in-der-vollversammlung-des-reichstages\/\" \/>\n<meta property=\"og:locale\" content=\"fr_FR\" \/>\n<meta property=\"og:type\" content=\"article\" \/>\n<meta property=\"og:title\" content=\"Lors de la s\u00e9ance pl\u00e9ni\u00e8re du Reichstag - Meet The Red Baron\" \/>\n<meta property=\"og:description\" content=\"In der Vollversammlung des Reichstages. In\u00a0 Millionen Deutschenherzen und auch in diesem Hause ist das Gef\u00fchl warmer Anteilnahme erweckt worden\" \/>\n<meta property=\"og:url\" content=\"https:\/\/www.meettheredbaron.com\/fr\/event\/in-der-vollversammlung-des-reichstages\/\" \/>\n<meta property=\"og:site_name\" content=\"Meet The Red Baron\" \/>\n<meta property=\"article:modified_time\" content=\"2025-06-30T11:13:33+00:00\" \/>\n<script type=\"application\/ld+json\" class=\"yoast-schema-graph\">{\"@context\":\"https:\/\/schema.org\",\"@graph\":[{\"@type\":\"WebPage\",\"@id\":\"https:\/\/www.meettheredbaron.com\/fr\/event\/in-der-vollversammlung-des-reichstages\/\",\"url\":\"https:\/\/www.meettheredbaron.com\/fr\/event\/in-der-vollversammlung-des-reichstages\/\",\"name\":\"Lors de la s\u00e9ance pl\u00e9ni\u00e8re du Reichstag - Meet The Red Baron\",\"isPartOf\":{\"@id\":\"https:\/\/www.meettheredbaron.com\/fr\/#website\"},\"datePublished\":\"2023-05-03T08:51:37+00:00\",\"dateModified\":\"2025-06-30T11:13:33+00:00\",\"description\":\"In der Vollversammlung des Reichstages. In\u00a0 Millionen Deutschenherzen und auch in diesem Hause ist das Gef\u00fchl warmer Anteilnahme erweckt worden\",\"breadcrumb\":{\"@id\":\"https:\/\/www.meettheredbaron.com\/fr\/event\/in-der-vollversammlung-des-reichstages\/#breadcrumb\"},\"inLanguage\":\"fr-FR\",\"potentialAction\":[{\"@type\":\"ReadAction\",\"target\":[\"https:\/\/www.meettheredbaron.com\/fr\/event\/in-der-vollversammlung-des-reichstages\/\"]}]},{\"@type\":\"BreadcrumbList\",\"@id\":\"https:\/\/www.meettheredbaron.com\/fr\/event\/in-der-vollversammlung-des-reichstages\/#breadcrumb\",\"itemListElement\":[{\"@type\":\"ListItem\",\"position\":1,\"name\":\"Home\",\"item\":\"https:\/\/www.meettheredbaron.com\/fr\/\"},{\"@type\":\"ListItem\",\"position\":2,\"name\":\"Events\",\"item\":\"https:\/\/www.meettheredbaron.com\/fr\/event\/\"},{\"@type\":\"ListItem\",\"position\":3,\"name\":\"Lors de la s\u00e9ance pl\u00e9ni\u00e8re du Reichstag\"}]},{\"@type\":\"WebSite\",\"@id\":\"https:\/\/www.meettheredbaron.com\/fr\/#website\",\"url\":\"https:\/\/www.meettheredbaron.com\/fr\/\",\"name\":\"Meet The Red Baron\",\"description\":\"The life and death of Manfred von Richthofen.\",\"publisher\":{\"@id\":\"https:\/\/www.meettheredbaron.com\/fr\/#\/schema\/person\/fd320c77882d0d84e4b88ef15120767f\"},\"potentialAction\":[{\"@type\":\"SearchAction\",\"target\":{\"@type\":\"EntryPoint\",\"urlTemplate\":\"https:\/\/www.meettheredbaron.com\/fr\/?s={search_term_string}\"},\"query-input\":{\"@type\":\"PropertyValueSpecification\",\"valueRequired\":true,\"valueName\":\"search_term_string\"}}],\"inLanguage\":\"fr-FR\"},{\"@type\":[\"Person\",\"Organization\"],\"@id\":\"https:\/\/www.meettheredbaron.com\/fr\/#\/schema\/person\/fd320c77882d0d84e4b88ef15120767f\",\"name\":\"heinpoblome\",\"image\":{\"@type\":\"ImageObject\",\"inLanguage\":\"fr-FR\",\"@id\":\"https:\/\/www.meettheredbaron.com\/fr\/#\/schema\/person\/image\/\",\"url\":\"https:\/\/www.meettheredbaron.com\/wp-content\/uploads\/2021\/12\/266-scaled.jpg\",\"contentUrl\":\"https:\/\/www.meettheredbaron.com\/wp-content\/uploads\/2021\/12\/266-scaled.jpg\",\"width\":1850,\"height\":2560,\"caption\":\"heinpoblome\"},\"logo\":{\"@id\":\"https:\/\/www.meettheredbaron.com\/fr\/#\/schema\/person\/image\/\"},\"sameAs\":[\"http:\/\/www.meettheredbaron.com\"]}]}<\/script>\n<!-- \/ Yoast SEO plugin. -->","yoast_head_json":{"title":"Lors de la s\u00e9ance pl\u00e9ni\u00e8re du Reichstag - Meet The Red Baron","description":"In der Vollversammlung des Reichstages. In\u00a0 Millionen Deutschenherzen und auch in diesem Hause ist das Gef\u00fchl warmer Anteilnahme erweckt worden","robots":{"index":"index","follow":"follow","max-snippet":"max-snippet:-1","max-image-preview":"max-image-preview:large","max-video-preview":"max-video-preview:-1"},"canonical":"https:\/\/www.meettheredbaron.com\/fr\/event\/in-der-vollversammlung-des-reichstages\/","og_locale":"fr_FR","og_type":"article","og_title":"Lors de la s\u00e9ance pl\u00e9ni\u00e8re du Reichstag - Meet The Red Baron","og_description":"In der Vollversammlung des Reichstages. In\u00a0 Millionen Deutschenherzen und auch in diesem Hause ist das Gef\u00fchl warmer Anteilnahme erweckt worden","og_url":"https:\/\/www.meettheredbaron.com\/fr\/event\/in-der-vollversammlung-des-reichstages\/","og_site_name":"Meet The Red Baron","article_modified_time":"2025-06-30T11:13:33+00:00","schema":{"@context":"https:\/\/schema.org","@graph":[{"@type":"WebPage","@id":"https:\/\/www.meettheredbaron.com\/fr\/event\/in-der-vollversammlung-des-reichstages\/","url":"https:\/\/www.meettheredbaron.com\/fr\/event\/in-der-vollversammlung-des-reichstages\/","name":"Lors de la s\u00e9ance pl\u00e9ni\u00e8re du Reichstag - Meet The Red Baron","isPartOf":{"@id":"https:\/\/www.meettheredbaron.com\/fr\/#website"},"datePublished":"2023-05-03T08:51:37+00:00","dateModified":"2025-06-30T11:13:33+00:00","description":"In der Vollversammlung des Reichstages. In\u00a0 Millionen Deutschenherzen und auch in diesem Hause ist das Gef\u00fchl warmer Anteilnahme erweckt worden","breadcrumb":{"@id":"https:\/\/www.meettheredbaron.com\/fr\/event\/in-der-vollversammlung-des-reichstages\/#breadcrumb"},"inLanguage":"fr-FR","potentialAction":[{"@type":"ReadAction","target":["https:\/\/www.meettheredbaron.com\/fr\/event\/in-der-vollversammlung-des-reichstages\/"]}]},{"@type":"BreadcrumbList","@id":"https:\/\/www.meettheredbaron.com\/fr\/event\/in-der-vollversammlung-des-reichstages\/#breadcrumb","itemListElement":[{"@type":"ListItem","position":1,"name":"Home","item":"https:\/\/www.meettheredbaron.com\/fr\/"},{"@type":"ListItem","position":2,"name":"Events","item":"https:\/\/www.meettheredbaron.com\/fr\/event\/"},{"@type":"ListItem","position":3,"name":"Lors de la s\u00e9ance pl\u00e9ni\u00e8re du Reichstag"}]},{"@type":"WebSite","@id":"https:\/\/www.meettheredbaron.com\/fr\/#website","url":"https:\/\/www.meettheredbaron.com\/fr\/","name":"Meet The Red Baron","description":"The life and death of Manfred von Richthofen.","publisher":{"@id":"https:\/\/www.meettheredbaron.com\/fr\/#\/schema\/person\/fd320c77882d0d84e4b88ef15120767f"},"potentialAction":[{"@type":"SearchAction","target":{"@type":"EntryPoint","urlTemplate":"https:\/\/www.meettheredbaron.com\/fr\/?s={search_term_string}"},"query-input":{"@type":"PropertyValueSpecification","valueRequired":true,"valueName":"search_term_string"}}],"inLanguage":"fr-FR"},{"@type":["Person","Organization"],"@id":"https:\/\/www.meettheredbaron.com\/fr\/#\/schema\/person\/fd320c77882d0d84e4b88ef15120767f","name":"heinpoblome","image":{"@type":"ImageObject","inLanguage":"fr-FR","@id":"https:\/\/www.meettheredbaron.com\/fr\/#\/schema\/person\/image\/","url":"https:\/\/www.meettheredbaron.com\/wp-content\/uploads\/2021\/12\/266-scaled.jpg","contentUrl":"https:\/\/www.meettheredbaron.com\/wp-content\/uploads\/2021\/12\/266-scaled.jpg","width":1850,"height":2560,"caption":"heinpoblome"},"logo":{"@id":"https:\/\/www.meettheredbaron.com\/fr\/#\/schema\/person\/image\/"},"sameAs":["http:\/\/www.meettheredbaron.com"]}]}},"toolset-meta":{"field-group-for-events-2":[],"field-group-for-events":{"date":{"type":"date","raw":"-1631318400","formatted":"04\/23\/1918 00:00"},"date-as-a-string":{"type":"textfield","raw":"04\/23\/1918"},"date-description":{"type":"textfield","raw":""},"geolocation":{"type":"google_address","raw":"52.5091985658893, 13.381367672384837"},"location-description":{"type":"textfield","raw":"Reichstag"},"town-name":{"type":"textfield","raw":"Berlin"},"historical-town-name":{"type":"textfield","raw":""},"event-id":{"type":"numeric","raw":"664"},"event-short":{"type":"textfield","raw":"Lors de la s\u00e9ance pl\u00e9ni\u00e8re du Reichstag"},"event-description":{"type":"wysiwyg","raw":"\u00ab Au Reichstag, le vice-pr\u00e9sident Dr Paasche a rendu hommage \u00e0 la mort h\u00e9ro\u00efque du capitaine de cavalerie Freiherr von Richthofen :\r\n\r\n\u00ab Dans les c\u0153urs de millions d'Allemands, ainsi que dans cette assembl\u00e9e, un sentiment de profonde sympathie s'est \u00e9veill\u00e9. Notre roi de l'air, le capitaine de cavalerie Freiherr von Richthofen, n'est pas revenu de son dernier combat a\u00e9rien. Vous savez tous que, bien qu'il n'ait eu qu'un quart de si\u00e8cle, il \u00e9tait devenu un h\u00e9ros national, un mod\u00e8le pour ses troupes, un exemple de ce qu'un homme comp\u00e9tent peut accomplir sur le terrain. Son style de combat audacieux, t\u00e9m\u00e9raire et intr\u00e9pide lui a valu non seulement la popularit\u00e9 aupr\u00e8s de ses officiers et de ses camarades, mais aussi la reconnaissance de tout le peuple allemand. C'est avec le c\u0153ur lourd que nous partageons la perte que notre arm\u00e9e de l'air a subie. Il \u00e9tait l'incarnation m\u00eame d'un v\u00e9ritable officier allemand. Vous vous \u00eates lev\u00e9s pour lui rendre hommage. Je le constate. \u00bb"},"event-type-id":{"type":"numeric","raw":"2"},"source-id":{"type":"numeric","raw":"55"},"source-long-in-event":{"type":"textfield","raw":"Ein Heldenleben, Ullstein & Co, 1920"},"pagenumber":{"type":"textfield","raw":"274"},"airplane-id":{"type":"textfield","raw":"0"},"combat-id":{"type":"textfield","raw":"0"},"event-type":{"type":"select","raw":"2"},"source-language":{"type":"select","raw":"2"},"picture":{"type":"image","raw":[""],"repeatable":[{"raw":""}]}}},"_links":{"self":[{"href":"https:\/\/www.meettheredbaron.com\/fr\/wp-json\/wp\/v2\/event\/12387","targetHints":{"allow":["GET"]}}],"collection":[{"href":"https:\/\/www.meettheredbaron.com\/fr\/wp-json\/wp\/v2\/event"}],"about":[{"href":"https:\/\/www.meettheredbaron.com\/fr\/wp-json\/wp\/v2\/types\/event"}],"replies":[{"embeddable":true,"href":"https:\/\/www.meettheredbaron.com\/fr\/wp-json\/wp\/v2\/comments?post=12387"}],"wp:attachment":[{"href":"https:\/\/www.meettheredbaron.com\/fr\/wp-json\/wp\/v2\/media?parent=12387"}],"wp:term":[{"taxonomy":"event-type","embeddable":true,"href":"https:\/\/www.meettheredbaron.com\/fr\/wp-json\/wp\/v2\/event-type?post=12387"},{"taxonomy":"source-language","embeddable":true,"href":"https:\/\/www.meettheredbaron.com\/fr\/wp-json\/wp\/v2\/source-language?post=12387"},{"taxonomy":"source-id-tax","embeddable":true,"href":"https:\/\/www.meettheredbaron.com\/fr\/wp-json\/wp\/v2\/source-id-tax?post=12387"}],"curies":[{"name":"wp","href":"https:\/\/api.w.org\/{rel}","templated":true}]}}

Lors de la séance plénière du Reichstag

<p>« Au Reichstag, le vice-président Dr Paasche a rendu hommage à la mort héroïque du capitaine de cavalerie Freiherr von Richthofen :</p>



<p>« Dans les cœurs de millions d&rsquo;Allemands, ainsi que dans cette assemblée, un sentiment de profonde sympathie s&rsquo;est éveillé. Notre roi de l&rsquo;air, le capitaine de cavalerie Freiherr von Richthofen, n&rsquo;est pas revenu de son dernier combat aérien. Vous savez tous que, bien qu&rsquo;il n&rsquo;ait eu qu&rsquo;un quart de siècle, il était devenu un héros national, un modèle pour ses troupes, un exemple de ce qu&rsquo;un homme compétent peut accomplir sur le terrain. Son style de combat audacieux, téméraire et intrépide lui a valu non seulement la popularité auprès de ses officiers et de ses camarades, mais aussi la reconnaissance de tout le peuple allemand. C&rsquo;est avec le cœur lourd que nous partageons la perte que notre armée de l&rsquo;air a subie. Il était l&rsquo;incarnation même d&rsquo;un véritable officier allemand. Vous vous êtes levés pour lui rendre hommage. Je le constate. »</p>

<!-- This site is optimized with the Yoast SEO plugin v26.7 - https://yoast.com/wordpress/plugins/seo/ -->
<title>Lors de la séance plénière du Reichstag - Meet The Red Baron</title>
<meta name="description" content="In der Vollversammlung des Reichstages. In  Millionen Deutschenherzen und auch in diesem Hause ist das Gefühl warmer Anteilnahme erweckt worden" />
<meta name="robots" content="index, follow, max-snippet:-1, max-image-preview:large, max-video-preview:-1" />
<link rel="canonical" href="https://www.meettheredbaron.com/fr/event/in-der-vollversammlung-des-reichstages/" />
<meta property="og:locale" content="fr_FR" />
<meta property="og:type" content="article" />
<meta property="og:title" content="Lors de la séance plénière du Reichstag - Meet The Red Baron" />
<meta property="og:description" content="In der Vollversammlung des Reichstages. In  Millionen Deutschenherzen und auch in diesem Hause ist das Gefühl warmer Anteilnahme erweckt worden" />
<meta property="og:url" content="https://www.meettheredbaron.com/fr/event/in-der-vollversammlung-des-reichstages/" />
<meta property="og:site_name" content="Meet The Red Baron" />
<meta property="article:modified_time" content="2025-06-30T11:13:33+00:00" />
<script type="application/ld+json" class="yoast-schema-graph">{"@context":"https://schema.org","@graph":[{"@type":"WebPage","@id":"https://www.meettheredbaron.com/fr/event/in-der-vollversammlung-des-reichstages/","url":"https://www.meettheredbaron.com/fr/event/in-der-vollversammlung-des-reichstages/","name":"Lors de la séance plénière du Reichstag - Meet The Red Baron","isPartOf":{"@id":"https://www.meettheredbaron.com/fr/#website"},"datePublished":"2023-05-03T08:51:37+00:00","dateModified":"2025-06-30T11:13:33+00:00","description":"In der Vollversammlung des Reichstages. In  Millionen Deutschenherzen und auch in diesem Hause ist das Gefühl warmer Anteilnahme erweckt worden","breadcrumb":{"@id":"https://www.meettheredbaron.com/fr/event/in-der-vollversammlung-des-reichstages/#breadcrumb"},"inLanguage":"fr-FR","potentialAction":[{"@type":"ReadAction","target":["https://www.meettheredbaron.com/fr/event/in-der-vollversammlung-des-reichstages/"]}]},{"@type":"BreadcrumbList","@id":"https://www.meettheredbaron.com/fr/event/in-der-vollversammlung-des-reichstages/#breadcrumb","itemListElement":[{"@type":"ListItem","position":1,"name":"Home","item":"https://www.meettheredbaron.com/fr/"},{"@type":"ListItem","position":2,"name":"Events","item":"https://www.meettheredbaron.com/fr/event/"},{"@type":"ListItem","position":3,"name":"Lors de la séance plénière du Reichstag"}]},{"@type":"WebSite","@id":"https://www.meettheredbaron.com/fr/#website","url":"https://www.meettheredbaron.com/fr/","name":"Meet The Red Baron","description":"The life and death of Manfred von Richthofen.","publisher":{"@id":"https://www.meettheredbaron.com/fr/#/schema/person/fd320c77882d0d84e4b88ef15120767f"},"potentialAction":[{"@type":"SearchAction","target":{"@type":"EntryPoint","urlTemplate":"https://www.meettheredbaron.com/fr/?s={search_term_string}"},"query-input":{"@type":"PropertyValueSpecification","valueRequired":true,"valueName":"search_term_string"}}],"inLanguage":"fr-FR"},{"@type":["Person","Organization"],"@id":"https://www.meettheredbaron.com/fr/#/schema/person/fd320c77882d0d84e4b88ef15120767f","name":"heinpoblome","image":{"@type":"ImageObject","inLanguage":"fr-FR","@id":"https://www.meettheredbaron.com/fr/#/schema/person/image/","url":"https://www.meettheredbaron.com/wp-content/uploads/2021/12/266-scaled.jpg","contentUrl":"https://www.meettheredbaron.com/wp-content/uploads/2021/12/266-scaled.jpg","width":1850,"height":2560,"caption":"heinpoblome"},"logo":{"@id":"https://www.meettheredbaron.com/fr/#/schema/person/image/"},"sameAs":["http://www.meettheredbaron.com"]}]}</script>
<!-- / Yoast SEO plugin. -->

Lors de la séance plénière du Reichstag - Meet The Red Baron

In der Vollversammlung des Reichstages. In  Millionen Deutschenherzen und auch in diesem Hause ist das Gefühl warmer Anteilnahme erweckt worden

« Au Reichstag, le vice-président Dr Paasche a rendu hommage à la mort héroïque du capitaine de cavalerie Freiherr von Richthofen :

« Dans les cœurs de millions d'Allemands, ainsi que dans cette assemblée, un sentiment de profonde sympathie s'est éveillé. Notre roi de l'air, le capitaine de cavalerie Freiherr von Richthofen, n'est pas revenu de son dernier combat aérien. Vous savez tous que, bien qu'il n'ait eu qu'un quart de siècle, il était devenu un héros national, un modèle pour ses troupes, un exemple de ce qu'un homme compétent peut accomplir sur le terrain. Son style de combat audacieux, téméraire et intrépide lui a valu non seulement la popularité auprès de ses officiers et de ses camarades, mais aussi la reconnaissance de tout le peuple allemand. C'est avec le cœur lourd que nous partageons la perte que notre armée de l'air a subie. Il était l'incarnation même d'un véritable officier allemand. Vous vous êtes levés pour lui rendre hommage. Je le constate. »
