{"id":12339,"date":"2023-09-01T14:02:37","date_gmt":"2023-09-01T13:02:37","guid":{"rendered":"https:\/\/www.meettheredbaron.com\/event\/ran\/"},"modified":"2025-07-01T12:44:53","modified_gmt":"2025-07-01T11:44:53","slug":"ran","status":"publish","type":"event","link":"https:\/\/www.meettheredbaron.com\/fr\/event\/ran\/","title":{"rendered":"En avant!"},"content":{"rendered":"\n<p>\u00ab Le baron von Richthofen ne se plaisait plus \u00e0 Awoingt.<\/p>\n\n\n\n<p>\u00ab En avant ! \u00bb dit-il.<\/p>\n\n\n\n<p>Il est trop impatient pour attendre les observations des autres, il trouve plus facile de voir de ses propres yeux o\u00f9 il peut aider l&rsquo;infanterie allemande.<\/p>\n\n\n\n<p>&#8230; Le 26 mars, l&rsquo;a\u00e9rodrome est d\u00e9plac\u00e9 plus en avant, \u00e0 Lechelle&#8230;&#8230;<\/p>\n\n\n\n<p>Le commandant, quant \u00e0 lui, n&rsquo;a rien \u00e0 redire sur l&rsquo;a\u00e9rodrome de Lechelle, bien au contraire : il trouve magnifique de pouvoir observer lui-m\u00eame le champ de bataille \u00e0 partir d&rsquo;ici, \u00e0 l&rsquo;aide de jumelles. \u00bb<\/p>\n","protected":false},"comment_status":"open","ping_status":"closed","template":"","event-type":[241],"source-language":[259],"source-id-tax":[283],"class_list":["post-12339","event","type-event","status-publish","hentry","event-type-anecdote-fr-2","source-language-allemand-fr","source-id-tax-bodenschatz-jagd-in-flanderns-himmel-fr","entry","no-media"],"yoast_head":"<!-- This site is optimized with the Yoast SEO plugin v26.7 - https:\/\/yoast.com\/wordpress\/plugins\/seo\/ -->\n<title>En avant! - Meet The Red Baron<\/title>\n<meta name=\"robots\" content=\"index, follow, max-snippet:-1, max-image-preview:large, max-video-preview:-1\" \/>\n<link rel=\"canonical\" href=\"https:\/\/www.meettheredbaron.com\/fr\/event\/ran\/\" \/>\n<meta property=\"og:locale\" content=\"fr_FR\" \/>\n<meta property=\"og:type\" content=\"article\" \/>\n<meta property=\"og:title\" content=\"En avant! - Meet The Red Baron\" \/>\n<meta property=\"og:description\" content=\"\u00ab Le baron von Richthofen ne se plaisait plus \u00e0 Awoingt. \u00ab En avant ! \u00bb dit-il. Il est trop impatient pour attendre les observations des autres, il trouve plus facile de voir de ses propres yeux o\u00f9 il peut aider l&rsquo;infanterie allemande. &#8230; Le 26 mars, l&rsquo;a\u00e9rodrome est d\u00e9plac\u00e9 plus en avant, \u00e0 Lechelle&#8230;&#8230;&hellip;\" \/>\n<meta property=\"og:url\" content=\"https:\/\/www.meettheredbaron.com\/fr\/event\/ran\/\" \/>\n<meta property=\"og:site_name\" content=\"Meet The Red Baron\" \/>\n<meta property=\"article:modified_time\" content=\"2025-07-01T11:44:53+00:00\" \/>\n<script type=\"application\/ld+json\" class=\"yoast-schema-graph\">{\"@context\":\"https:\/\/schema.org\",\"@graph\":[{\"@type\":\"WebPage\",\"@id\":\"https:\/\/www.meettheredbaron.com\/fr\/event\/ran\/\",\"url\":\"https:\/\/www.meettheredbaron.com\/fr\/event\/ran\/\",\"name\":\"En avant! - Meet The Red Baron\",\"isPartOf\":{\"@id\":\"https:\/\/www.meettheredbaron.com\/fr\/#website\"},\"datePublished\":\"2023-09-01T13:02:37+00:00\",\"dateModified\":\"2025-07-01T11:44:53+00:00\",\"breadcrumb\":{\"@id\":\"https:\/\/www.meettheredbaron.com\/fr\/event\/ran\/#breadcrumb\"},\"inLanguage\":\"fr-FR\",\"potentialAction\":[{\"@type\":\"ReadAction\",\"target\":[\"https:\/\/www.meettheredbaron.com\/fr\/event\/ran\/\"]}]},{\"@type\":\"BreadcrumbList\",\"@id\":\"https:\/\/www.meettheredbaron.com\/fr\/event\/ran\/#breadcrumb\",\"itemListElement\":[{\"@type\":\"ListItem\",\"position\":1,\"name\":\"Home\",\"item\":\"https:\/\/www.meettheredbaron.com\/fr\/\"},{\"@type\":\"ListItem\",\"position\":2,\"name\":\"Events\",\"item\":\"https:\/\/www.meettheredbaron.com\/fr\/event\/\"},{\"@type\":\"ListItem\",\"position\":3,\"name\":\"En avant!\"}]},{\"@type\":\"WebSite\",\"@id\":\"https:\/\/www.meettheredbaron.com\/fr\/#website\",\"url\":\"https:\/\/www.meettheredbaron.com\/fr\/\",\"name\":\"Meet The Red Baron\",\"description\":\"The life and death of Manfred von Richthofen.\",\"publisher\":{\"@id\":\"https:\/\/www.meettheredbaron.com\/fr\/#\/schema\/person\/fd320c77882d0d84e4b88ef15120767f\"},\"potentialAction\":[{\"@type\":\"SearchAction\",\"target\":{\"@type\":\"EntryPoint\",\"urlTemplate\":\"https:\/\/www.meettheredbaron.com\/fr\/?s={search_term_string}\"},\"query-input\":{\"@type\":\"PropertyValueSpecification\",\"valueRequired\":true,\"valueName\":\"search_term_string\"}}],\"inLanguage\":\"fr-FR\"},{\"@type\":[\"Person\",\"Organization\"],\"@id\":\"https:\/\/www.meettheredbaron.com\/fr\/#\/schema\/person\/fd320c77882d0d84e4b88ef15120767f\",\"name\":\"heinpoblome\",\"image\":{\"@type\":\"ImageObject\",\"inLanguage\":\"fr-FR\",\"@id\":\"https:\/\/www.meettheredbaron.com\/fr\/#\/schema\/person\/image\/\",\"url\":\"https:\/\/www.meettheredbaron.com\/wp-content\/uploads\/2021\/12\/266-scaled.jpg\",\"contentUrl\":\"https:\/\/www.meettheredbaron.com\/wp-content\/uploads\/2021\/12\/266-scaled.jpg\",\"width\":1850,\"height\":2560,\"caption\":\"heinpoblome\"},\"logo\":{\"@id\":\"https:\/\/www.meettheredbaron.com\/fr\/#\/schema\/person\/image\/\"},\"sameAs\":[\"http:\/\/www.meettheredbaron.com\"]}]}<\/script>\n<!-- \/ Yoast SEO plugin. -->","yoast_head_json":{"title":"En avant! - Meet The Red Baron","robots":{"index":"index","follow":"follow","max-snippet":"max-snippet:-1","max-image-preview":"max-image-preview:large","max-video-preview":"max-video-preview:-1"},"canonical":"https:\/\/www.meettheredbaron.com\/fr\/event\/ran\/","og_locale":"fr_FR","og_type":"article","og_title":"En avant! - Meet The Red Baron","og_description":"\u00ab Le baron von Richthofen ne se plaisait plus \u00e0 Awoingt. \u00ab En avant ! \u00bb dit-il. Il est trop impatient pour attendre les observations des autres, il trouve plus facile de voir de ses propres yeux o\u00f9 il peut aider l&rsquo;infanterie allemande. &#8230; Le 26 mars, l&rsquo;a\u00e9rodrome est d\u00e9plac\u00e9 plus en avant, \u00e0 Lechelle&#8230;&#8230;&hellip;","og_url":"https:\/\/www.meettheredbaron.com\/fr\/event\/ran\/","og_site_name":"Meet The Red Baron","article_modified_time":"2025-07-01T11:44:53+00:00","schema":{"@context":"https:\/\/schema.org","@graph":[{"@type":"WebPage","@id":"https:\/\/www.meettheredbaron.com\/fr\/event\/ran\/","url":"https:\/\/www.meettheredbaron.com\/fr\/event\/ran\/","name":"En avant! - Meet The Red Baron","isPartOf":{"@id":"https:\/\/www.meettheredbaron.com\/fr\/#website"},"datePublished":"2023-09-01T13:02:37+00:00","dateModified":"2025-07-01T11:44:53+00:00","breadcrumb":{"@id":"https:\/\/www.meettheredbaron.com\/fr\/event\/ran\/#breadcrumb"},"inLanguage":"fr-FR","potentialAction":[{"@type":"ReadAction","target":["https:\/\/www.meettheredbaron.com\/fr\/event\/ran\/"]}]},{"@type":"BreadcrumbList","@id":"https:\/\/www.meettheredbaron.com\/fr\/event\/ran\/#breadcrumb","itemListElement":[{"@type":"ListItem","position":1,"name":"Home","item":"https:\/\/www.meettheredbaron.com\/fr\/"},{"@type":"ListItem","position":2,"name":"Events","item":"https:\/\/www.meettheredbaron.com\/fr\/event\/"},{"@type":"ListItem","position":3,"name":"En avant!"}]},{"@type":"WebSite","@id":"https:\/\/www.meettheredbaron.com\/fr\/#website","url":"https:\/\/www.meettheredbaron.com\/fr\/","name":"Meet The Red Baron","description":"The life and death of Manfred von Richthofen.","publisher":{"@id":"https:\/\/www.meettheredbaron.com\/fr\/#\/schema\/person\/fd320c77882d0d84e4b88ef15120767f"},"potentialAction":[{"@type":"SearchAction","target":{"@type":"EntryPoint","urlTemplate":"https:\/\/www.meettheredbaron.com\/fr\/?s={search_term_string}"},"query-input":{"@type":"PropertyValueSpecification","valueRequired":true,"valueName":"search_term_string"}}],"inLanguage":"fr-FR"},{"@type":["Person","Organization"],"@id":"https:\/\/www.meettheredbaron.com\/fr\/#\/schema\/person\/fd320c77882d0d84e4b88ef15120767f","name":"heinpoblome","image":{"@type":"ImageObject","inLanguage":"fr-FR","@id":"https:\/\/www.meettheredbaron.com\/fr\/#\/schema\/person\/image\/","url":"https:\/\/www.meettheredbaron.com\/wp-content\/uploads\/2021\/12\/266-scaled.jpg","contentUrl":"https:\/\/www.meettheredbaron.com\/wp-content\/uploads\/2021\/12\/266-scaled.jpg","width":1850,"height":2560,"caption":"heinpoblome"},"logo":{"@id":"https:\/\/www.meettheredbaron.com\/fr\/#\/schema\/person\/image\/"},"sameAs":["http:\/\/www.meettheredbaron.com"]}]}},"toolset-meta":{"field-group-for-events-2":[],"field-group-for-events":{"date":{"type":"date","raw":"-1633737600","formatted":"03\/26\/1918 00:00"},"date-as-a-string":{"type":"textfield","raw":"03\/26\/1918"},"date-description":{"type":"textfield","raw":""},"geolocation":{"type":"google_address","raw":"50.05015019082827, 2.979976991363916"},"location-description":{"type":"textfield","raw":"Lechelle"},"town-name":{"type":"textfield","raw":"Lechelle"},"historical-town-name":{"type":"textfield","raw":""},"event-id":{"type":"numeric","raw":"679"},"event-short":{"type":"textfield","raw":"En avant!"},"event-description":{"type":"wysiwyg","raw":"\u00ab Le baron von Richthofen ne se plaisait plus \u00e0 Awoingt.\r\n\r\n\u00ab En avant ! \u00bb dit-il.\r\n\r\nIl est trop impatient pour attendre les observations des autres, il trouve plus facile de voir de ses propres yeux o\u00f9 il peut aider l'infanterie allemande.\r\n\r\n... Le 26 mars, l'a\u00e9rodrome est d\u00e9plac\u00e9 plus en avant, \u00e0 Lechelle......\r\n\r\nLe commandant, quant \u00e0 lui, n'a rien \u00e0 redire sur l'a\u00e9rodrome de Lechelle, bien au contraire : il trouve magnifique de pouvoir observer lui-m\u00eame le champ de bataille \u00e0 partir d'ici, \u00e0 l'aide de jumelles. \u00bb"},"event-type-id":{"type":"numeric","raw":"10"},"source-id":{"type":"numeric","raw":"58"},"source-long-in-event":{"type":"textfield","raw":"Jagd in Flanderns Himmel, Karl Bodenschatz, Verlag Knorr & Hirth M\u00fcnchen, 1935"},"pagenumber":{"type":"textfield","raw":"75"},"airplane-id":{"type":"textfield","raw":"0"},"combat-id":{"type":"textfield","raw":"0"},"event-type":{"type":"select","raw":"10"},"source-language":{"type":"select","raw":"2"},"picture":{"type":"image","raw":[""],"repeatable":[{"raw":""}]}}},"_links":{"self":[{"href":"https:\/\/www.meettheredbaron.com\/fr\/wp-json\/wp\/v2\/event\/12339","targetHints":{"allow":["GET"]}}],"collection":[{"href":"https:\/\/www.meettheredbaron.com\/fr\/wp-json\/wp\/v2\/event"}],"about":[{"href":"https:\/\/www.meettheredbaron.com\/fr\/wp-json\/wp\/v2\/types\/event"}],"replies":[{"embeddable":true,"href":"https:\/\/www.meettheredbaron.com\/fr\/wp-json\/wp\/v2\/comments?post=12339"}],"wp:attachment":[{"href":"https:\/\/www.meettheredbaron.com\/fr\/wp-json\/wp\/v2\/media?parent=12339"}],"wp:term":[{"taxonomy":"event-type","embeddable":true,"href":"https:\/\/www.meettheredbaron.com\/fr\/wp-json\/wp\/v2\/event-type?post=12339"},{"taxonomy":"source-language","embeddable":true,"href":"https:\/\/www.meettheredbaron.com\/fr\/wp-json\/wp\/v2\/source-language?post=12339"},{"taxonomy":"source-id-tax","embeddable":true,"href":"https:\/\/www.meettheredbaron.com\/fr\/wp-json\/wp\/v2\/source-id-tax?post=12339"}],"curies":[{"name":"wp","href":"https:\/\/api.w.org\/{rel}","templated":true}]}}

<p>« Le baron von Richthofen ne se plaisait plus à Awoingt.</p>



<p>« En avant ! » dit-il.</p>



<p>Il est trop impatient pour attendre les observations des autres, il trouve plus facile de voir de ses propres yeux où il peut aider l&rsquo;infanterie allemande.</p>



<p>&#8230; Le 26 mars, l&rsquo;aérodrome est déplacé plus en avant, à Lechelle&#8230;&#8230;</p>



<p>Le commandant, quant à lui, n&rsquo;a rien à redire sur l&rsquo;aérodrome de Lechelle, bien au contraire : il trouve magnifique de pouvoir observer lui-même le champ de bataille à partir d&rsquo;ici, à l&rsquo;aide de jumelles. »</p>

<!-- This site is optimized with the Yoast SEO plugin v26.7 - https://yoast.com/wordpress/plugins/seo/ -->
<title>En avant! - Meet The Red Baron</title>
<meta name="robots" content="index, follow, max-snippet:-1, max-image-preview:large, max-video-preview:-1" />
<link rel="canonical" href="https://www.meettheredbaron.com/fr/event/ran/" />
<meta property="og:locale" content="fr_FR" />
<meta property="og:type" content="article" />
<meta property="og:title" content="En avant! - Meet The Red Baron" />
<meta property="og:description" content="« Le baron von Richthofen ne se plaisait plus à Awoingt. « En avant ! » dit-il. Il est trop impatient pour attendre les observations des autres, il trouve plus facile de voir de ses propres yeux où il peut aider l&rsquo;infanterie allemande. &#8230; Le 26 mars, l&rsquo;aérodrome est déplacé plus en avant, à Lechelle&#8230;&#8230;&hellip;" />
<meta property="og:url" content="https://www.meettheredbaron.com/fr/event/ran/" />
<meta property="og:site_name" content="Meet The Red Baron" />
<meta property="article:modified_time" content="2025-07-01T11:44:53+00:00" />
<script type="application/ld+json" class="yoast-schema-graph">{"@context":"https://schema.org","@graph":[{"@type":"WebPage","@id":"https://www.meettheredbaron.com/fr/event/ran/","url":"https://www.meettheredbaron.com/fr/event/ran/","name":"En avant! - Meet The Red Baron","isPartOf":{"@id":"https://www.meettheredbaron.com/fr/#website"},"datePublished":"2023-09-01T13:02:37+00:00","dateModified":"2025-07-01T11:44:53+00:00","breadcrumb":{"@id":"https://www.meettheredbaron.com/fr/event/ran/#breadcrumb"},"inLanguage":"fr-FR","potentialAction":[{"@type":"ReadAction","target":["https://www.meettheredbaron.com/fr/event/ran/"]}]},{"@type":"BreadcrumbList","@id":"https://www.meettheredbaron.com/fr/event/ran/#breadcrumb","itemListElement":[{"@type":"ListItem","position":1,"name":"Home","item":"https://www.meettheredbaron.com/fr/"},{"@type":"ListItem","position":2,"name":"Events","item":"https://www.meettheredbaron.com/fr/event/"},{"@type":"ListItem","position":3,"name":"En avant!"}]},{"@type":"WebSite","@id":"https://www.meettheredbaron.com/fr/#website","url":"https://www.meettheredbaron.com/fr/","name":"Meet The Red Baron","description":"The life and death of Manfred von Richthofen.","publisher":{"@id":"https://www.meettheredbaron.com/fr/#/schema/person/fd320c77882d0d84e4b88ef15120767f"},"potentialAction":[{"@type":"SearchAction","target":{"@type":"EntryPoint","urlTemplate":"https://www.meettheredbaron.com/fr/?s={search_term_string}"},"query-input":{"@type":"PropertyValueSpecification","valueRequired":true,"valueName":"search_term_string"}}],"inLanguage":"fr-FR"},{"@type":["Person","Organization"],"@id":"https://www.meettheredbaron.com/fr/#/schema/person/fd320c77882d0d84e4b88ef15120767f","name":"heinpoblome","image":{"@type":"ImageObject","inLanguage":"fr-FR","@id":"https://www.meettheredbaron.com/fr/#/schema/person/image/","url":"https://www.meettheredbaron.com/wp-content/uploads/2021/12/266-scaled.jpg","contentUrl":"https://www.meettheredbaron.com/wp-content/uploads/2021/12/266-scaled.jpg","width":1850,"height":2560,"caption":"heinpoblome"},"logo":{"@id":"https://www.meettheredbaron.com/fr/#/schema/person/image/"},"sameAs":["http://www.meettheredbaron.com"]}]}</script>
<!-- / Yoast SEO plugin. -->

« Le baron von Richthofen ne se plaisait plus à Awoingt. « En avant ! » dit-il. Il est trop impatient pour attendre les observations des autres, il trouve plus facile de voir de ses propres yeux où il peut aider l&rsquo;infanterie allemande. &#8230; Le 26 mars, l&rsquo;aérodrome est déplacé plus en avant, à Lechelle&#8230;&#8230;&hellip;

« Le baron von Richthofen ne se plaisait plus à Awoingt.

« En avant ! » dit-il.

Il est trop impatient pour attendre les observations des autres, il trouve plus facile de voir de ses propres yeux où il peut aider l'infanterie allemande.

... Le 26 mars, l'aérodrome est déplacé plus en avant, à Lechelle......

Le commandant, quant à lui, n'a rien à redire sur l'aérodrome de Lechelle, bien au contraire : il trouve magnifique de pouvoir observer lui-même le champ de bataille à partir d'ici, à l'aide de jumelles. »

Jagd in Flanderns Himmel, Karl Bodenschatz, Verlag Knorr & Hirth München, 1935
