{"id":18190,"date":"2025-12-05T13:39:42","date_gmt":"2025-12-05T12:39:42","guid":{"rendered":"https:\/\/www.meettheredbaron.com\/?post_type=event&#038;p=18190"},"modified":"2025-12-05T13:41:58","modified_gmt":"2025-12-05T12:41:58","slug":"tag-19-im-lazaret-76-krankenakte","status":"publish","type":"event","link":"https:\/\/www.meettheredbaron.com\/de\/event\/tag-19-im-lazaret-76-krankenakte\/","title":{"rendered":"Tag 19 im Lazaret 76 \u2013 Krankenakte"},"content":{"rendered":"\n<p>\u201ed. Befund zum Zeitpunkt der Entlassung:<\/p>\n\n\n\n<p>Seit dem 22. Juli f\u00fchlt er sich wohl. Er kann recht gut stehen.<\/p>\n\n\n\n<p>Die Wunde sieht unver\u00e4ndert aus, beginnt jedoch langsam st\u00e4rker zu granulieren. Auf den freiliegenden Knochen wird Bors\u00e4uresalbe aufgetragen und die Wunde mit schwarzer Salbe verbunden.<\/p>\n\n\n\n<p>Eine weitere station\u00e4re Behandlung ist nicht mehr erforderlich.<\/p>\n\n\n\n<p>R.Frhr.v.R. m\u00f6chte die F\u00fchrung der ihm unterstellten Formation \u00fcbernehmen.<\/p>\n\n\n\n<p>Ihm wird (auch indirekt durch den konsultierenden Chirurgen, Oberstabarzt Prof. Dr. Laven) geraten, nicht zu fliegen, bis die Kopfwunde vollst\u00e4ndig verheilt ist. Es wird einige Zeit dauern, bis die Kopfwunde vollst\u00e4ndig verheilt ist.<\/p>\n\n\n\n<p>Es besteht kein Zweifel, dass die Verletzung eine schwere Gehirnersch\u00fctterung (Commotio cerebri) oder, was noch wahrscheinlicher ist, innere Blutungen verursacht hat.<\/p>\n\n\n\n<p>Pl\u00f6tzliche Luftdruckschwankungen w\u00e4hrend des Fluges k\u00f6nnten daher zu Bewusstseinsst\u00f6rungen f\u00fchren. R.Frhr.v.R. wurde auf die Gefahr eines zu fr\u00fchen Fluges hingewiesen und hat versprochen, nicht zu fliegen, bis er medizinisch dazu in der Lage ist. R.Frhr.v.R. wird entlassen, da er nicht mehr in der Krankenstation behandelt werden muss.&#8220;<\/p>\n","protected":false},"comment_status":"open","ping_status":"closed","template":"","event-type":[252],"source-language":[225],"source-id-tax":[538],"class_list":["post-18190","event","type-event","status-publish","hentry","event-type-military-logs-and-documents-de","source-language-englisch","source-id-tax-kate-and-the-red-baron","entry","no-media"],"yoast_head":"<!-- This site is optimized with the Yoast SEO plugin v26.7 - https:\/\/yoast.com\/wordpress\/plugins\/seo\/ -->\n<title>Tag 19 im Lazaret 76 \u2013 Krankenakte - Meet The Red Baron<\/title>\n<meta name=\"robots\" content=\"index, follow, max-snippet:-1, max-image-preview:large, max-video-preview:-1\" \/>\n<link rel=\"canonical\" href=\"https:\/\/www.meettheredbaron.com\/de\/event\/tag-19-im-lazaret-76-krankenakte\/\" \/>\n<meta property=\"og:locale\" content=\"de_DE\" \/>\n<meta property=\"og:type\" content=\"article\" \/>\n<meta property=\"og:title\" content=\"Tag 19 im Lazaret 76 \u2013 Krankenakte - Meet The Red Baron\" \/>\n<meta property=\"og:description\" content=\"\u201ed. Befund zum Zeitpunkt der Entlassung: Seit dem 22. Juli f\u00fchlt er sich wohl. Er kann recht gut stehen. Die Wunde sieht unver\u00e4ndert aus, beginnt jedoch langsam st\u00e4rker zu granulieren. Auf den freiliegenden Knochen wird Bors\u00e4uresalbe aufgetragen und die Wunde mit schwarzer Salbe verbunden. Eine weitere station\u00e4re Behandlung ist nicht mehr erforderlich. R.Frhr.v.R. m\u00f6chte die&hellip;\" \/>\n<meta property=\"og:url\" content=\"https:\/\/www.meettheredbaron.com\/de\/event\/tag-19-im-lazaret-76-krankenakte\/\" \/>\n<meta property=\"og:site_name\" content=\"Meet The Red Baron\" \/>\n<meta property=\"article:modified_time\" content=\"2025-12-05T12:41:58+00:00\" \/>\n<script type=\"application\/ld+json\" class=\"yoast-schema-graph\">{\"@context\":\"https:\/\/schema.org\",\"@graph\":[{\"@type\":\"WebPage\",\"@id\":\"https:\/\/www.meettheredbaron.com\/de\/event\/tag-19-im-lazaret-76-krankenakte\/\",\"url\":\"https:\/\/www.meettheredbaron.com\/de\/event\/tag-19-im-lazaret-76-krankenakte\/\",\"name\":\"Tag 19 im Lazaret 76 \u2013 Krankenakte - Meet The Red Baron\",\"isPartOf\":{\"@id\":\"https:\/\/www.meettheredbaron.com\/de\/#website\"},\"datePublished\":\"2025-12-05T12:39:42+00:00\",\"dateModified\":\"2025-12-05T12:41:58+00:00\",\"breadcrumb\":{\"@id\":\"https:\/\/www.meettheredbaron.com\/de\/event\/tag-19-im-lazaret-76-krankenakte\/#breadcrumb\"},\"inLanguage\":\"de\",\"potentialAction\":[{\"@type\":\"ReadAction\",\"target\":[\"https:\/\/www.meettheredbaron.com\/de\/event\/tag-19-im-lazaret-76-krankenakte\/\"]}]},{\"@type\":\"BreadcrumbList\",\"@id\":\"https:\/\/www.meettheredbaron.com\/de\/event\/tag-19-im-lazaret-76-krankenakte\/#breadcrumb\",\"itemListElement\":[{\"@type\":\"ListItem\",\"position\":1,\"name\":\"Home\",\"item\":\"https:\/\/www.meettheredbaron.com\/de\/\"},{\"@type\":\"ListItem\",\"position\":2,\"name\":\"Events\",\"item\":\"https:\/\/www.meettheredbaron.com\/de\/event\/\"},{\"@type\":\"ListItem\",\"position\":3,\"name\":\"Tag 19 im Lazaret 76 \u2013 Krankenakte\"}]},{\"@type\":\"WebSite\",\"@id\":\"https:\/\/www.meettheredbaron.com\/de\/#website\",\"url\":\"https:\/\/www.meettheredbaron.com\/de\/\",\"name\":\"Meet The Red Baron\",\"description\":\"The life and death of Manfred von Richthofen.\",\"publisher\":{\"@id\":\"https:\/\/www.meettheredbaron.com\/de\/#\/schema\/person\/fd320c77882d0d84e4b88ef15120767f\"},\"potentialAction\":[{\"@type\":\"SearchAction\",\"target\":{\"@type\":\"EntryPoint\",\"urlTemplate\":\"https:\/\/www.meettheredbaron.com\/de\/?s={search_term_string}\"},\"query-input\":{\"@type\":\"PropertyValueSpecification\",\"valueRequired\":true,\"valueName\":\"search_term_string\"}}],\"inLanguage\":\"de\"},{\"@type\":[\"Person\",\"Organization\"],\"@id\":\"https:\/\/www.meettheredbaron.com\/de\/#\/schema\/person\/fd320c77882d0d84e4b88ef15120767f\",\"name\":\"heinpoblome\",\"image\":{\"@type\":\"ImageObject\",\"inLanguage\":\"de\",\"@id\":\"https:\/\/www.meettheredbaron.com\/de\/#\/schema\/person\/image\/\",\"url\":\"https:\/\/www.meettheredbaron.com\/wp-content\/uploads\/2021\/12\/266-scaled.jpg\",\"contentUrl\":\"https:\/\/www.meettheredbaron.com\/wp-content\/uploads\/2021\/12\/266-scaled.jpg\",\"width\":1850,\"height\":2560,\"caption\":\"heinpoblome\"},\"logo\":{\"@id\":\"https:\/\/www.meettheredbaron.com\/de\/#\/schema\/person\/image\/\"},\"sameAs\":[\"http:\/\/www.meettheredbaron.com\"]}]}<\/script>\n<!-- \/ Yoast SEO plugin. -->","yoast_head_json":{"title":"Tag 19 im Lazaret 76 \u2013 Krankenakte - Meet The Red Baron","robots":{"index":"index","follow":"follow","max-snippet":"max-snippet:-1","max-image-preview":"max-image-preview:large","max-video-preview":"max-video-preview:-1"},"canonical":"https:\/\/www.meettheredbaron.com\/de\/event\/tag-19-im-lazaret-76-krankenakte\/","og_locale":"de_DE","og_type":"article","og_title":"Tag 19 im Lazaret 76 \u2013 Krankenakte - Meet The Red Baron","og_description":"\u201ed. Befund zum Zeitpunkt der Entlassung: Seit dem 22. Juli f\u00fchlt er sich wohl. Er kann recht gut stehen. Die Wunde sieht unver\u00e4ndert aus, beginnt jedoch langsam st\u00e4rker zu granulieren. Auf den freiliegenden Knochen wird Bors\u00e4uresalbe aufgetragen und die Wunde mit schwarzer Salbe verbunden. Eine weitere station\u00e4re Behandlung ist nicht mehr erforderlich. R.Frhr.v.R. m\u00f6chte die&hellip;","og_url":"https:\/\/www.meettheredbaron.com\/de\/event\/tag-19-im-lazaret-76-krankenakte\/","og_site_name":"Meet The Red Baron","article_modified_time":"2025-12-05T12:41:58+00:00","schema":{"@context":"https:\/\/schema.org","@graph":[{"@type":"WebPage","@id":"https:\/\/www.meettheredbaron.com\/de\/event\/tag-19-im-lazaret-76-krankenakte\/","url":"https:\/\/www.meettheredbaron.com\/de\/event\/tag-19-im-lazaret-76-krankenakte\/","name":"Tag 19 im Lazaret 76 \u2013 Krankenakte - Meet The Red Baron","isPartOf":{"@id":"https:\/\/www.meettheredbaron.com\/de\/#website"},"datePublished":"2025-12-05T12:39:42+00:00","dateModified":"2025-12-05T12:41:58+00:00","breadcrumb":{"@id":"https:\/\/www.meettheredbaron.com\/de\/event\/tag-19-im-lazaret-76-krankenakte\/#breadcrumb"},"inLanguage":"de","potentialAction":[{"@type":"ReadAction","target":["https:\/\/www.meettheredbaron.com\/de\/event\/tag-19-im-lazaret-76-krankenakte\/"]}]},{"@type":"BreadcrumbList","@id":"https:\/\/www.meettheredbaron.com\/de\/event\/tag-19-im-lazaret-76-krankenakte\/#breadcrumb","itemListElement":[{"@type":"ListItem","position":1,"name":"Home","item":"https:\/\/www.meettheredbaron.com\/de\/"},{"@type":"ListItem","position":2,"name":"Events","item":"https:\/\/www.meettheredbaron.com\/de\/event\/"},{"@type":"ListItem","position":3,"name":"Tag 19 im Lazaret 76 \u2013 Krankenakte"}]},{"@type":"WebSite","@id":"https:\/\/www.meettheredbaron.com\/de\/#website","url":"https:\/\/www.meettheredbaron.com\/de\/","name":"Meet The Red Baron","description":"The life and death of Manfred von Richthofen.","publisher":{"@id":"https:\/\/www.meettheredbaron.com\/de\/#\/schema\/person\/fd320c77882d0d84e4b88ef15120767f"},"potentialAction":[{"@type":"SearchAction","target":{"@type":"EntryPoint","urlTemplate":"https:\/\/www.meettheredbaron.com\/de\/?s={search_term_string}"},"query-input":{"@type":"PropertyValueSpecification","valueRequired":true,"valueName":"search_term_string"}}],"inLanguage":"de"},{"@type":["Person","Organization"],"@id":"https:\/\/www.meettheredbaron.com\/de\/#\/schema\/person\/fd320c77882d0d84e4b88ef15120767f","name":"heinpoblome","image":{"@type":"ImageObject","inLanguage":"de","@id":"https:\/\/www.meettheredbaron.com\/de\/#\/schema\/person\/image\/","url":"https:\/\/www.meettheredbaron.com\/wp-content\/uploads\/2021\/12\/266-scaled.jpg","contentUrl":"https:\/\/www.meettheredbaron.com\/wp-content\/uploads\/2021\/12\/266-scaled.jpg","width":1850,"height":2560,"caption":"heinpoblome"},"logo":{"@id":"https:\/\/www.meettheredbaron.com\/de\/#\/schema\/person\/image\/"},"sameAs":["http:\/\/www.meettheredbaron.com"]}]}},"toolset-meta":{"field-group-for-events-2":[],"field-group-for-events":{"date":{"type":"date","raw":"-1654819200","formatted":"07\/25\/1917 00:00"},"date-as-a-string":{"type":"textfield","raw":"07\/25\/1917"},"date-description":{"type":"textfield","raw":""},"geolocation":{"type":"google_address","raw":"Voorstraat 47, 8500 Kortrijk, Belgium"},"location-description":{"type":"textfield","raw":"Lazaret 76 (Sint-Niklaas Hospital)"},"town-name":{"type":"textfield","raw":"Kortrijk"},"historical-town-name":{"type":"textfield","raw":""},"event-id":{"type":"numeric","raw":"830"},"event-short":{"type":"textfield","raw":"Tag 19 im Lazaret 76 \u2013 Krankenakte"},"event-description":{"type":"wysiwyg","raw":"\u201ed. Befund zum Zeitpunkt der Entlassung:\r\nSeit dem 22. Juli f\u00fchlt er sich wohl. Er kann recht gut stehen.\r\nDie Wunde sieht unver\u00e4ndert aus, beginnt jedoch langsam st\u00e4rker zu granulieren. Auf den freiliegenden Knochen wird Bors\u00e4uresalbe aufgetragen und die Wunde mit schwarzer Salbe verbunden.\r\nEine weitere station\u00e4re Behandlung ist nicht mehr erforderlich.\r\nR.Frhr.v.R. m\u00f6chte die F\u00fchrung der ihm unterstellten Formation \u00fcbernehmen.\r\nIhm wird (auch indirekt durch den konsultierenden Chirurgen, Oberstabarzt Prof. Dr. Laven) geraten, nicht zu fliegen, bis die Kopfwunde vollst\u00e4ndig verheilt ist. Es wird einige Zeit dauern, bis die Kopfwunde vollst\u00e4ndig verheilt ist.\r\nEs besteht kein Zweifel, dass die Verletzung eine schwere Gehirnersch\u00fctterung (Commotio cerebri) oder, was noch wahrscheinlicher ist, innere Blutungen verursacht hat.\r\nPl\u00f6tzliche Luftdruckschwankungen w\u00e4hrend des Fluges k\u00f6nnten daher zu Bewusstseinsst\u00f6rungen f\u00fchren. R.Frhr.v.R. wurde auf die Gefahr eines zu fr\u00fchen Fluges hingewiesen und hat versprochen, nicht zu fliegen, bis er medizinisch dazu in der Lage ist. R.Frhr.v.R. wird entlassen, da er nicht mehr in der Krankenstation behandelt werden muss.\""},"event-type-id":{"type":"numeric","raw":"8"},"source-id":{"type":"numeric","raw":"73"},"source-long-in-event":{"type":"textfield","raw":"K\u00e4te Oltersdorf and Manfred von Richthofen - Her 'restless' patient. - Lance Bronnenkant and Reinhard Schr\u00f6der - 2025 Aeronaut Books"},"pagenumber":{"type":"textfield","raw":"115"},"airplane-id":{"type":"textfield","raw":""},"combat-id":{"type":"textfield","raw":""},"event-type":{"type":"select","raw":"8"},"source-language":{"type":"select","raw":"1"},"picture":{"type":"image","raw":[""],"repeatable":[{"raw":""}]}}},"_links":{"self":[{"href":"https:\/\/www.meettheredbaron.com\/de\/wp-json\/wp\/v2\/event\/18190","targetHints":{"allow":["GET"]}}],"collection":[{"href":"https:\/\/www.meettheredbaron.com\/de\/wp-json\/wp\/v2\/event"}],"about":[{"href":"https:\/\/www.meettheredbaron.com\/de\/wp-json\/wp\/v2\/types\/event"}],"replies":[{"embeddable":true,"href":"https:\/\/www.meettheredbaron.com\/de\/wp-json\/wp\/v2\/comments?post=18190"}],"wp:attachment":[{"href":"https:\/\/www.meettheredbaron.com\/de\/wp-json\/wp\/v2\/media?parent=18190"}],"wp:term":[{"taxonomy":"event-type","embeddable":true,"href":"https:\/\/www.meettheredbaron.com\/de\/wp-json\/wp\/v2\/event-type?post=18190"},{"taxonomy":"source-language","embeddable":true,"href":"https:\/\/www.meettheredbaron.com\/de\/wp-json\/wp\/v2\/source-language?post=18190"},{"taxonomy":"source-id-tax","embeddable":true,"href":"https:\/\/www.meettheredbaron.com\/de\/wp-json\/wp\/v2\/source-id-tax?post=18190"}],"curies":[{"name":"wp","href":"https:\/\/api.w.org\/{rel}","templated":true}]}}

<p>„d. Befund zum Zeitpunkt der Entlassung:</p>



<p>Seit dem 22. Juli fühlt er sich wohl. Er kann recht gut stehen.</p>



<p>Die Wunde sieht unverändert aus, beginnt jedoch langsam stärker zu granulieren. Auf den freiliegenden Knochen wird Borsäuresalbe aufgetragen und die Wunde mit schwarzer Salbe verbunden.</p>



<p>Eine weitere stationäre Behandlung ist nicht mehr erforderlich.</p>



<p>R.Frhr.v.R. möchte die Führung der ihm unterstellten Formation übernehmen.</p>



<p>Ihm wird (auch indirekt durch den konsultierenden Chirurgen, Oberstabarzt Prof. Dr. Laven) geraten, nicht zu fliegen, bis die Kopfwunde vollständig verheilt ist. Es wird einige Zeit dauern, bis die Kopfwunde vollständig verheilt ist.</p>



<p>Es besteht kein Zweifel, dass die Verletzung eine schwere Gehirnerschütterung (Commotio cerebri) oder, was noch wahrscheinlicher ist, innere Blutungen verursacht hat.</p>



<p>Plötzliche Luftdruckschwankungen während des Fluges könnten daher zu Bewusstseinsstörungen führen. R.Frhr.v.R. wurde auf die Gefahr eines zu frühen Fluges hingewiesen und hat versprochen, nicht zu fliegen, bis er medizinisch dazu in der Lage ist. R.Frhr.v.R. wird entlassen, da er nicht mehr in der Krankenstation behandelt werden muss.&#8220;</p>

<!-- This site is optimized with the Yoast SEO plugin v26.7 - https://yoast.com/wordpress/plugins/seo/ -->
<title>Tag 19 im Lazaret 76 – Krankenakte - Meet The Red Baron</title>
<meta name="robots" content="index, follow, max-snippet:-1, max-image-preview:large, max-video-preview:-1" />
<link rel="canonical" href="https://www.meettheredbaron.com/de/event/tag-19-im-lazaret-76-krankenakte/" />
<meta property="og:locale" content="de_DE" />
<meta property="og:type" content="article" />
<meta property="og:title" content="Tag 19 im Lazaret 76 – Krankenakte - Meet The Red Baron" />
<meta property="og:description" content="„d. Befund zum Zeitpunkt der Entlassung: Seit dem 22. Juli fühlt er sich wohl. Er kann recht gut stehen. Die Wunde sieht unverändert aus, beginnt jedoch langsam stärker zu granulieren. Auf den freiliegenden Knochen wird Borsäuresalbe aufgetragen und die Wunde mit schwarzer Salbe verbunden. Eine weitere stationäre Behandlung ist nicht mehr erforderlich. R.Frhr.v.R. möchte die&hellip;" />
<meta property="og:url" content="https://www.meettheredbaron.com/de/event/tag-19-im-lazaret-76-krankenakte/" />
<meta property="og:site_name" content="Meet The Red Baron" />
<meta property="article:modified_time" content="2025-12-05T12:41:58+00:00" />
<script type="application/ld+json" class="yoast-schema-graph">{"@context":"https://schema.org","@graph":[{"@type":"WebPage","@id":"https://www.meettheredbaron.com/de/event/tag-19-im-lazaret-76-krankenakte/","url":"https://www.meettheredbaron.com/de/event/tag-19-im-lazaret-76-krankenakte/","name":"Tag 19 im Lazaret 76 – Krankenakte - Meet The Red Baron","isPartOf":{"@id":"https://www.meettheredbaron.com/de/#website"},"datePublished":"2025-12-05T12:39:42+00:00","dateModified":"2025-12-05T12:41:58+00:00","breadcrumb":{"@id":"https://www.meettheredbaron.com/de/event/tag-19-im-lazaret-76-krankenakte/#breadcrumb"},"inLanguage":"de","potentialAction":[{"@type":"ReadAction","target":["https://www.meettheredbaron.com/de/event/tag-19-im-lazaret-76-krankenakte/"]}]},{"@type":"BreadcrumbList","@id":"https://www.meettheredbaron.com/de/event/tag-19-im-lazaret-76-krankenakte/#breadcrumb","itemListElement":[{"@type":"ListItem","position":1,"name":"Home","item":"https://www.meettheredbaron.com/de/"},{"@type":"ListItem","position":2,"name":"Events","item":"https://www.meettheredbaron.com/de/event/"},{"@type":"ListItem","position":3,"name":"Tag 19 im Lazaret 76 – Krankenakte"}]},{"@type":"WebSite","@id":"https://www.meettheredbaron.com/de/#website","url":"https://www.meettheredbaron.com/de/","name":"Meet The Red Baron","description":"The life and death of Manfred von Richthofen.","publisher":{"@id":"https://www.meettheredbaron.com/de/#/schema/person/fd320c77882d0d84e4b88ef15120767f"},"potentialAction":[{"@type":"SearchAction","target":{"@type":"EntryPoint","urlTemplate":"https://www.meettheredbaron.com/de/?s={search_term_string}"},"query-input":{"@type":"PropertyValueSpecification","valueRequired":true,"valueName":"search_term_string"}}],"inLanguage":"de"},{"@type":["Person","Organization"],"@id":"https://www.meettheredbaron.com/de/#/schema/person/fd320c77882d0d84e4b88ef15120767f","name":"heinpoblome","image":{"@type":"ImageObject","inLanguage":"de","@id":"https://www.meettheredbaron.com/de/#/schema/person/image/","url":"https://www.meettheredbaron.com/wp-content/uploads/2021/12/266-scaled.jpg","contentUrl":"https://www.meettheredbaron.com/wp-content/uploads/2021/12/266-scaled.jpg","width":1850,"height":2560,"caption":"heinpoblome"},"logo":{"@id":"https://www.meettheredbaron.com/de/#/schema/person/image/"},"sameAs":["http://www.meettheredbaron.com"]}]}</script>
<!-- / Yoast SEO plugin. -->

„d. Befund zum Zeitpunkt der Entlassung: Seit dem 22. Juli fühlt er sich wohl. Er kann recht gut stehen. Die Wunde sieht unverändert aus, beginnt jedoch langsam stärker zu granulieren. Auf den freiliegenden Knochen wird Borsäuresalbe aufgetragen und die Wunde mit schwarzer Salbe verbunden. Eine weitere stationäre Behandlung ist nicht mehr erforderlich. R.Frhr.v.R. möchte die&hellip;

„d. Befund zum Zeitpunkt der Entlassung:
Seit dem 22. Juli fühlt er sich wohl. Er kann recht gut stehen.
Die Wunde sieht unverändert aus, beginnt jedoch langsam stärker zu granulieren. Auf den freiliegenden Knochen wird Borsäuresalbe aufgetragen und die Wunde mit schwarzer Salbe verbunden.
Eine weitere stationäre Behandlung ist nicht mehr erforderlich.
R.Frhr.v.R. möchte die Führung der ihm unterstellten Formation übernehmen.
Ihm wird (auch indirekt durch den konsultierenden Chirurgen, Oberstabarzt Prof. Dr. Laven) geraten, nicht zu fliegen, bis die Kopfwunde vollständig verheilt ist. Es wird einige Zeit dauern, bis die Kopfwunde vollständig verheilt ist.
Es besteht kein Zweifel, dass die Verletzung eine schwere Gehirnerschütterung (Commotio cerebri) oder, was noch wahrscheinlicher ist, innere Blutungen verursacht hat.
Plötzliche Luftdruckschwankungen während des Fluges könnten daher zu Bewusstseinsstörungen führen. R.Frhr.v.R. wurde auf die Gefahr eines zu frühen Fluges hingewiesen und hat versprochen, nicht zu fliegen, bis er medizinisch dazu in der Lage ist. R.Frhr.v.R. wird entlassen, da er nicht mehr in der Krankenstation behandelt werden muss."

Käte Oltersdorf and Manfred von Richthofen - Her 'restless' patient. - Lance Bronnenkant and Reinhard Schröder - 2025 Aeronaut Books
