{"id":13930,"date":"2021-12-16T17:30:59","date_gmt":"2021-12-16T16:30:59","guid":{"rendered":"https:\/\/www.meettheredbaron.com\/event\/und-so-trat-ich-ende-mai-1915-zur-fliegertruppe\/"},"modified":"2025-01-16T08:08:54","modified_gmt":"2025-01-16T07:08:54","slug":"und-so-trat-ich-ende-mai-1915-zur-fliegertruppe","status":"publish","type":"event","link":"https:\/\/www.meettheredbaron.com\/de\/event\/und-so-trat-ich-ende-mai-1915-zur-fliegertruppe\/","title":{"rendered":"und so trat ich Ende Mai 1915 zur Fliegertruppe."},"content":{"rendered":"<p>&#8222;So hatte ich es schon einige Monate ausgehalten, da kam eines sch\u00f6nen Tages etwas Bewegung in unseren Laden. Wir beabsichtigten eine kleine Offensive an unserer Front. Ich freute mich m\u00e4chtig, denn nun mu\u00dfte ja doch eigentlich der Ordonnanzoffizier zu seinem Ordonnanzieren kommen! Aber Kuchen! Es wurde mir etwas ganz anderes zugedacht, und dieses schlug dem Fa\u00df den Boden aus. Nun schrieb ich ein Gesuch an meinen Kommandierenden General, und b\u00f6se Zungen behaupten, ich h\u00e4tte gesagt: \u00bbLiebe Exzellenz, ich bin nicht in den Krieg gezogen, um K\u00e4se und Eier zu sammeln, sondern zu einem anderen Zweck.\u00ab Man hat anfangs eigentlich auf mich einschnappen wollen, aber schlie\u00dflich hat man mir meine Bitte gew\u00e4hrt, und so trat ich Ende Mai 1915 zur Fliegertruppe. So war mir mein gr\u00f6\u00dfter Wunsch erf\u00fcllt.&#8220;<\/p>\n","protected":false},"comment_status":"open","ping_status":"closed","template":"","event-type":[222],"source-language":[260],"source-id-tax":[293],"class_list":["post-13930","event","type-event","status-publish","hentry","event-type-relocation-trips-de","source-language-deutsch-de","source-id-tax-der-rote-kampfflieger-von-rittmeister-manfred-freiherrn-von-richthofen-1917-351-000-400-000-verlag-ullstein-co-berlin-wien-de","entry","no-media"],"yoast_head":"<!-- This site is optimized with the Yoast SEO plugin v26.7 - https:\/\/yoast.com\/wordpress\/plugins\/seo\/ -->\n<title>und so trat ich Ende Mai 1915 zur Fliegertruppe. - Meet The Red Baron<\/title>\n<meta name=\"robots\" content=\"index, follow, max-snippet:-1, max-image-preview:large, max-video-preview:-1\" \/>\n<link rel=\"canonical\" href=\"https:\/\/www.meettheredbaron.com\/de\/event\/und-so-trat-ich-ende-mai-1915-zur-fliegertruppe\/\" \/>\n<meta property=\"og:locale\" content=\"de_DE\" \/>\n<meta property=\"og:type\" content=\"article\" \/>\n<meta property=\"og:title\" content=\"und so trat ich Ende Mai 1915 zur Fliegertruppe. - Meet The Red Baron\" \/>\n<meta property=\"og:description\" content=\"und so trat ich Ende Mai 1915 zur Fliegertruppe.\" \/>\n<meta property=\"og:url\" content=\"https:\/\/www.meettheredbaron.com\/de\/event\/und-so-trat-ich-ende-mai-1915-zur-fliegertruppe\/\" \/>\n<meta property=\"og:site_name\" content=\"Meet The Red Baron\" \/>\n<meta property=\"article:modified_time\" content=\"2025-01-16T07:08:54+00:00\" \/>\n<script type=\"application\/ld+json\" class=\"yoast-schema-graph\">{\"@context\":\"https:\/\/schema.org\",\"@graph\":[{\"@type\":\"WebPage\",\"@id\":\"https:\/\/www.meettheredbaron.com\/de\/event\/und-so-trat-ich-ende-mai-1915-zur-fliegertruppe\/\",\"url\":\"https:\/\/www.meettheredbaron.com\/de\/event\/und-so-trat-ich-ende-mai-1915-zur-fliegertruppe\/\",\"name\":\"und so trat ich Ende Mai 1915 zur Fliegertruppe. - Meet The Red Baron\",\"isPartOf\":{\"@id\":\"https:\/\/www.meettheredbaron.com\/de\/#website\"},\"datePublished\":\"2021-12-16T16:30:59+00:00\",\"dateModified\":\"2025-01-16T07:08:54+00:00\",\"breadcrumb\":{\"@id\":\"https:\/\/www.meettheredbaron.com\/de\/event\/und-so-trat-ich-ende-mai-1915-zur-fliegertruppe\/#breadcrumb\"},\"inLanguage\":\"de\",\"potentialAction\":[{\"@type\":\"ReadAction\",\"target\":[\"https:\/\/www.meettheredbaron.com\/de\/event\/und-so-trat-ich-ende-mai-1915-zur-fliegertruppe\/\"]}]},{\"@type\":\"BreadcrumbList\",\"@id\":\"https:\/\/www.meettheredbaron.com\/de\/event\/und-so-trat-ich-ende-mai-1915-zur-fliegertruppe\/#breadcrumb\",\"itemListElement\":[{\"@type\":\"ListItem\",\"position\":1,\"name\":\"Home\",\"item\":\"https:\/\/www.meettheredbaron.com\/de\/\"},{\"@type\":\"ListItem\",\"position\":2,\"name\":\"Events\",\"item\":\"https:\/\/www.meettheredbaron.com\/de\/event\/\"},{\"@type\":\"ListItem\",\"position\":3,\"name\":\"und so trat ich Ende Mai 1915 zur Fliegertruppe.\"}]},{\"@type\":\"WebSite\",\"@id\":\"https:\/\/www.meettheredbaron.com\/de\/#website\",\"url\":\"https:\/\/www.meettheredbaron.com\/de\/\",\"name\":\"Meet The Red Baron\",\"description\":\"The life and death of Manfred von Richthofen.\",\"publisher\":{\"@id\":\"https:\/\/www.meettheredbaron.com\/de\/#\/schema\/person\/fd320c77882d0d84e4b88ef15120767f\"},\"potentialAction\":[{\"@type\":\"SearchAction\",\"target\":{\"@type\":\"EntryPoint\",\"urlTemplate\":\"https:\/\/www.meettheredbaron.com\/de\/?s={search_term_string}\"},\"query-input\":{\"@type\":\"PropertyValueSpecification\",\"valueRequired\":true,\"valueName\":\"search_term_string\"}}],\"inLanguage\":\"de\"},{\"@type\":[\"Person\",\"Organization\"],\"@id\":\"https:\/\/www.meettheredbaron.com\/de\/#\/schema\/person\/fd320c77882d0d84e4b88ef15120767f\",\"name\":\"heinpoblome\",\"image\":{\"@type\":\"ImageObject\",\"inLanguage\":\"de\",\"@id\":\"https:\/\/www.meettheredbaron.com\/de\/#\/schema\/person\/image\/\",\"url\":\"https:\/\/www.meettheredbaron.com\/wp-content\/uploads\/2021\/12\/266-scaled.jpg\",\"contentUrl\":\"https:\/\/www.meettheredbaron.com\/wp-content\/uploads\/2021\/12\/266-scaled.jpg\",\"width\":1850,\"height\":2560,\"caption\":\"heinpoblome\"},\"logo\":{\"@id\":\"https:\/\/www.meettheredbaron.com\/de\/#\/schema\/person\/image\/\"},\"sameAs\":[\"http:\/\/www.meettheredbaron.com\"]}]}<\/script>\n<!-- \/ Yoast SEO plugin. -->","yoast_head_json":{"title":"und so trat ich Ende Mai 1915 zur Fliegertruppe. - Meet The Red Baron","robots":{"index":"index","follow":"follow","max-snippet":"max-snippet:-1","max-image-preview":"max-image-preview:large","max-video-preview":"max-video-preview:-1"},"canonical":"https:\/\/www.meettheredbaron.com\/de\/event\/und-so-trat-ich-ende-mai-1915-zur-fliegertruppe\/","og_locale":"de_DE","og_type":"article","og_title":"und so trat ich Ende Mai 1915 zur Fliegertruppe. - Meet The Red Baron","og_description":"und so trat ich Ende Mai 1915 zur Fliegertruppe.","og_url":"https:\/\/www.meettheredbaron.com\/de\/event\/und-so-trat-ich-ende-mai-1915-zur-fliegertruppe\/","og_site_name":"Meet The Red Baron","article_modified_time":"2025-01-16T07:08:54+00:00","schema":{"@context":"https:\/\/schema.org","@graph":[{"@type":"WebPage","@id":"https:\/\/www.meettheredbaron.com\/de\/event\/und-so-trat-ich-ende-mai-1915-zur-fliegertruppe\/","url":"https:\/\/www.meettheredbaron.com\/de\/event\/und-so-trat-ich-ende-mai-1915-zur-fliegertruppe\/","name":"und so trat ich Ende Mai 1915 zur Fliegertruppe. - Meet The Red Baron","isPartOf":{"@id":"https:\/\/www.meettheredbaron.com\/de\/#website"},"datePublished":"2021-12-16T16:30:59+00:00","dateModified":"2025-01-16T07:08:54+00:00","breadcrumb":{"@id":"https:\/\/www.meettheredbaron.com\/de\/event\/und-so-trat-ich-ende-mai-1915-zur-fliegertruppe\/#breadcrumb"},"inLanguage":"de","potentialAction":[{"@type":"ReadAction","target":["https:\/\/www.meettheredbaron.com\/de\/event\/und-so-trat-ich-ende-mai-1915-zur-fliegertruppe\/"]}]},{"@type":"BreadcrumbList","@id":"https:\/\/www.meettheredbaron.com\/de\/event\/und-so-trat-ich-ende-mai-1915-zur-fliegertruppe\/#breadcrumb","itemListElement":[{"@type":"ListItem","position":1,"name":"Home","item":"https:\/\/www.meettheredbaron.com\/de\/"},{"@type":"ListItem","position":2,"name":"Events","item":"https:\/\/www.meettheredbaron.com\/de\/event\/"},{"@type":"ListItem","position":3,"name":"und so trat ich Ende Mai 1915 zur Fliegertruppe."}]},{"@type":"WebSite","@id":"https:\/\/www.meettheredbaron.com\/de\/#website","url":"https:\/\/www.meettheredbaron.com\/de\/","name":"Meet The Red Baron","description":"The life and death of Manfred von Richthofen.","publisher":{"@id":"https:\/\/www.meettheredbaron.com\/de\/#\/schema\/person\/fd320c77882d0d84e4b88ef15120767f"},"potentialAction":[{"@type":"SearchAction","target":{"@type":"EntryPoint","urlTemplate":"https:\/\/www.meettheredbaron.com\/de\/?s={search_term_string}"},"query-input":{"@type":"PropertyValueSpecification","valueRequired":true,"valueName":"search_term_string"}}],"inLanguage":"de"},{"@type":["Person","Organization"],"@id":"https:\/\/www.meettheredbaron.com\/de\/#\/schema\/person\/fd320c77882d0d84e4b88ef15120767f","name":"heinpoblome","image":{"@type":"ImageObject","inLanguage":"de","@id":"https:\/\/www.meettheredbaron.com\/de\/#\/schema\/person\/image\/","url":"https:\/\/www.meettheredbaron.com\/wp-content\/uploads\/2021\/12\/266-scaled.jpg","contentUrl":"https:\/\/www.meettheredbaron.com\/wp-content\/uploads\/2021\/12\/266-scaled.jpg","width":1850,"height":2560,"caption":"heinpoblome"},"logo":{"@id":"https:\/\/www.meettheredbaron.com\/de\/#\/schema\/person\/image\/"},"sameAs":["http:\/\/www.meettheredbaron.com"]}]}},"toolset-meta":{"field-group-for-events-2":[],"field-group-for-events":{"date":{"type":"date","raw":"-1722816000","formatted":"05\/30\/1915 00:00"},"date-as-a-string":{"type":"textfield","raw":"5\/30\/1915"},"date-description":{"type":"textfield","raw":"und so trat ich Ende Mai 1915 zur Fliegertruppe."},"geolocation":{"type":"google_address","raw":"50.98033853742382, 6.897883820507864"},"location-description":{"type":"textfield","raw":"Flieger-Ersatzabteilung 7"},"town-name":{"type":"textfield","raw":"K\u00f6ln"},"historical-town-name":{"type":"textfield","raw":""},"event-id":{"type":"numeric","raw":"101"},"event-short":{"type":"textfield","raw":"und so trat ich Ende Mai 1915 zur Fliegertruppe."},"event-description":{"type":"wysiwyg","raw":"\"So hatte ich es schon einige Monate ausgehalten, da kam eines sch\u00f6nen Tages etwas Bewegung in unseren Laden. Wir beabsichtigten eine kleine Offensive an unserer Front. Ich freute mich m\u00e4chtig, denn nun mu\u00dfte ja doch eigentlich der Ordonnanzoffizier zu seinem Ordonnanzieren kommen! Aber Kuchen! Es wurde mir etwas ganz anderes zugedacht, und dieses schlug dem Fa\u00df den Boden aus. Nun schrieb ich ein Gesuch an meinen Kommandierenden General, und b\u00f6se Zungen behaupten, ich h\u00e4tte gesagt: \u00bbLiebe Exzellenz, ich bin nicht in den Krieg gezogen, um K\u00e4se und Eier zu sammeln, sondern zu einem anderen Zweck.\u00ab Man hat anfangs eigentlich auf mich einschnappen wollen, aber schlie\u00dflich hat man mir meine Bitte gew\u00e4hrt, und so trat ich Ende Mai 1915 zur Fliegertruppe. So war mir mein gr\u00f6\u00dfter Wunsch erf\u00fcllt.\""},"event-type-id":{"type":"numeric","raw":"3"},"source-id":{"type":"numeric","raw":"4"},"source-long-in-event":{"type":"textfield","raw":"Der rote Kampfflieger von Rittmeister Manfred Freiherrn von Richthofen, 1917, 351.000 - 400.000, Verlag Ullstein & Co, Berlin-Wien"},"pagenumber":{"type":"textfield","raw":""},"airplane-id":{"type":"textfield","raw":""},"combat-id":{"type":"textfield","raw":""},"event-type":{"type":"select","raw":"3"},"source-language":{"type":"select","raw":"2"},"picture":{"type":"image","raw":[""],"repeatable":[{"raw":""}]}}},"_links":{"self":[{"href":"https:\/\/www.meettheredbaron.com\/de\/wp-json\/wp\/v2\/event\/13930","targetHints":{"allow":["GET"]}}],"collection":[{"href":"https:\/\/www.meettheredbaron.com\/de\/wp-json\/wp\/v2\/event"}],"about":[{"href":"https:\/\/www.meettheredbaron.com\/de\/wp-json\/wp\/v2\/types\/event"}],"replies":[{"embeddable":true,"href":"https:\/\/www.meettheredbaron.com\/de\/wp-json\/wp\/v2\/comments?post=13930"}],"wp:attachment":[{"href":"https:\/\/www.meettheredbaron.com\/de\/wp-json\/wp\/v2\/media?parent=13930"}],"wp:term":[{"taxonomy":"event-type","embeddable":true,"href":"https:\/\/www.meettheredbaron.com\/de\/wp-json\/wp\/v2\/event-type?post=13930"},{"taxonomy":"source-language","embeddable":true,"href":"https:\/\/www.meettheredbaron.com\/de\/wp-json\/wp\/v2\/source-language?post=13930"},{"taxonomy":"source-id-tax","embeddable":true,"href":"https:\/\/www.meettheredbaron.com\/de\/wp-json\/wp\/v2\/source-id-tax?post=13930"}],"curies":[{"name":"wp","href":"https:\/\/api.w.org\/{rel}","templated":true}]}}

<p>&#8222;So hatte ich es schon einige Monate ausgehalten, da kam eines schönen Tages etwas Bewegung in unseren Laden. Wir beabsichtigten eine kleine Offensive an unserer Front. Ich freute mich mächtig, denn nun mußte ja doch eigentlich der Ordonnanzoffizier zu seinem Ordonnanzieren kommen! Aber Kuchen! Es wurde mir etwas ganz anderes zugedacht, und dieses schlug dem Faß den Boden aus. Nun schrieb ich ein Gesuch an meinen Kommandierenden General, und böse Zungen behaupten, ich hätte gesagt: »Liebe Exzellenz, ich bin nicht in den Krieg gezogen, um Käse und Eier zu sammeln, sondern zu einem anderen Zweck.« Man hat anfangs eigentlich auf mich einschnappen wollen, aber schließlich hat man mir meine Bitte gewährt, und so trat ich Ende Mai 1915 zur Fliegertruppe. So war mir mein größter Wunsch erfüllt.&#8220;</p>

Köln

"So hatte ich es schon einige Monate ausgehalten, da kam eines schönen Tages etwas Bewegung in unseren Laden. Wir beabsichtigten eine kleine Offensive an unserer Front. Ich freute mich mächtig, denn nun mußte ja doch eigentlich der Ordonnanzoffizier zu seinem Ordonnanzieren kommen! Aber Kuchen! Es wurde mir etwas ganz anderes zugedacht, und dieses schlug dem Faß den Boden aus. Nun schrieb ich ein Gesuch an meinen Kommandierenden General, und böse Zungen behaupten, ich hätte gesagt: »Liebe Exzellenz, ich bin nicht in den Krieg gezogen, um Käse und Eier zu sammeln, sondern zu einem anderen Zweck.« Man hat anfangs eigentlich auf mich einschnappen wollen, aber schließlich hat man mir meine Bitte gewährt, und so trat ich Ende Mai 1915 zur Fliegertruppe. So war mir mein größter Wunsch erfüllt."
