{"id":12616,"date":"2022-07-19T13:32:19","date_gmt":"2022-07-19T12:32:19","guid":{"rendered":"https:\/\/www.meettheredbaron.com\/event\/leutnant-wenzl-recalled\/"},"modified":"2025-06-25T09:54:16","modified_gmt":"2025-06-25T08:54:16","slug":"leutnant-wenzl-recalled","status":"publish","type":"event","link":"https:\/\/www.meettheredbaron.com\/de\/event\/leutnant-wenzl-recalled\/","title":{"rendered":"Leutnant Wenzl erinnerte sich"},"content":{"rendered":"\n<p>&#8222;Ein Mitglied der Staffel von Leutnant Weiss, Leutnant d. Res Richard Weinzl, erinnerte sich sp\u00e4ter:<\/p>\n\n\n\n<p>\u00dcber den Linien griffen wir sieben Sopwith Camels mit roten Nasen an. Die Anti-Richthofen-Leute! Wir gingen durch die Bewegungen &#8230; aber aufgrund des ziemlich starken Ostwinds drifteten wir immer weiter \u00fcber die andere Seite. Daher brach Weiss den Kampf ab und wir flogen zur\u00fcck \u00fcber die Frontlinien. Da sah ich pl\u00f6tzlich, dass eine unserer Maschinen in Schwierigkeiten war. Sp\u00e4ter erz\u00e4hlte mir jemand, dass es sich sicher um W\u00f6lffchen gehandelt habe. In der Luft glaubte ich, Richthofens Maschine erkannt zu haben. Eine nach der anderen kehrten die anderen Maschinen zur\u00fcck. Wir landeten, alle waren da, nur Richthofen fehlte &#8230;<\/p>\n\n\n\n<p>Jetzt sprach ich meine Bef\u00fcrchtung aus. Ich hatte das unangenehme Gef\u00fchl, dass Richthofen etwas zugesto\u00dfen war. Als ich zur\u00fcckflog, \u00f6stlich von Corbie, hatte ich auf der anderen Seite der Linien eine kleine Maschine am Boden gesehen, die zuvor nicht dort gewesen war. Diese Maschine schien rot zu sein. Da ich die Position kannte, bat mich Hptmn Reinhard, mit einigen Kameraden eine Erkundung durchzuf\u00fchren. Ich startete mit Karjus und von Richthofen&#8230;&#8220;<\/p>\n","protected":false},"comment_status":"open","ping_status":"closed","template":"","event-type":[249],"source-language":[225],"source-id-tax":[281],"class_list":["post-12616","event","type-event","status-publish","hentry","event-type-testimonial-de","source-language-englisch","source-id-tax-richthofen-beyond-the-legend-of-the-red-baron-peter-kilduff-arms-and-armour-1993-de","entry","no-media"],"yoast_head":"<!-- This site is optimized with the Yoast SEO plugin v26.7 - https:\/\/yoast.com\/wordpress\/plugins\/seo\/ -->\n<title>Leutnant Wenzl erinnerte sich - Meet The Red Baron<\/title>\n<meta name=\"description\" content=\"Leutnant Wenzl recalled. A member of Ltn Weiss&#039; flight, Ltn. d. Res Richard Weinzl, later recalled: Over the lines we attacked...\" \/>\n<meta name=\"robots\" content=\"index, follow, max-snippet:-1, max-image-preview:large, max-video-preview:-1\" \/>\n<link rel=\"canonical\" href=\"https:\/\/www.meettheredbaron.com\/de\/event\/leutnant-wenzl-recalled\/\" \/>\n<meta property=\"og:locale\" content=\"de_DE\" \/>\n<meta property=\"og:type\" content=\"article\" \/>\n<meta property=\"og:title\" content=\"Leutnant Wenzl erinnerte sich - Meet The Red Baron\" \/>\n<meta property=\"og:description\" content=\"Leutnant Wenzl recalled. A member of Ltn Weiss&#039; flight, Ltn. d. Res Richard Weinzl, later recalled: Over the lines we attacked...\" \/>\n<meta property=\"og:url\" content=\"https:\/\/www.meettheredbaron.com\/de\/event\/leutnant-wenzl-recalled\/\" \/>\n<meta property=\"og:site_name\" content=\"Meet The Red Baron\" \/>\n<meta property=\"article:modified_time\" content=\"2025-06-25T08:54:16+00:00\" \/>\n<script type=\"application\/ld+json\" class=\"yoast-schema-graph\">{\"@context\":\"https:\/\/schema.org\",\"@graph\":[{\"@type\":\"WebPage\",\"@id\":\"https:\/\/www.meettheredbaron.com\/de\/event\/leutnant-wenzl-recalled\/\",\"url\":\"https:\/\/www.meettheredbaron.com\/de\/event\/leutnant-wenzl-recalled\/\",\"name\":\"Leutnant Wenzl erinnerte sich - Meet The Red Baron\",\"isPartOf\":{\"@id\":\"https:\/\/www.meettheredbaron.com\/de\/#website\"},\"datePublished\":\"2022-07-19T12:32:19+00:00\",\"dateModified\":\"2025-06-25T08:54:16+00:00\",\"description\":\"Leutnant Wenzl recalled. A member of Ltn Weiss' flight, Ltn. d. Res Richard Weinzl, later recalled: Over the lines we attacked...\",\"breadcrumb\":{\"@id\":\"https:\/\/www.meettheredbaron.com\/de\/event\/leutnant-wenzl-recalled\/#breadcrumb\"},\"inLanguage\":\"de\",\"potentialAction\":[{\"@type\":\"ReadAction\",\"target\":[\"https:\/\/www.meettheredbaron.com\/de\/event\/leutnant-wenzl-recalled\/\"]}]},{\"@type\":\"BreadcrumbList\",\"@id\":\"https:\/\/www.meettheredbaron.com\/de\/event\/leutnant-wenzl-recalled\/#breadcrumb\",\"itemListElement\":[{\"@type\":\"ListItem\",\"position\":1,\"name\":\"Home\",\"item\":\"https:\/\/www.meettheredbaron.com\/de\/\"},{\"@type\":\"ListItem\",\"position\":2,\"name\":\"Events\",\"item\":\"https:\/\/www.meettheredbaron.com\/de\/event\/\"},{\"@type\":\"ListItem\",\"position\":3,\"name\":\"Leutnant Wenzl erinnerte sich\"}]},{\"@type\":\"WebSite\",\"@id\":\"https:\/\/www.meettheredbaron.com\/de\/#website\",\"url\":\"https:\/\/www.meettheredbaron.com\/de\/\",\"name\":\"Meet The Red Baron\",\"description\":\"The life and death of Manfred von Richthofen.\",\"publisher\":{\"@id\":\"https:\/\/www.meettheredbaron.com\/de\/#\/schema\/person\/fd320c77882d0d84e4b88ef15120767f\"},\"potentialAction\":[{\"@type\":\"SearchAction\",\"target\":{\"@type\":\"EntryPoint\",\"urlTemplate\":\"https:\/\/www.meettheredbaron.com\/de\/?s={search_term_string}\"},\"query-input\":{\"@type\":\"PropertyValueSpecification\",\"valueRequired\":true,\"valueName\":\"search_term_string\"}}],\"inLanguage\":\"de\"},{\"@type\":[\"Person\",\"Organization\"],\"@id\":\"https:\/\/www.meettheredbaron.com\/de\/#\/schema\/person\/fd320c77882d0d84e4b88ef15120767f\",\"name\":\"heinpoblome\",\"image\":{\"@type\":\"ImageObject\",\"inLanguage\":\"de\",\"@id\":\"https:\/\/www.meettheredbaron.com\/de\/#\/schema\/person\/image\/\",\"url\":\"https:\/\/www.meettheredbaron.com\/wp-content\/uploads\/2021\/12\/266-scaled.jpg\",\"contentUrl\":\"https:\/\/www.meettheredbaron.com\/wp-content\/uploads\/2021\/12\/266-scaled.jpg\",\"width\":1850,\"height\":2560,\"caption\":\"heinpoblome\"},\"logo\":{\"@id\":\"https:\/\/www.meettheredbaron.com\/de\/#\/schema\/person\/image\/\"},\"sameAs\":[\"http:\/\/www.meettheredbaron.com\"]}]}<\/script>\n<!-- \/ Yoast SEO plugin. -->","yoast_head_json":{"title":"Leutnant Wenzl erinnerte sich - Meet The Red Baron","description":"Leutnant Wenzl recalled. A member of Ltn Weiss' flight, Ltn. d. Res Richard Weinzl, later recalled: Over the lines we attacked...","robots":{"index":"index","follow":"follow","max-snippet":"max-snippet:-1","max-image-preview":"max-image-preview:large","max-video-preview":"max-video-preview:-1"},"canonical":"https:\/\/www.meettheredbaron.com\/de\/event\/leutnant-wenzl-recalled\/","og_locale":"de_DE","og_type":"article","og_title":"Leutnant Wenzl erinnerte sich - Meet The Red Baron","og_description":"Leutnant Wenzl recalled. A member of Ltn Weiss' flight, Ltn. d. Res Richard Weinzl, later recalled: Over the lines we attacked...","og_url":"https:\/\/www.meettheredbaron.com\/de\/event\/leutnant-wenzl-recalled\/","og_site_name":"Meet The Red Baron","article_modified_time":"2025-06-25T08:54:16+00:00","schema":{"@context":"https:\/\/schema.org","@graph":[{"@type":"WebPage","@id":"https:\/\/www.meettheredbaron.com\/de\/event\/leutnant-wenzl-recalled\/","url":"https:\/\/www.meettheredbaron.com\/de\/event\/leutnant-wenzl-recalled\/","name":"Leutnant Wenzl erinnerte sich - Meet The Red Baron","isPartOf":{"@id":"https:\/\/www.meettheredbaron.com\/de\/#website"},"datePublished":"2022-07-19T12:32:19+00:00","dateModified":"2025-06-25T08:54:16+00:00","description":"Leutnant Wenzl recalled. A member of Ltn Weiss' flight, Ltn. d. Res Richard Weinzl, later recalled: Over the lines we attacked...","breadcrumb":{"@id":"https:\/\/www.meettheredbaron.com\/de\/event\/leutnant-wenzl-recalled\/#breadcrumb"},"inLanguage":"de","potentialAction":[{"@type":"ReadAction","target":["https:\/\/www.meettheredbaron.com\/de\/event\/leutnant-wenzl-recalled\/"]}]},{"@type":"BreadcrumbList","@id":"https:\/\/www.meettheredbaron.com\/de\/event\/leutnant-wenzl-recalled\/#breadcrumb","itemListElement":[{"@type":"ListItem","position":1,"name":"Home","item":"https:\/\/www.meettheredbaron.com\/de\/"},{"@type":"ListItem","position":2,"name":"Events","item":"https:\/\/www.meettheredbaron.com\/de\/event\/"},{"@type":"ListItem","position":3,"name":"Leutnant Wenzl erinnerte sich"}]},{"@type":"WebSite","@id":"https:\/\/www.meettheredbaron.com\/de\/#website","url":"https:\/\/www.meettheredbaron.com\/de\/","name":"Meet The Red Baron","description":"The life and death of Manfred von Richthofen.","publisher":{"@id":"https:\/\/www.meettheredbaron.com\/de\/#\/schema\/person\/fd320c77882d0d84e4b88ef15120767f"},"potentialAction":[{"@type":"SearchAction","target":{"@type":"EntryPoint","urlTemplate":"https:\/\/www.meettheredbaron.com\/de\/?s={search_term_string}"},"query-input":{"@type":"PropertyValueSpecification","valueRequired":true,"valueName":"search_term_string"}}],"inLanguage":"de"},{"@type":["Person","Organization"],"@id":"https:\/\/www.meettheredbaron.com\/de\/#\/schema\/person\/fd320c77882d0d84e4b88ef15120767f","name":"heinpoblome","image":{"@type":"ImageObject","inLanguage":"de","@id":"https:\/\/www.meettheredbaron.com\/de\/#\/schema\/person\/image\/","url":"https:\/\/www.meettheredbaron.com\/wp-content\/uploads\/2021\/12\/266-scaled.jpg","contentUrl":"https:\/\/www.meettheredbaron.com\/wp-content\/uploads\/2021\/12\/266-scaled.jpg","width":1850,"height":2560,"caption":"heinpoblome"},"logo":{"@id":"https:\/\/www.meettheredbaron.com\/de\/#\/schema\/person\/image\/"},"sameAs":["http:\/\/www.meettheredbaron.com"]}]}},"toolset-meta":{"field-group-for-events-2":[],"field-group-for-events":{"date":{"type":"date","raw":"-1631440800","formatted":"04\/21\/1918 14:00"},"date-as-a-string":{"type":"textfield","raw":"04\/21\/1918"},"date-description":{"type":"textfield","raw":""},"geolocation":{"type":"google_address","raw":"49.928483341520156, 2.762579459937117"},"location-description":{"type":"textfield","raw":""},"town-name":{"type":"textfield","raw":"Cappy"},"historical-town-name":{"type":"textfield","raw":""},"event-id":{"type":"numeric","raw":"588"},"event-short":{"type":"textfield","raw":"Leutnant Wenzl erinnerte sich"},"event-description":{"type":"wysiwyg","raw":"\"Ein Mitglied der Staffel von Leutnant Weiss, Leutnant d. Res Richard Weinzl, erinnerte sich sp\u00e4ter:\r\n\r\n\u00dcber den Linien griffen wir sieben Sopwith Camels mit roten Nasen an. Die Anti-Richthofen-Leute! Wir gingen durch die Bewegungen ... aber aufgrund des ziemlich starken Ostwinds drifteten wir immer weiter \u00fcber die andere Seite. Daher brach Weiss den Kampf ab und wir flogen zur\u00fcck \u00fcber die Frontlinien. Da sah ich pl\u00f6tzlich, dass eine unserer Maschinen in Schwierigkeiten war. Sp\u00e4ter erz\u00e4hlte mir jemand, dass es sich sicher um W\u00f6lffchen gehandelt habe. In der Luft glaubte ich, Richthofens Maschine erkannt zu haben. Eine nach der anderen kehrten die anderen Maschinen zur\u00fcck. Wir landeten, alle waren da, nur Richthofen fehlte ...\r\n\r\nJetzt sprach ich meine Bef\u00fcrchtung aus. Ich hatte das unangenehme Gef\u00fchl, dass Richthofen etwas zugesto\u00dfen war. Als ich zur\u00fcckflog, \u00f6stlich von Corbie, hatte ich auf der anderen Seite der Linien eine kleine Maschine am Boden gesehen, die zuvor nicht dort gewesen war. Diese Maschine schien rot zu sein. Da ich die Position kannte, bat mich Hptmn Reinhard, mit einigen Kameraden eine Erkundung durchzuf\u00fchren. Ich startete mit Karjus und von Richthofen...\""},"event-type-id":{"type":"numeric","raw":"6"},"source-id":{"type":"numeric","raw":"33"},"source-long-in-event":{"type":"textfield","raw":"Richthofen, Beyond the legend of the Red Baron, Peter Kilduff, Arms and Armour, 1993"},"pagenumber":{"type":"textfield","raw":"202"},"airplane-id":{"type":"textfield","raw":"97"},"combat-id":{"type":"textfield","raw":"81"},"event-type":{"type":"select","raw":"6"},"source-language":{"type":"select","raw":"1"},"picture":{"type":"image","raw":["https:\/\/www.meettheredbaron.com\/wp-content\/uploads\/2026\/01\/621.jpg"],"repeatable":[{"raw":"https:\/\/www.meettheredbaron.com\/wp-content\/uploads\/2026\/01\/621.jpg","attachment_id":18392}]}}},"_links":{"self":[{"href":"https:\/\/www.meettheredbaron.com\/de\/wp-json\/wp\/v2\/event\/12616","targetHints":{"allow":["GET"]}}],"collection":[{"href":"https:\/\/www.meettheredbaron.com\/de\/wp-json\/wp\/v2\/event"}],"about":[{"href":"https:\/\/www.meettheredbaron.com\/de\/wp-json\/wp\/v2\/types\/event"}],"replies":[{"embeddable":true,"href":"https:\/\/www.meettheredbaron.com\/de\/wp-json\/wp\/v2\/comments?post=12616"}],"wp:attachment":[{"href":"https:\/\/www.meettheredbaron.com\/de\/wp-json\/wp\/v2\/media?parent=12616"}],"wp:term":[{"taxonomy":"event-type","embeddable":true,"href":"https:\/\/www.meettheredbaron.com\/de\/wp-json\/wp\/v2\/event-type?post=12616"},{"taxonomy":"source-language","embeddable":true,"href":"https:\/\/www.meettheredbaron.com\/de\/wp-json\/wp\/v2\/source-language?post=12616"},{"taxonomy":"source-id-tax","embeddable":true,"href":"https:\/\/www.meettheredbaron.com\/de\/wp-json\/wp\/v2\/source-id-tax?post=12616"}],"curies":[{"name":"wp","href":"https:\/\/api.w.org\/{rel}","templated":true}]}}

<p>&#8222;Ein Mitglied der Staffel von Leutnant Weiss, Leutnant d. Res Richard Weinzl, erinnerte sich später:</p>



<p>Über den Linien griffen wir sieben Sopwith Camels mit roten Nasen an. Die Anti-Richthofen-Leute! Wir gingen durch die Bewegungen &#8230; aber aufgrund des ziemlich starken Ostwinds drifteten wir immer weiter über die andere Seite. Daher brach Weiss den Kampf ab und wir flogen zurück über die Frontlinien. Da sah ich plötzlich, dass eine unserer Maschinen in Schwierigkeiten war. Später erzählte mir jemand, dass es sich sicher um Wölffchen gehandelt habe. In der Luft glaubte ich, Richthofens Maschine erkannt zu haben. Eine nach der anderen kehrten die anderen Maschinen zurück. Wir landeten, alle waren da, nur Richthofen fehlte &#8230;</p>



<p>Jetzt sprach ich meine Befürchtung aus. Ich hatte das unangenehme Gefühl, dass Richthofen etwas zugestoßen war. Als ich zurückflog, östlich von Corbie, hatte ich auf der anderen Seite der Linien eine kleine Maschine am Boden gesehen, die zuvor nicht dort gewesen war. Diese Maschine schien rot zu sein. Da ich die Position kannte, bat mich Hptmn Reinhard, mit einigen Kameraden eine Erkundung durchzuführen. Ich startete mit Karjus und von Richthofen&#8230;&#8220;</p>

"Ein Mitglied der Staffel von Leutnant Weiss, Leutnant d. Res Richard Weinzl, erinnerte sich später:

Über den Linien griffen wir sieben Sopwith Camels mit roten Nasen an. Die Anti-Richthofen-Leute! Wir gingen durch die Bewegungen ... aber aufgrund des ziemlich starken Ostwinds drifteten wir immer weiter über die andere Seite. Daher brach Weiss den Kampf ab und wir flogen zurück über die Frontlinien. Da sah ich plötzlich, dass eine unserer Maschinen in Schwierigkeiten war. Später erzählte mir jemand, dass es sich sicher um Wölffchen gehandelt habe. In der Luft glaubte ich, Richthofens Maschine erkannt zu haben. Eine nach der anderen kehrten die anderen Maschinen zurück. Wir landeten, alle waren da, nur Richthofen fehlte ...

Jetzt sprach ich meine Befürchtung aus. Ich hatte das unangenehme Gefühl, dass Richthofen etwas zugestoßen war. Als ich zurückflog, östlich von Corbie, hatte ich auf der anderen Seite der Linien eine kleine Maschine am Boden gesehen, die zuvor nicht dort gewesen war. Diese Maschine schien rot zu sein. Da ich die Position kannte, bat mich Hptmn Reinhard, mit einigen Kameraden eine Erkundung durchzuführen. Ich startete mit Karjus und von Richthofen..."
