{"id":12448,"date":"2023-04-20T10:14:15","date_gmt":"2023-04-20T09:14:15","guid":{"rendered":"https:\/\/www.meettheredbaron.com\/event\/auf-die-nase-gefallen\/"},"modified":"2025-06-29T11:12:19","modified_gmt":"2025-06-29T10:12:19","slug":"auf-die-nase-gefallen","status":"publish","type":"event","link":"https:\/\/www.meettheredbaron.com\/de\/event\/auf-die-nase-gefallen\/","title":{"rendered":"Auf die Nase gefallen"},"content":{"rendered":"\n<p>&#8222;Liebe Mama!<\/p>\n\n\n\n<p>Vor einigen Tagen bin ich mit meinem Fokker auf die Nase gefallen. Die Zuschauer waren nicht wenig erstaunt, wie ich nach einer ganzen Weile g\u00e4nzlich unbesch\u00e4digt aus dem Tr\u00fcmmerhaufen hervorgekrochen kam. Meinem guten Freund Zeumer geht es jetzt schon etwas besser.&nbsp; Erst wird er von den Franzosen abgeschossen und bekommt nur einige leichte Streifsch\u00fcsse, drei Tage darauf bricht er sich bei einer ganz dummen Geschichte den Oberschenkel. Ich trage mich mit dem Gedanken, zu Boelcke zu gehen und sein Sch\u00fcler zu werden. Ich brauche eben immer<br>Abwechslung. Das w\u00e4re wieder einmal was Neues und keine Verschlechterung f\u00fcr mich.&#8220;<\/p>\n","protected":false},"comment_status":"open","ping_status":"closed","template":"","event-type":[251],"source-language":[260],"source-id-tax":[305],"class_list":["post-12448","event","type-event","status-publish","hentry","event-type-mvr-correspondance-de","source-language-deutsch-de","source-id-tax-ein-heldenleben-1920-de","entry","no-media"],"yoast_head":"<!-- This site is optimized with the Yoast SEO plugin v26.7 - https:\/\/yoast.com\/wordpress\/plugins\/seo\/ -->\n<title>Auf die Nase gefallen - Meet The Red Baron<\/title>\n<meta name=\"description\" content=\"Auf die Nase gefallen. Vor einigen Tagen bin ich mit meinem Fokker auf die Nase gefallen. Die Zuschauer waren nicht wenig erstaunt...\" \/>\n<meta name=\"robots\" content=\"index, follow, max-snippet:-1, max-image-preview:large, max-video-preview:-1\" \/>\n<link rel=\"canonical\" href=\"https:\/\/www.meettheredbaron.com\/de\/event\/auf-die-nase-gefallen\/\" \/>\n<meta property=\"og:locale\" content=\"de_DE\" \/>\n<meta property=\"og:type\" content=\"article\" \/>\n<meta property=\"og:title\" content=\"Auf die Nase gefallen - Meet The Red Baron\" \/>\n<meta property=\"og:description\" content=\"Auf die Nase gefallen. Vor einigen Tagen bin ich mit meinem Fokker auf die Nase gefallen. Die Zuschauer waren nicht wenig erstaunt...\" \/>\n<meta property=\"og:url\" content=\"https:\/\/www.meettheredbaron.com\/de\/event\/auf-die-nase-gefallen\/\" \/>\n<meta property=\"og:site_name\" content=\"Meet The Red Baron\" \/>\n<meta property=\"article:modified_time\" content=\"2025-06-29T10:12:19+00:00\" \/>\n<script type=\"application\/ld+json\" class=\"yoast-schema-graph\">{\"@context\":\"https:\/\/schema.org\",\"@graph\":[{\"@type\":\"WebPage\",\"@id\":\"https:\/\/www.meettheredbaron.com\/de\/event\/auf-die-nase-gefallen\/\",\"url\":\"https:\/\/www.meettheredbaron.com\/de\/event\/auf-die-nase-gefallen\/\",\"name\":\"Auf die Nase gefallen - Meet The Red Baron\",\"isPartOf\":{\"@id\":\"https:\/\/www.meettheredbaron.com\/de\/#website\"},\"datePublished\":\"2023-04-20T09:14:15+00:00\",\"dateModified\":\"2025-06-29T10:12:19+00:00\",\"description\":\"Auf die Nase gefallen. Vor einigen Tagen bin ich mit meinem Fokker auf die Nase gefallen. Die Zuschauer waren nicht wenig erstaunt...\",\"breadcrumb\":{\"@id\":\"https:\/\/www.meettheredbaron.com\/de\/event\/auf-die-nase-gefallen\/#breadcrumb\"},\"inLanguage\":\"de\",\"potentialAction\":[{\"@type\":\"ReadAction\",\"target\":[\"https:\/\/www.meettheredbaron.com\/de\/event\/auf-die-nase-gefallen\/\"]}]},{\"@type\":\"BreadcrumbList\",\"@id\":\"https:\/\/www.meettheredbaron.com\/de\/event\/auf-die-nase-gefallen\/#breadcrumb\",\"itemListElement\":[{\"@type\":\"ListItem\",\"position\":1,\"name\":\"Home\",\"item\":\"https:\/\/www.meettheredbaron.com\/de\/\"},{\"@type\":\"ListItem\",\"position\":2,\"name\":\"Events\",\"item\":\"https:\/\/www.meettheredbaron.com\/de\/event\/\"},{\"@type\":\"ListItem\",\"position\":3,\"name\":\"Auf die Nase gefallen\"}]},{\"@type\":\"WebSite\",\"@id\":\"https:\/\/www.meettheredbaron.com\/de\/#website\",\"url\":\"https:\/\/www.meettheredbaron.com\/de\/\",\"name\":\"Meet The Red Baron\",\"description\":\"The life and death of Manfred von Richthofen.\",\"publisher\":{\"@id\":\"https:\/\/www.meettheredbaron.com\/de\/#\/schema\/person\/fd320c77882d0d84e4b88ef15120767f\"},\"potentialAction\":[{\"@type\":\"SearchAction\",\"target\":{\"@type\":\"EntryPoint\",\"urlTemplate\":\"https:\/\/www.meettheredbaron.com\/de\/?s={search_term_string}\"},\"query-input\":{\"@type\":\"PropertyValueSpecification\",\"valueRequired\":true,\"valueName\":\"search_term_string\"}}],\"inLanguage\":\"de\"},{\"@type\":[\"Person\",\"Organization\"],\"@id\":\"https:\/\/www.meettheredbaron.com\/de\/#\/schema\/person\/fd320c77882d0d84e4b88ef15120767f\",\"name\":\"heinpoblome\",\"image\":{\"@type\":\"ImageObject\",\"inLanguage\":\"de\",\"@id\":\"https:\/\/www.meettheredbaron.com\/de\/#\/schema\/person\/image\/\",\"url\":\"https:\/\/www.meettheredbaron.com\/wp-content\/uploads\/2021\/12\/266-scaled.jpg\",\"contentUrl\":\"https:\/\/www.meettheredbaron.com\/wp-content\/uploads\/2021\/12\/266-scaled.jpg\",\"width\":1850,\"height\":2560,\"caption\":\"heinpoblome\"},\"logo\":{\"@id\":\"https:\/\/www.meettheredbaron.com\/de\/#\/schema\/person\/image\/\"},\"sameAs\":[\"http:\/\/www.meettheredbaron.com\"]}]}<\/script>\n<!-- \/ Yoast SEO plugin. -->","yoast_head_json":{"title":"Auf die Nase gefallen - Meet The Red Baron","description":"Auf die Nase gefallen. Vor einigen Tagen bin ich mit meinem Fokker auf die Nase gefallen. Die Zuschauer waren nicht wenig erstaunt...","robots":{"index":"index","follow":"follow","max-snippet":"max-snippet:-1","max-image-preview":"max-image-preview:large","max-video-preview":"max-video-preview:-1"},"canonical":"https:\/\/www.meettheredbaron.com\/de\/event\/auf-die-nase-gefallen\/","og_locale":"de_DE","og_type":"article","og_title":"Auf die Nase gefallen - Meet The Red Baron","og_description":"Auf die Nase gefallen. Vor einigen Tagen bin ich mit meinem Fokker auf die Nase gefallen. Die Zuschauer waren nicht wenig erstaunt...","og_url":"https:\/\/www.meettheredbaron.com\/de\/event\/auf-die-nase-gefallen\/","og_site_name":"Meet The Red Baron","article_modified_time":"2025-06-29T10:12:19+00:00","schema":{"@context":"https:\/\/schema.org","@graph":[{"@type":"WebPage","@id":"https:\/\/www.meettheredbaron.com\/de\/event\/auf-die-nase-gefallen\/","url":"https:\/\/www.meettheredbaron.com\/de\/event\/auf-die-nase-gefallen\/","name":"Auf die Nase gefallen - Meet The Red Baron","isPartOf":{"@id":"https:\/\/www.meettheredbaron.com\/de\/#website"},"datePublished":"2023-04-20T09:14:15+00:00","dateModified":"2025-06-29T10:12:19+00:00","description":"Auf die Nase gefallen. Vor einigen Tagen bin ich mit meinem Fokker auf die Nase gefallen. Die Zuschauer waren nicht wenig erstaunt...","breadcrumb":{"@id":"https:\/\/www.meettheredbaron.com\/de\/event\/auf-die-nase-gefallen\/#breadcrumb"},"inLanguage":"de","potentialAction":[{"@type":"ReadAction","target":["https:\/\/www.meettheredbaron.com\/de\/event\/auf-die-nase-gefallen\/"]}]},{"@type":"BreadcrumbList","@id":"https:\/\/www.meettheredbaron.com\/de\/event\/auf-die-nase-gefallen\/#breadcrumb","itemListElement":[{"@type":"ListItem","position":1,"name":"Home","item":"https:\/\/www.meettheredbaron.com\/de\/"},{"@type":"ListItem","position":2,"name":"Events","item":"https:\/\/www.meettheredbaron.com\/de\/event\/"},{"@type":"ListItem","position":3,"name":"Auf die Nase gefallen"}]},{"@type":"WebSite","@id":"https:\/\/www.meettheredbaron.com\/de\/#website","url":"https:\/\/www.meettheredbaron.com\/de\/","name":"Meet The Red Baron","description":"The life and death of Manfred von Richthofen.","publisher":{"@id":"https:\/\/www.meettheredbaron.com\/de\/#\/schema\/person\/fd320c77882d0d84e4b88ef15120767f"},"potentialAction":[{"@type":"SearchAction","target":{"@type":"EntryPoint","urlTemplate":"https:\/\/www.meettheredbaron.com\/de\/?s={search_term_string}"},"query-input":{"@type":"PropertyValueSpecification","valueRequired":true,"valueName":"search_term_string"}}],"inLanguage":"de"},{"@type":["Person","Organization"],"@id":"https:\/\/www.meettheredbaron.com\/de\/#\/schema\/person\/fd320c77882d0d84e4b88ef15120767f","name":"heinpoblome","image":{"@type":"ImageObject","inLanguage":"de","@id":"https:\/\/www.meettheredbaron.com\/de\/#\/schema\/person\/image\/","url":"https:\/\/www.meettheredbaron.com\/wp-content\/uploads\/2021\/12\/266-scaled.jpg","contentUrl":"https:\/\/www.meettheredbaron.com\/wp-content\/uploads\/2021\/12\/266-scaled.jpg","width":1850,"height":2560,"caption":"heinpoblome"},"logo":{"@id":"https:\/\/www.meettheredbaron.com\/de\/#\/schema\/person\/image\/"},"sameAs":["http:\/\/www.meettheredbaron.com"]}]}},"toolset-meta":{"field-group-for-events-2":[],"field-group-for-events":{"date":{"type":"date","raw":"-1687996800","formatted":"07\/06\/1916 00:00"},"date-as-a-string":{"type":"textfield","raw":"07\/06\/1916"},"date-description":{"type":"textfield","raw":""},"geolocation":{"type":"google_address","raw":"49.38573879451276, 5.754520291625046"},"location-description":{"type":"textfield","raw":"Mercy Le Bas"},"town-name":{"type":"textfield","raw":"Sandres"},"historical-town-name":{"type":"textfield","raw":""},"event-id":{"type":"numeric","raw":"644"},"event-short":{"type":"textfield","raw":"Auf die Nase gefallen"},"event-description":{"type":"wysiwyg","raw":"\"Liebe Mama!\r\n\r\nVor einigen Tagen bin ich mit meinem Fokker auf die Nase gefallen. Die Zuschauer waren nicht wenig erstaunt, wie ich nach einer ganzen Weile g\u00e4nzlich unbesch\u00e4digt aus dem Tr\u00fcmmerhaufen hervorgekrochen kam. Meinem guten Freund Zeumer geht es jetzt schon etwas besser.\u00a0 Erst wird er von den Franzosen abgeschossen und bekommt nur einige leichte Streifsch\u00fcsse, drei Tage darauf bricht er sich bei einer ganz dummen Geschichte den Oberschenkel. Ich trage mich mit dem Gedanken, zu Boelcke zu gehen und sein Sch\u00fcler zu werden. Ich brauche eben immer\r\nAbwechslung. Das w\u00e4re wieder einmal was Neues und keine Verschlechterung f\u00fcr mich.\""},"event-type-id":{"type":"numeric","raw":"7"},"source-id":{"type":"numeric","raw":"55"},"source-long-in-event":{"type":"textfield","raw":"Ein Heldenleben, Ullstein & Co, 1920"},"pagenumber":{"type":"textfield","raw":"192"},"airplane-id":{"type":"textfield","raw":"0"},"combat-id":{"type":"textfield","raw":"0"},"event-type":{"type":"select","raw":"7"},"source-language":{"type":"select","raw":"2"},"picture":{"type":"image","raw":[""],"repeatable":[{"raw":""}]}}},"_links":{"self":[{"href":"https:\/\/www.meettheredbaron.com\/de\/wp-json\/wp\/v2\/event\/12448","targetHints":{"allow":["GET"]}}],"collection":[{"href":"https:\/\/www.meettheredbaron.com\/de\/wp-json\/wp\/v2\/event"}],"about":[{"href":"https:\/\/www.meettheredbaron.com\/de\/wp-json\/wp\/v2\/types\/event"}],"replies":[{"embeddable":true,"href":"https:\/\/www.meettheredbaron.com\/de\/wp-json\/wp\/v2\/comments?post=12448"}],"wp:attachment":[{"href":"https:\/\/www.meettheredbaron.com\/de\/wp-json\/wp\/v2\/media?parent=12448"}],"wp:term":[{"taxonomy":"event-type","embeddable":true,"href":"https:\/\/www.meettheredbaron.com\/de\/wp-json\/wp\/v2\/event-type?post=12448"},{"taxonomy":"source-language","embeddable":true,"href":"https:\/\/www.meettheredbaron.com\/de\/wp-json\/wp\/v2\/source-language?post=12448"},{"taxonomy":"source-id-tax","embeddable":true,"href":"https:\/\/www.meettheredbaron.com\/de\/wp-json\/wp\/v2\/source-id-tax?post=12448"}],"curies":[{"name":"wp","href":"https:\/\/api.w.org\/{rel}","templated":true}]}}

<p>&#8222;Liebe Mama!</p>



<p>Vor einigen Tagen bin ich mit meinem Fokker auf die Nase gefallen. Die Zuschauer waren nicht wenig erstaunt, wie ich nach einer ganzen Weile gänzlich unbeschädigt aus dem Trümmerhaufen hervorgekrochen kam. Meinem guten Freund Zeumer geht es jetzt schon etwas besser.&nbsp; Erst wird er von den Franzosen abgeschossen und bekommt nur einige leichte Streifschüsse, drei Tage darauf bricht er sich bei einer ganz dummen Geschichte den Oberschenkel. Ich trage mich mit dem Gedanken, zu Boelcke zu gehen und sein Schüler zu werden. Ich brauche eben immer<br>Abwechslung. Das wäre wieder einmal was Neues und keine Verschlechterung für mich.&#8220;</p>

"Liebe Mama!

Vor einigen Tagen bin ich mit meinem Fokker auf die Nase gefallen. Die Zuschauer waren nicht wenig erstaunt, wie ich nach einer ganzen Weile gänzlich unbeschädigt aus dem Trümmerhaufen hervorgekrochen kam. Meinem guten Freund Zeumer geht es jetzt schon etwas besser.  Erst wird er von den Franzosen abgeschossen und bekommt nur einige leichte Streifschüsse, drei Tage darauf bricht er sich bei einer ganz dummen Geschichte den Oberschenkel. Ich trage mich mit dem Gedanken, zu Boelcke zu gehen und sein Schüler zu werden. Ich brauche eben immer
Abwechslung. Das wäre wieder einmal was Neues und keine Verschlechterung für mich."
