{"id":12160,"date":"2024-04-30T12:21:13","date_gmt":"2024-04-30T11:21:13","guid":{"rendered":"https:\/\/www.meettheredbaron.com\/event\/mvr-and-kurt-wolff-attend-allmenroders-funeral-service-before-his-transfer-to-wald\/"},"modified":"2024-10-21T13:39:16","modified_gmt":"2024-10-21T12:39:16","slug":"mvr-and-kurt-wolff-attend-allmenroders-funeral-service-before-his-transfer-to-wald","status":"publish","type":"event","link":"https:\/\/www.meettheredbaron.com\/de\/event\/mvr-and-kurt-wolff-attend-allmenroders-funeral-service-before-his-transfer-to-wald\/","title":{"rendered":"MvR und Kurt Wolff nehmen an Allmenr\u00f6ders Trauerfeier vor seiner Versetzung nach Solingen-Wald teil."},"content":{"rendered":"\n<p>Allmenr\u00f6der wurde am 27. Juni 1917 abgeschossen und fiel im Kampf. Bevor Allmenr\u00f6ders Leichnam zu seiner letzten Ruhest\u00e4tte in Solingen-Wald, Deutschland, \u00fcberf\u00fchrt wurde, wurde eine Trauerfeier organisiert.<\/p>\n","protected":false},"comment_status":"open","ping_status":"closed","template":"","event-type":[],"source-language":[],"source-id-tax":[],"class_list":["post-12160","event","type-event","status-publish","hentry","entry","no-media"],"yoast_head":"<!-- This site is optimized with the Yoast SEO plugin v26.7 - https:\/\/yoast.com\/wordpress\/plugins\/seo\/ -->\n<title>MvR und Kurt Wolff nehmen an Allmenr\u00f6ders Trauerfeier vor seiner Versetzung nach Solingen-Wald teil. - Meet The Red Baron<\/title>\n<meta name=\"robots\" content=\"index, follow, max-snippet:-1, max-image-preview:large, max-video-preview:-1\" \/>\n<link rel=\"canonical\" href=\"https:\/\/www.meettheredbaron.com\/de\/event\/mvr-and-kurt-wolff-attend-allmenroders-funeral-service-before-his-transfer-to-wald\/\" \/>\n<meta property=\"og:locale\" content=\"de_DE\" \/>\n<meta property=\"og:type\" content=\"article\" \/>\n<meta property=\"og:title\" content=\"MvR und Kurt Wolff nehmen an Allmenr\u00f6ders Trauerfeier vor seiner Versetzung nach Solingen-Wald teil. - Meet The Red Baron\" \/>\n<meta property=\"og:description\" content=\"Allmenr\u00f6der wurde am 27. Juni 1917 abgeschossen und fiel im Kampf. Bevor Allmenr\u00f6ders Leichnam zu seiner letzten Ruhest\u00e4tte in Solingen-Wald, Deutschland, \u00fcberf\u00fchrt wurde, wurde eine Trauerfeier organisiert.\" \/>\n<meta property=\"og:url\" content=\"https:\/\/www.meettheredbaron.com\/de\/event\/mvr-and-kurt-wolff-attend-allmenroders-funeral-service-before-his-transfer-to-wald\/\" \/>\n<meta property=\"og:site_name\" content=\"Meet The Red Baron\" \/>\n<meta property=\"article:modified_time\" content=\"2024-10-21T12:39:16+00:00\" \/>\n<script type=\"application\/ld+json\" class=\"yoast-schema-graph\">{\"@context\":\"https:\/\/schema.org\",\"@graph\":[{\"@type\":\"WebPage\",\"@id\":\"https:\/\/www.meettheredbaron.com\/de\/event\/mvr-and-kurt-wolff-attend-allmenroders-funeral-service-before-his-transfer-to-wald\/\",\"url\":\"https:\/\/www.meettheredbaron.com\/de\/event\/mvr-and-kurt-wolff-attend-allmenroders-funeral-service-before-his-transfer-to-wald\/\",\"name\":\"MvR und Kurt Wolff nehmen an Allmenr\u00f6ders Trauerfeier vor seiner Versetzung nach Solingen-Wald teil. - Meet The Red Baron\",\"isPartOf\":{\"@id\":\"https:\/\/www.meettheredbaron.com\/de\/#website\"},\"datePublished\":\"2024-04-30T11:21:13+00:00\",\"dateModified\":\"2024-10-21T12:39:16+00:00\",\"breadcrumb\":{\"@id\":\"https:\/\/www.meettheredbaron.com\/de\/event\/mvr-and-kurt-wolff-attend-allmenroders-funeral-service-before-his-transfer-to-wald\/#breadcrumb\"},\"inLanguage\":\"de\",\"potentialAction\":[{\"@type\":\"ReadAction\",\"target\":[\"https:\/\/www.meettheredbaron.com\/de\/event\/mvr-and-kurt-wolff-attend-allmenroders-funeral-service-before-his-transfer-to-wald\/\"]}]},{\"@type\":\"BreadcrumbList\",\"@id\":\"https:\/\/www.meettheredbaron.com\/de\/event\/mvr-and-kurt-wolff-attend-allmenroders-funeral-service-before-his-transfer-to-wald\/#breadcrumb\",\"itemListElement\":[{\"@type\":\"ListItem\",\"position\":1,\"name\":\"Home\",\"item\":\"https:\/\/www.meettheredbaron.com\/de\/\"},{\"@type\":\"ListItem\",\"position\":2,\"name\":\"Events\",\"item\":\"https:\/\/www.meettheredbaron.com\/de\/event\/\"},{\"@type\":\"ListItem\",\"position\":3,\"name\":\"MvR und Kurt Wolff nehmen an Allmenr\u00f6ders Trauerfeier vor seiner Versetzung nach Solingen-Wald teil.\"}]},{\"@type\":\"WebSite\",\"@id\":\"https:\/\/www.meettheredbaron.com\/de\/#website\",\"url\":\"https:\/\/www.meettheredbaron.com\/de\/\",\"name\":\"Meet The Red Baron\",\"description\":\"The life and death of Manfred von Richthofen.\",\"publisher\":{\"@id\":\"https:\/\/www.meettheredbaron.com\/de\/#\/schema\/person\/fd320c77882d0d84e4b88ef15120767f\"},\"potentialAction\":[{\"@type\":\"SearchAction\",\"target\":{\"@type\":\"EntryPoint\",\"urlTemplate\":\"https:\/\/www.meettheredbaron.com\/de\/?s={search_term_string}\"},\"query-input\":{\"@type\":\"PropertyValueSpecification\",\"valueRequired\":true,\"valueName\":\"search_term_string\"}}],\"inLanguage\":\"de\"},{\"@type\":[\"Person\",\"Organization\"],\"@id\":\"https:\/\/www.meettheredbaron.com\/de\/#\/schema\/person\/fd320c77882d0d84e4b88ef15120767f\",\"name\":\"heinpoblome\",\"image\":{\"@type\":\"ImageObject\",\"inLanguage\":\"de\",\"@id\":\"https:\/\/www.meettheredbaron.com\/de\/#\/schema\/person\/image\/\",\"url\":\"https:\/\/www.meettheredbaron.com\/wp-content\/uploads\/2021\/12\/266-scaled.jpg\",\"contentUrl\":\"https:\/\/www.meettheredbaron.com\/wp-content\/uploads\/2021\/12\/266-scaled.jpg\",\"width\":1850,\"height\":2560,\"caption\":\"heinpoblome\"},\"logo\":{\"@id\":\"https:\/\/www.meettheredbaron.com\/de\/#\/schema\/person\/image\/\"},\"sameAs\":[\"http:\/\/www.meettheredbaron.com\"]}]}<\/script>\n<!-- \/ Yoast SEO plugin. -->","yoast_head_json":{"title":"MvR und Kurt Wolff nehmen an Allmenr\u00f6ders Trauerfeier vor seiner Versetzung nach Solingen-Wald teil. - Meet The Red Baron","robots":{"index":"index","follow":"follow","max-snippet":"max-snippet:-1","max-image-preview":"max-image-preview:large","max-video-preview":"max-video-preview:-1"},"canonical":"https:\/\/www.meettheredbaron.com\/de\/event\/mvr-and-kurt-wolff-attend-allmenroders-funeral-service-before-his-transfer-to-wald\/","og_locale":"de_DE","og_type":"article","og_title":"MvR und Kurt Wolff nehmen an Allmenr\u00f6ders Trauerfeier vor seiner Versetzung nach Solingen-Wald teil. - Meet The Red Baron","og_description":"Allmenr\u00f6der wurde am 27. Juni 1917 abgeschossen und fiel im Kampf. Bevor Allmenr\u00f6ders Leichnam zu seiner letzten Ruhest\u00e4tte in Solingen-Wald, Deutschland, \u00fcberf\u00fchrt wurde, wurde eine Trauerfeier organisiert.","og_url":"https:\/\/www.meettheredbaron.com\/de\/event\/mvr-and-kurt-wolff-attend-allmenroders-funeral-service-before-his-transfer-to-wald\/","og_site_name":"Meet The Red Baron","article_modified_time":"2024-10-21T12:39:16+00:00","schema":{"@context":"https:\/\/schema.org","@graph":[{"@type":"WebPage","@id":"https:\/\/www.meettheredbaron.com\/de\/event\/mvr-and-kurt-wolff-attend-allmenroders-funeral-service-before-his-transfer-to-wald\/","url":"https:\/\/www.meettheredbaron.com\/de\/event\/mvr-and-kurt-wolff-attend-allmenroders-funeral-service-before-his-transfer-to-wald\/","name":"MvR und Kurt Wolff nehmen an Allmenr\u00f6ders Trauerfeier vor seiner Versetzung nach Solingen-Wald teil. - Meet The Red Baron","isPartOf":{"@id":"https:\/\/www.meettheredbaron.com\/de\/#website"},"datePublished":"2024-04-30T11:21:13+00:00","dateModified":"2024-10-21T12:39:16+00:00","breadcrumb":{"@id":"https:\/\/www.meettheredbaron.com\/de\/event\/mvr-and-kurt-wolff-attend-allmenroders-funeral-service-before-his-transfer-to-wald\/#breadcrumb"},"inLanguage":"de","potentialAction":[{"@type":"ReadAction","target":["https:\/\/www.meettheredbaron.com\/de\/event\/mvr-and-kurt-wolff-attend-allmenroders-funeral-service-before-his-transfer-to-wald\/"]}]},{"@type":"BreadcrumbList","@id":"https:\/\/www.meettheredbaron.com\/de\/event\/mvr-and-kurt-wolff-attend-allmenroders-funeral-service-before-his-transfer-to-wald\/#breadcrumb","itemListElement":[{"@type":"ListItem","position":1,"name":"Home","item":"https:\/\/www.meettheredbaron.com\/de\/"},{"@type":"ListItem","position":2,"name":"Events","item":"https:\/\/www.meettheredbaron.com\/de\/event\/"},{"@type":"ListItem","position":3,"name":"MvR und Kurt Wolff nehmen an Allmenr\u00f6ders Trauerfeier vor seiner Versetzung nach Solingen-Wald teil."}]},{"@type":"WebSite","@id":"https:\/\/www.meettheredbaron.com\/de\/#website","url":"https:\/\/www.meettheredbaron.com\/de\/","name":"Meet The Red Baron","description":"The life and death of Manfred von Richthofen.","publisher":{"@id":"https:\/\/www.meettheredbaron.com\/de\/#\/schema\/person\/fd320c77882d0d84e4b88ef15120767f"},"potentialAction":[{"@type":"SearchAction","target":{"@type":"EntryPoint","urlTemplate":"https:\/\/www.meettheredbaron.com\/de\/?s={search_term_string}"},"query-input":{"@type":"PropertyValueSpecification","valueRequired":true,"valueName":"search_term_string"}}],"inLanguage":"de"},{"@type":["Person","Organization"],"@id":"https:\/\/www.meettheredbaron.com\/de\/#\/schema\/person\/fd320c77882d0d84e4b88ef15120767f","name":"heinpoblome","image":{"@type":"ImageObject","inLanguage":"de","@id":"https:\/\/www.meettheredbaron.com\/de\/#\/schema\/person\/image\/","url":"https:\/\/www.meettheredbaron.com\/wp-content\/uploads\/2021\/12\/266-scaled.jpg","contentUrl":"https:\/\/www.meettheredbaron.com\/wp-content\/uploads\/2021\/12\/266-scaled.jpg","width":1850,"height":2560,"caption":"heinpoblome"},"logo":{"@id":"https:\/\/www.meettheredbaron.com\/de\/#\/schema\/person\/image\/"},"sameAs":["http:\/\/www.meettheredbaron.com"]}]}},"toolset-meta":{"field-group-for-events-2":[],"field-group-for-events":{"date":{"type":"date","raw":"-1656892800","formatted":"07\/01\/1917 00:00"},"date-as-a-string":{"type":"textfield","raw":"07\/01\/1917"},"date-description":{"type":"textfield","raw":""},"geolocation":{"type":"google_address","raw":""},"location-description":{"type":"textfield","raw":"Saint-Joseph's Church of the Carmelites Brothers"},"town-name":{"type":"textfield","raw":"Kortrijk"},"historical-town-name":{"type":"textfield","raw":""},"event-id":{"type":"numeric","raw":"739"},"event-short":{"type":"textfield","raw":"MvR und Kurt Wolff nehmen an Allmenr\u00f6ders Trauerfeier vor seiner Versetzung nach Solingen-Wald teil."},"event-description":{"type":"wysiwyg","raw":"Allmenr\u00f6der wurde am 27. Juni 1917 abgeschossen und fiel im Kampf. Bevor Allmenr\u00f6ders Leichnam zu seiner letzten Ruhest\u00e4tte in Solingen-Wald, Deutschland, \u00fcberf\u00fchrt wurde, wurde eine Trauerfeier organisiert."},"event-type-id":{"type":"numeric","raw":"2"},"source-id":{"type":"numeric","raw":"65"},"source-long-in-event":{"type":"textfield","raw":"Provinciaal Archief Karmelieten Gent (Belgi\u00eb)"},"pagenumber":{"type":"textfield","raw":""},"airplane-id":{"type":"textfield","raw":"0"},"combat-id":{"type":"textfield","raw":"0"},"event-type":{"type":"select","raw":"2"},"source-language":{"type":"select","raw":"1"},"picture":{"type":"image","raw":["https:\/\/www.meettheredbaron.com\/wp-content\/uploads\/2024\/04\/509.jpg","https:\/\/www.meettheredbaron.com\/wp-content\/uploads\/2024\/04\/510.jpg","https:\/\/www.meettheredbaron.com\/wp-content\/uploads\/2024\/04\/511.jpg"],"repeatable":[{"raw":"https:\/\/www.meettheredbaron.com\/wp-content\/uploads\/2024\/04\/509.jpg","attachment_id":10278},{"raw":"https:\/\/www.meettheredbaron.com\/wp-content\/uploads\/2024\/04\/510.jpg","attachment_id":10281},{"raw":"https:\/\/www.meettheredbaron.com\/wp-content\/uploads\/2024\/04\/511.jpg","attachment_id":10284}]}}},"_links":{"self":[{"href":"https:\/\/www.meettheredbaron.com\/de\/wp-json\/wp\/v2\/event\/12160","targetHints":{"allow":["GET"]}}],"collection":[{"href":"https:\/\/www.meettheredbaron.com\/de\/wp-json\/wp\/v2\/event"}],"about":[{"href":"https:\/\/www.meettheredbaron.com\/de\/wp-json\/wp\/v2\/types\/event"}],"replies":[{"embeddable":true,"href":"https:\/\/www.meettheredbaron.com\/de\/wp-json\/wp\/v2\/comments?post=12160"}],"wp:attachment":[{"href":"https:\/\/www.meettheredbaron.com\/de\/wp-json\/wp\/v2\/media?parent=12160"}],"wp:term":[{"taxonomy":"event-type","embeddable":true,"href":"https:\/\/www.meettheredbaron.com\/de\/wp-json\/wp\/v2\/event-type?post=12160"},{"taxonomy":"source-language","embeddable":true,"href":"https:\/\/www.meettheredbaron.com\/de\/wp-json\/wp\/v2\/source-language?post=12160"},{"taxonomy":"source-id-tax","embeddable":true,"href":"https:\/\/www.meettheredbaron.com\/de\/wp-json\/wp\/v2\/source-id-tax?post=12160"}],"curies":[{"name":"wp","href":"https:\/\/api.w.org\/{rel}","templated":true}]}}

MvR und Kurt Wolff nehmen an Allmenröders Trauerfeier vor seiner Versetzung nach Solingen-Wald teil.

<p>Allmenröder wurde am 27. Juni 1917 abgeschossen und fiel im Kampf. Bevor Allmenröders Leichnam zu seiner letzten Ruhestätte in Solingen-Wald, Deutschland, überführt wurde, wurde eine Trauerfeier organisiert.</p>

<!-- This site is optimized with the Yoast SEO plugin v26.7 - https://yoast.com/wordpress/plugins/seo/ -->
<title>MvR und Kurt Wolff nehmen an Allmenröders Trauerfeier vor seiner Versetzung nach Solingen-Wald teil. - Meet The Red Baron</title>
<meta name="robots" content="index, follow, max-snippet:-1, max-image-preview:large, max-video-preview:-1" />
<link rel="canonical" href="https://www.meettheredbaron.com/de/event/mvr-and-kurt-wolff-attend-allmenroders-funeral-service-before-his-transfer-to-wald/" />
<meta property="og:locale" content="de_DE" />
<meta property="og:type" content="article" />
<meta property="og:title" content="MvR und Kurt Wolff nehmen an Allmenröders Trauerfeier vor seiner Versetzung nach Solingen-Wald teil. - Meet The Red Baron" />
<meta property="og:description" content="Allmenröder wurde am 27. Juni 1917 abgeschossen und fiel im Kampf. Bevor Allmenröders Leichnam zu seiner letzten Ruhestätte in Solingen-Wald, Deutschland, überführt wurde, wurde eine Trauerfeier organisiert." />
<meta property="og:url" content="https://www.meettheredbaron.com/de/event/mvr-and-kurt-wolff-attend-allmenroders-funeral-service-before-his-transfer-to-wald/" />
<meta property="og:site_name" content="Meet The Red Baron" />
<meta property="article:modified_time" content="2024-10-21T12:39:16+00:00" />
<script type="application/ld+json" class="yoast-schema-graph">{"@context":"https://schema.org","@graph":[{"@type":"WebPage","@id":"https://www.meettheredbaron.com/de/event/mvr-and-kurt-wolff-attend-allmenroders-funeral-service-before-his-transfer-to-wald/","url":"https://www.meettheredbaron.com/de/event/mvr-and-kurt-wolff-attend-allmenroders-funeral-service-before-his-transfer-to-wald/","name":"MvR und Kurt Wolff nehmen an Allmenröders Trauerfeier vor seiner Versetzung nach Solingen-Wald teil. - Meet The Red Baron","isPartOf":{"@id":"https://www.meettheredbaron.com/de/#website"},"datePublished":"2024-04-30T11:21:13+00:00","dateModified":"2024-10-21T12:39:16+00:00","breadcrumb":{"@id":"https://www.meettheredbaron.com/de/event/mvr-and-kurt-wolff-attend-allmenroders-funeral-service-before-his-transfer-to-wald/#breadcrumb"},"inLanguage":"de","potentialAction":[{"@type":"ReadAction","target":["https://www.meettheredbaron.com/de/event/mvr-and-kurt-wolff-attend-allmenroders-funeral-service-before-his-transfer-to-wald/"]}]},{"@type":"BreadcrumbList","@id":"https://www.meettheredbaron.com/de/event/mvr-and-kurt-wolff-attend-allmenroders-funeral-service-before-his-transfer-to-wald/#breadcrumb","itemListElement":[{"@type":"ListItem","position":1,"name":"Home","item":"https://www.meettheredbaron.com/de/"},{"@type":"ListItem","position":2,"name":"Events","item":"https://www.meettheredbaron.com/de/event/"},{"@type":"ListItem","position":3,"name":"MvR und Kurt Wolff nehmen an Allmenröders Trauerfeier vor seiner Versetzung nach Solingen-Wald teil."}]},{"@type":"WebSite","@id":"https://www.meettheredbaron.com/de/#website","url":"https://www.meettheredbaron.com/de/","name":"Meet The Red Baron","description":"The life and death of Manfred von Richthofen.","publisher":{"@id":"https://www.meettheredbaron.com/de/#/schema/person/fd320c77882d0d84e4b88ef15120767f"},"potentialAction":[{"@type":"SearchAction","target":{"@type":"EntryPoint","urlTemplate":"https://www.meettheredbaron.com/de/?s={search_term_string}"},"query-input":{"@type":"PropertyValueSpecification","valueRequired":true,"valueName":"search_term_string"}}],"inLanguage":"de"},{"@type":["Person","Organization"],"@id":"https://www.meettheredbaron.com/de/#/schema/person/fd320c77882d0d84e4b88ef15120767f","name":"heinpoblome","image":{"@type":"ImageObject","inLanguage":"de","@id":"https://www.meettheredbaron.com/de/#/schema/person/image/","url":"https://www.meettheredbaron.com/wp-content/uploads/2021/12/266-scaled.jpg","contentUrl":"https://www.meettheredbaron.com/wp-content/uploads/2021/12/266-scaled.jpg","width":1850,"height":2560,"caption":"heinpoblome"},"logo":{"@id":"https://www.meettheredbaron.com/de/#/schema/person/image/"},"sameAs":["http://www.meettheredbaron.com"]}]}</script>
<!-- / Yoast SEO plugin. -->

MvR und Kurt Wolff nehmen an Allmenröders Trauerfeier vor seiner Versetzung nach Solingen-Wald teil. - Meet The Red Baron

Allmenröder wurde am 27. Juni 1917 abgeschossen und fiel im Kampf. Bevor Allmenröders Leichnam zu seiner letzten Ruhestätte in Solingen-Wald, Deutschland, überführt wurde, wurde eine Trauerfeier organisiert.

Provinciaal Archief Karmelieten Gent (België)
