{"id":12106,"date":"2024-07-19T11:53:02","date_gmt":"2024-07-19T10:53:02","guid":{"rendered":"https:\/\/www.meettheredbaron.com\/event\/wusthoff-relieved-of-jasta-4-command\/"},"modified":"2024-10-20T09:36:07","modified_gmt":"2024-10-20T08:36:07","slug":"wusthoff-relieved-of-jasta-4-command","status":"publish","type":"event","link":"https:\/\/www.meettheredbaron.com\/de\/event\/wusthoff-relieved-of-jasta-4-command\/","title":{"rendered":"Abl\u00f6sung W\u00fcsthoffs vom Jasta-4-Kommando"},"content":{"rendered":"\n<p>\u201eAm folgenden Tag traf Richthofen eine weitere Vorbereitung, als er Leutnant Kurt W\u00fcsthoff vom Kommando der Jasta 4 abl\u00f6ste. W\u00fcsthoff, ein Ass mit 27 Siegen und Tr\u00e4ger des Pour Le M\u00e9rite, wurde in den Stab des Geschwaders versetzt. Seinem Nachfolger, Leutnant Georg von der Osten, zufolge:<\/p>\n\n\n\n<p>\u201eLeutnant W\u00fcsthoff war ein \u00e4u\u00dferst schneidiger und erfolgreicher Jagdflieger. Aus diesem Grund wurde er von Richthofen im Alter von 19 Jahren zum Kommandeur der Jasta 4 ernannt!\u2026 Ich habe geh\u00f6rt, dass sie ihn dort nicht sehr mochten. Er war\u2026 sehr viel j\u00fcnger als alle seine Piloten, und er hatte eine sehr launische Art. Abgesehen davon, dass er ein sehr sympathischer Mann war, meldete er Siege, die er nicht immer kontrollierte. Deshalb hat Richthofen ihn als Staffelf\u00fchrer abgel\u00f6st.\u201c<\/p>\n","protected":false},"comment_status":"open","ping_status":"closed","template":"","event-type":[249],"source-language":[225],"source-id-tax":[365],"class_list":["post-12106","event","type-event","status-publish","hentry","event-type-testimonial-de","source-language-englisch","source-id-tax-the-life-and-death-of-an-ace-de","entry","no-media"],"yoast_head":"<!-- This site is optimized with the Yoast SEO plugin v26.7 - https:\/\/yoast.com\/wordpress\/plugins\/seo\/ -->\n<title>Abl\u00f6sung W\u00fcsthoffs vom Jasta-4-Kommando - Meet The Red Baron<\/title>\n<meta name=\"robots\" content=\"index, follow, max-snippet:-1, max-image-preview:large, max-video-preview:-1\" \/>\n<link rel=\"canonical\" href=\"https:\/\/www.meettheredbaron.com\/de\/event\/wusthoff-relieved-of-jasta-4-command\/\" \/>\n<meta property=\"og:locale\" content=\"de_DE\" \/>\n<meta property=\"og:type\" content=\"article\" \/>\n<meta property=\"og:title\" content=\"Abl\u00f6sung W\u00fcsthoffs vom Jasta-4-Kommando - Meet The Red Baron\" \/>\n<meta property=\"og:description\" content=\"\u201eAm folgenden Tag traf Richthofen eine weitere Vorbereitung, als er Leutnant Kurt W\u00fcsthoff vom Kommando der Jasta 4 abl\u00f6ste. W\u00fcsthoff, ein Ass mit 27 Siegen und Tr\u00e4ger des Pour Le M\u00e9rite, wurde in den Stab des Geschwaders versetzt. Seinem Nachfolger, Leutnant Georg von der Osten, zufolge: \u201eLeutnant W\u00fcsthoff war ein \u00e4u\u00dferst schneidiger und erfolgreicher Jagdflieger.&hellip;\" \/>\n<meta property=\"og:url\" content=\"https:\/\/www.meettheredbaron.com\/de\/event\/wusthoff-relieved-of-jasta-4-command\/\" \/>\n<meta property=\"og:site_name\" content=\"Meet The Red Baron\" \/>\n<meta property=\"article:modified_time\" content=\"2024-10-20T08:36:07+00:00\" \/>\n<script type=\"application\/ld+json\" class=\"yoast-schema-graph\">{\"@context\":\"https:\/\/schema.org\",\"@graph\":[{\"@type\":\"WebPage\",\"@id\":\"https:\/\/www.meettheredbaron.com\/de\/event\/wusthoff-relieved-of-jasta-4-command\/\",\"url\":\"https:\/\/www.meettheredbaron.com\/de\/event\/wusthoff-relieved-of-jasta-4-command\/\",\"name\":\"Abl\u00f6sung W\u00fcsthoffs vom Jasta-4-Kommando - Meet The Red Baron\",\"isPartOf\":{\"@id\":\"https:\/\/www.meettheredbaron.com\/de\/#website\"},\"datePublished\":\"2024-07-19T10:53:02+00:00\",\"dateModified\":\"2024-10-20T08:36:07+00:00\",\"breadcrumb\":{\"@id\":\"https:\/\/www.meettheredbaron.com\/de\/event\/wusthoff-relieved-of-jasta-4-command\/#breadcrumb\"},\"inLanguage\":\"de\",\"potentialAction\":[{\"@type\":\"ReadAction\",\"target\":[\"https:\/\/www.meettheredbaron.com\/de\/event\/wusthoff-relieved-of-jasta-4-command\/\"]}]},{\"@type\":\"BreadcrumbList\",\"@id\":\"https:\/\/www.meettheredbaron.com\/de\/event\/wusthoff-relieved-of-jasta-4-command\/#breadcrumb\",\"itemListElement\":[{\"@type\":\"ListItem\",\"position\":1,\"name\":\"Home\",\"item\":\"https:\/\/www.meettheredbaron.com\/de\/\"},{\"@type\":\"ListItem\",\"position\":2,\"name\":\"Events\",\"item\":\"https:\/\/www.meettheredbaron.com\/de\/event\/\"},{\"@type\":\"ListItem\",\"position\":3,\"name\":\"Abl\u00f6sung W\u00fcsthoffs vom Jasta-4-Kommando\"}]},{\"@type\":\"WebSite\",\"@id\":\"https:\/\/www.meettheredbaron.com\/de\/#website\",\"url\":\"https:\/\/www.meettheredbaron.com\/de\/\",\"name\":\"Meet The Red Baron\",\"description\":\"The life and death of Manfred von Richthofen.\",\"publisher\":{\"@id\":\"https:\/\/www.meettheredbaron.com\/de\/#\/schema\/person\/fd320c77882d0d84e4b88ef15120767f\"},\"potentialAction\":[{\"@type\":\"SearchAction\",\"target\":{\"@type\":\"EntryPoint\",\"urlTemplate\":\"https:\/\/www.meettheredbaron.com\/de\/?s={search_term_string}\"},\"query-input\":{\"@type\":\"PropertyValueSpecification\",\"valueRequired\":true,\"valueName\":\"search_term_string\"}}],\"inLanguage\":\"de\"},{\"@type\":[\"Person\",\"Organization\"],\"@id\":\"https:\/\/www.meettheredbaron.com\/de\/#\/schema\/person\/fd320c77882d0d84e4b88ef15120767f\",\"name\":\"heinpoblome\",\"image\":{\"@type\":\"ImageObject\",\"inLanguage\":\"de\",\"@id\":\"https:\/\/www.meettheredbaron.com\/de\/#\/schema\/person\/image\/\",\"url\":\"https:\/\/www.meettheredbaron.com\/wp-content\/uploads\/2021\/12\/266-scaled.jpg\",\"contentUrl\":\"https:\/\/www.meettheredbaron.com\/wp-content\/uploads\/2021\/12\/266-scaled.jpg\",\"width\":1850,\"height\":2560,\"caption\":\"heinpoblome\"},\"logo\":{\"@id\":\"https:\/\/www.meettheredbaron.com\/de\/#\/schema\/person\/image\/\"},\"sameAs\":[\"http:\/\/www.meettheredbaron.com\"]}]}<\/script>\n<!-- \/ Yoast SEO plugin. -->","yoast_head_json":{"title":"Abl\u00f6sung W\u00fcsthoffs vom Jasta-4-Kommando - Meet The Red Baron","robots":{"index":"index","follow":"follow","max-snippet":"max-snippet:-1","max-image-preview":"max-image-preview:large","max-video-preview":"max-video-preview:-1"},"canonical":"https:\/\/www.meettheredbaron.com\/de\/event\/wusthoff-relieved-of-jasta-4-command\/","og_locale":"de_DE","og_type":"article","og_title":"Abl\u00f6sung W\u00fcsthoffs vom Jasta-4-Kommando - Meet The Red Baron","og_description":"\u201eAm folgenden Tag traf Richthofen eine weitere Vorbereitung, als er Leutnant Kurt W\u00fcsthoff vom Kommando der Jasta 4 abl\u00f6ste. W\u00fcsthoff, ein Ass mit 27 Siegen und Tr\u00e4ger des Pour Le M\u00e9rite, wurde in den Stab des Geschwaders versetzt. Seinem Nachfolger, Leutnant Georg von der Osten, zufolge: \u201eLeutnant W\u00fcsthoff war ein \u00e4u\u00dferst schneidiger und erfolgreicher Jagdflieger.&hellip;","og_url":"https:\/\/www.meettheredbaron.com\/de\/event\/wusthoff-relieved-of-jasta-4-command\/","og_site_name":"Meet The Red Baron","article_modified_time":"2024-10-20T08:36:07+00:00","schema":{"@context":"https:\/\/schema.org","@graph":[{"@type":"WebPage","@id":"https:\/\/www.meettheredbaron.com\/de\/event\/wusthoff-relieved-of-jasta-4-command\/","url":"https:\/\/www.meettheredbaron.com\/de\/event\/wusthoff-relieved-of-jasta-4-command\/","name":"Abl\u00f6sung W\u00fcsthoffs vom Jasta-4-Kommando - Meet The Red Baron","isPartOf":{"@id":"https:\/\/www.meettheredbaron.com\/de\/#website"},"datePublished":"2024-07-19T10:53:02+00:00","dateModified":"2024-10-20T08:36:07+00:00","breadcrumb":{"@id":"https:\/\/www.meettheredbaron.com\/de\/event\/wusthoff-relieved-of-jasta-4-command\/#breadcrumb"},"inLanguage":"de","potentialAction":[{"@type":"ReadAction","target":["https:\/\/www.meettheredbaron.com\/de\/event\/wusthoff-relieved-of-jasta-4-command\/"]}]},{"@type":"BreadcrumbList","@id":"https:\/\/www.meettheredbaron.com\/de\/event\/wusthoff-relieved-of-jasta-4-command\/#breadcrumb","itemListElement":[{"@type":"ListItem","position":1,"name":"Home","item":"https:\/\/www.meettheredbaron.com\/de\/"},{"@type":"ListItem","position":2,"name":"Events","item":"https:\/\/www.meettheredbaron.com\/de\/event\/"},{"@type":"ListItem","position":3,"name":"Abl\u00f6sung W\u00fcsthoffs vom Jasta-4-Kommando"}]},{"@type":"WebSite","@id":"https:\/\/www.meettheredbaron.com\/de\/#website","url":"https:\/\/www.meettheredbaron.com\/de\/","name":"Meet The Red Baron","description":"The life and death of Manfred von Richthofen.","publisher":{"@id":"https:\/\/www.meettheredbaron.com\/de\/#\/schema\/person\/fd320c77882d0d84e4b88ef15120767f"},"potentialAction":[{"@type":"SearchAction","target":{"@type":"EntryPoint","urlTemplate":"https:\/\/www.meettheredbaron.com\/de\/?s={search_term_string}"},"query-input":{"@type":"PropertyValueSpecification","valueRequired":true,"valueName":"search_term_string"}}],"inLanguage":"de"},{"@type":["Person","Organization"],"@id":"https:\/\/www.meettheredbaron.com\/de\/#\/schema\/person\/fd320c77882d0d84e4b88ef15120767f","name":"heinpoblome","image":{"@type":"ImageObject","inLanguage":"de","@id":"https:\/\/www.meettheredbaron.com\/de\/#\/schema\/person\/image\/","url":"https:\/\/www.meettheredbaron.com\/wp-content\/uploads\/2021\/12\/266-scaled.jpg","contentUrl":"https:\/\/www.meettheredbaron.com\/wp-content\/uploads\/2021\/12\/266-scaled.jpg","width":1850,"height":2560,"caption":"heinpoblome"},"logo":{"@id":"https:\/\/www.meettheredbaron.com\/de\/#\/schema\/person\/image\/"},"sameAs":["http:\/\/www.meettheredbaron.com"]}]}},"toolset-meta":{"field-group-for-events-2":[],"field-group-for-events":{"date":{"type":"date","raw":"-1634601600","formatted":"03\/16\/1918 00:00"},"date-as-a-string":{"type":"textfield","raw":"03\/16\/1918"},"date-description":{"type":"textfield","raw":""},"geolocation":{"type":"google_address","raw":"50.25304237994465, 3.3653950382567883"},"location-description":{"type":"textfield","raw":"Avesnes-le-Sec, Cambrai"},"town-name":{"type":"textfield","raw":"Avesnes-le-Sec"},"historical-town-name":{"type":"textfield","raw":""},"event-id":{"type":"numeric","raw":"757"},"event-short":{"type":"textfield","raw":"Abl\u00f6sung W\u00fcsthoffs vom Jasta-4-Kommando"},"event-description":{"type":"wysiwyg","raw":"\u201eAm folgenden Tag traf Richthofen eine weitere Vorbereitung, als er Leutnant Kurt W\u00fcsthoff vom Kommando der Jasta 4 abl\u00f6ste. W\u00fcsthoff, ein Ass mit 27 Siegen und Tr\u00e4ger des Pour Le M\u00e9rite, wurde in den Stab des Geschwaders versetzt. Seinem Nachfolger, Leutnant Georg von der Osten, zufolge:\r\n\r\n\u201eLeutnant W\u00fcsthoff war ein \u00e4u\u00dferst schneidiger und erfolgreicher Jagdflieger. Aus diesem Grund wurde er von Richthofen im Alter von 19 Jahren zum Kommandeur der Jasta 4 ernannt!... Ich habe geh\u00f6rt, dass sie ihn dort nicht sehr mochten. Er war... sehr viel j\u00fcnger als alle seine Piloten, und er hatte eine sehr launische Art. Abgesehen davon, dass er ein sehr sympathischer Mann war, meldete er Siege, die er nicht immer kontrollierte. Deshalb hat Richthofen ihn als Staffelf\u00fchrer abgel\u00f6st.\u201c"},"event-type-id":{"type":"numeric","raw":"6"},"source-id":{"type":"numeric","raw":"68"},"source-long-in-event":{"type":"textfield","raw":"Red Baron, The Life and Death of an Ace, Peter Kilduff, A David & Charles book, 2007"},"pagenumber":{"type":"textfield","raw":"201"},"airplane-id":{"type":"textfield","raw":"0"},"combat-id":{"type":"textfield","raw":"0"},"event-type":{"type":"select","raw":"6"},"source-language":{"type":"select","raw":"1"},"picture":{"type":"image","raw":[""],"repeatable":[{"raw":""}]}}},"_links":{"self":[{"href":"https:\/\/www.meettheredbaron.com\/de\/wp-json\/wp\/v2\/event\/12106","targetHints":{"allow":["GET"]}}],"collection":[{"href":"https:\/\/www.meettheredbaron.com\/de\/wp-json\/wp\/v2\/event"}],"about":[{"href":"https:\/\/www.meettheredbaron.com\/de\/wp-json\/wp\/v2\/types\/event"}],"replies":[{"embeddable":true,"href":"https:\/\/www.meettheredbaron.com\/de\/wp-json\/wp\/v2\/comments?post=12106"}],"wp:attachment":[{"href":"https:\/\/www.meettheredbaron.com\/de\/wp-json\/wp\/v2\/media?parent=12106"}],"wp:term":[{"taxonomy":"event-type","embeddable":true,"href":"https:\/\/www.meettheredbaron.com\/de\/wp-json\/wp\/v2\/event-type?post=12106"},{"taxonomy":"source-language","embeddable":true,"href":"https:\/\/www.meettheredbaron.com\/de\/wp-json\/wp\/v2\/source-language?post=12106"},{"taxonomy":"source-id-tax","embeddable":true,"href":"https:\/\/www.meettheredbaron.com\/de\/wp-json\/wp\/v2\/source-id-tax?post=12106"}],"curies":[{"name":"wp","href":"https:\/\/api.w.org\/{rel}","templated":true}]}}

Ablösung Wüsthoffs vom Jasta-4-Kommando

<p>„Am folgenden Tag traf Richthofen eine weitere Vorbereitung, als er Leutnant Kurt Wüsthoff vom Kommando der Jasta 4 ablöste. Wüsthoff, ein Ass mit 27 Siegen und Träger des Pour Le Mérite, wurde in den Stab des Geschwaders versetzt. Seinem Nachfolger, Leutnant Georg von der Osten, zufolge:</p>



<p>„Leutnant Wüsthoff war ein äußerst schneidiger und erfolgreicher Jagdflieger. Aus diesem Grund wurde er von Richthofen im Alter von 19 Jahren zum Kommandeur der Jasta 4 ernannt!… Ich habe gehört, dass sie ihn dort nicht sehr mochten. Er war… sehr viel jünger als alle seine Piloten, und er hatte eine sehr launische Art. Abgesehen davon, dass er ein sehr sympathischer Mann war, meldete er Siege, die er nicht immer kontrollierte. Deshalb hat Richthofen ihn als Staffelführer abgelöst.“</p>

<!-- This site is optimized with the Yoast SEO plugin v26.7 - https://yoast.com/wordpress/plugins/seo/ -->
<title>Ablösung Wüsthoffs vom Jasta-4-Kommando - Meet The Red Baron</title>
<meta name="robots" content="index, follow, max-snippet:-1, max-image-preview:large, max-video-preview:-1" />
<link rel="canonical" href="https://www.meettheredbaron.com/de/event/wusthoff-relieved-of-jasta-4-command/" />
<meta property="og:locale" content="de_DE" />
<meta property="og:type" content="article" />
<meta property="og:title" content="Ablösung Wüsthoffs vom Jasta-4-Kommando - Meet The Red Baron" />
<meta property="og:description" content="„Am folgenden Tag traf Richthofen eine weitere Vorbereitung, als er Leutnant Kurt Wüsthoff vom Kommando der Jasta 4 ablöste. Wüsthoff, ein Ass mit 27 Siegen und Träger des Pour Le Mérite, wurde in den Stab des Geschwaders versetzt. Seinem Nachfolger, Leutnant Georg von der Osten, zufolge: „Leutnant Wüsthoff war ein äußerst schneidiger und erfolgreicher Jagdflieger.&hellip;" />
<meta property="og:url" content="https://www.meettheredbaron.com/de/event/wusthoff-relieved-of-jasta-4-command/" />
<meta property="og:site_name" content="Meet The Red Baron" />
<meta property="article:modified_time" content="2024-10-20T08:36:07+00:00" />
<script type="application/ld+json" class="yoast-schema-graph">{"@context":"https://schema.org","@graph":[{"@type":"WebPage","@id":"https://www.meettheredbaron.com/de/event/wusthoff-relieved-of-jasta-4-command/","url":"https://www.meettheredbaron.com/de/event/wusthoff-relieved-of-jasta-4-command/","name":"Ablösung Wüsthoffs vom Jasta-4-Kommando - Meet The Red Baron","isPartOf":{"@id":"https://www.meettheredbaron.com/de/#website"},"datePublished":"2024-07-19T10:53:02+00:00","dateModified":"2024-10-20T08:36:07+00:00","breadcrumb":{"@id":"https://www.meettheredbaron.com/de/event/wusthoff-relieved-of-jasta-4-command/#breadcrumb"},"inLanguage":"de","potentialAction":[{"@type":"ReadAction","target":["https://www.meettheredbaron.com/de/event/wusthoff-relieved-of-jasta-4-command/"]}]},{"@type":"BreadcrumbList","@id":"https://www.meettheredbaron.com/de/event/wusthoff-relieved-of-jasta-4-command/#breadcrumb","itemListElement":[{"@type":"ListItem","position":1,"name":"Home","item":"https://www.meettheredbaron.com/de/"},{"@type":"ListItem","position":2,"name":"Events","item":"https://www.meettheredbaron.com/de/event/"},{"@type":"ListItem","position":3,"name":"Ablösung Wüsthoffs vom Jasta-4-Kommando"}]},{"@type":"WebSite","@id":"https://www.meettheredbaron.com/de/#website","url":"https://www.meettheredbaron.com/de/","name":"Meet The Red Baron","description":"The life and death of Manfred von Richthofen.","publisher":{"@id":"https://www.meettheredbaron.com/de/#/schema/person/fd320c77882d0d84e4b88ef15120767f"},"potentialAction":[{"@type":"SearchAction","target":{"@type":"EntryPoint","urlTemplate":"https://www.meettheredbaron.com/de/?s={search_term_string}"},"query-input":{"@type":"PropertyValueSpecification","valueRequired":true,"valueName":"search_term_string"}}],"inLanguage":"de"},{"@type":["Person","Organization"],"@id":"https://www.meettheredbaron.com/de/#/schema/person/fd320c77882d0d84e4b88ef15120767f","name":"heinpoblome","image":{"@type":"ImageObject","inLanguage":"de","@id":"https://www.meettheredbaron.com/de/#/schema/person/image/","url":"https://www.meettheredbaron.com/wp-content/uploads/2021/12/266-scaled.jpg","contentUrl":"https://www.meettheredbaron.com/wp-content/uploads/2021/12/266-scaled.jpg","width":1850,"height":2560,"caption":"heinpoblome"},"logo":{"@id":"https://www.meettheredbaron.com/de/#/schema/person/image/"},"sameAs":["http://www.meettheredbaron.com"]}]}</script>
<!-- / Yoast SEO plugin. -->

Ablösung Wüsthoffs vom Jasta-4-Kommando - Meet The Red Baron

„Am folgenden Tag traf Richthofen eine weitere Vorbereitung, als er Leutnant Kurt Wüsthoff vom Kommando der Jasta 4 ablöste. Wüsthoff, ein Ass mit 27 Siegen und Träger des Pour Le Mérite, wurde in den Stab des Geschwaders versetzt. Seinem Nachfolger, Leutnant Georg von der Osten, zufolge: „Leutnant Wüsthoff war ein äußerst schneidiger und erfolgreicher Jagdflieger.&hellip;

„Am folgenden Tag traf Richthofen eine weitere Vorbereitung, als er Leutnant Kurt Wüsthoff vom Kommando der Jasta 4 ablöste. Wüsthoff, ein Ass mit 27 Siegen und Träger des Pour Le Mérite, wurde in den Stab des Geschwaders versetzt. Seinem Nachfolger, Leutnant Georg von der Osten, zufolge:

„Leutnant Wüsthoff war ein äußerst schneidiger und erfolgreicher Jagdflieger. Aus diesem Grund wurde er von Richthofen im Alter von 19 Jahren zum Kommandeur der Jasta 4 ernannt!... Ich habe gehört, dass sie ihn dort nicht sehr mochten. Er war... sehr viel jünger als alle seine Piloten, und er hatte eine sehr launische Art. Abgesehen davon, dass er ein sehr sympathischer Mann war, meldete er Siege, die er nicht immer kontrollierte. Deshalb hat Richthofen ihn als Staffelführer abgelöst.“
